000
CXUS54 KAMA 291015
CF6BGD
PRELIMINARY LOCAL CLIMATOLOGICAL DATA (WS FORM: F-6)

                                          STATION:   BORGER
                                          MONTH:     APRIL
                                          YEAR:      2017
                                          LATITUDE:   35 42 N
                                          LONGITUDE: 101 24 W

  TEMPERATURE IN F:       :PCPN:    SNOW:  WIND      :SUNSHINE: SKY     :PK WND
================================================================================
1   2   3   4   5  6A  6B    7    8   9   10  11  12  13   14  15   16   17  18
                                     12Z  AVG MX 2MIN
DY MAX MIN AVG DEP HDD CDD  WTR  SNW DPTH SPD SPD DIR MIN PSBL S-S WX    SPD DR
================================================================================

 1  46  42  44 -11  21   0 0.10  0.0    0 13.0 24  30   M    M  10 13     31  20
 2  61  41  51  -4  14   0 0.00  0.0    0  6.4 16  20   M    M   6        19  20
 3  73  41  57   2   8   0 0.07    M    0  9.7 26  40   M    M   2 1      35  30
 4  51  38  45 -10  20   0 0.19  0.0    0 15.9 28 340   M    M   8 1      35 340
 5  59  39  49  -7  16   0 0.00  0.0    0 11.9 24 350   M    M   0        33 340
 6  72  37  55  -1  10   0 0.00  0.0    0  5.4 15 180   M    M   0        20 180
 7  82  46  64   8   1   0 0.00  0.0    0 14.9 26 200   M    M   0        36 200
 8  89  57  73  16   0   8 0.00  0.0    0 13.3 24 240   M    M   0        33 210
 9  85  57  71  14   0   6 0.00  0.0    0 14.4 37 230   M    M   0        48 250
10  69  48  59   2   6   0 0.00  0.0    0  9.1 22  30   M    M   0        28  30
11  75  45  60   3   5   0 0.00  0.0    0 10.1 20 160   M    M   0        27 160
12  72  54  63   5   2   0 0.00  0.0    0 11.7 22 180   M    M   1        30 180
13  79  56  68  10   0   3 0.00  0.0    0 11.4 24 170   M    M   4        33 140
14  82  60  71  13   0   6    T  0.0    0 17.1 31 160   M    M   3 3      43 160
15  90  61  76  18   0  11 0.00  0.0    0 18.1 35 180   M    M   0        47 190
16  83  54  69  10   0   4 0.00  0.0    0 13.3 22 360   M    M   2        30 180
17  79  56  68   9   0   3 0.00  0.0    0  9.6 20 160   M    M   5 12     27 140
18  88  57  73  14   0   8 0.00  0.0    0 15.7 31 160   M    M   0        43 170
19  93  60  77  17   0  12 0.00  0.0    0 16.2 29 210   M    M   0        38 220
20  74  58  66   6   0   1 0.00  0.0    0 17.0 37  30   M    M   3        46  40
21  60  47  54  -6  11   0 0.49    M    0 12.2 23  70   M    M  10 13     30  80
22  60  42  51  -9  14   0 0.00  0.0    0 12.9 21  30   M    M   5        27 360
23  73  39  56  -5   9   0 0.00  0.0    0 10.2 22 160   M    M   0        29 160
24  90  52  71  10   0   6 0.00  0.0    0 12.1 23 230   M    M   0        33 220
25  75  52  64   3   1   0 0.07  0.0    0 10.7 21  40   M    M   3 13     29 220
26  63  40  52 -10  13   0 0.07    M    0 13.3 29 360   M    M   4 1      36  10
27  79  49  64   2   1   0    T    M    0 14.2 31 180   M    M   2        44 260
28  71  43  57  -5   8   0 0.67  0.0    0  9.7 30 260   M    M   6 13     40 260
================================================================================
SM 2073 1371       160  68  1.66     0.0 349.5          M       74
================================================================================
AV 74.0 49.0                              12.5 FASTST   M    M   3    MAX(MPH)
                                 MISC ---->  # 37 230               # 48  250
================================================================================
NOTES:
# LAST OF SEVERAL OCCURRENCES

COLUMN 17 PEAK WIND IN M.P.H.

PRELIMINARY LOCAL CLIMATOLOGICAL DATA (WS FORM: F-6) , PAGE 2

                                          STATION:  BORGER
                                          MONTH:    APRIL
                                          YEAR:     2017
                                          LATITUDE:   35 42 N
                                          LONGITUDE: 101 24 W

[TEMPERATURE DATA]      [PRECIPITATION DATA]       SYMBOLS USED IN COLUMN 16

AVERAGE MONTHLY: 61.5   TOTAL FOR MONTH:   1.66    1 = FOG OR MIST
DPTR FM NORMAL:   3.1   DPTR FM NORMAL:    0.20    2 = FOG REDUCING VISIBILITY
HIGHEST:    93 ON 19    GRTST 24HR  0.67 ON 28-28      TO 1/4 MILE OR LESS
LOWEST:     37 ON  6                               3 = THUNDER
                        SNOW, ICE PELLETS, HAIL    4 = ICE PELLETS
                        TOTAL MONTH:   0.0 INCH    5 = HAIL
                        GRTST 24HR     0.0         6 = FREEZING RAIN OR DRIZZLE
                        GRTST DEPTH:   0           7 = DUSTSTORM OR SANDSTORM:
                                                       VSBY 1/2 MILE OR LESS
                                                   8 = SMOKE OR HAZE
[NO. OF DAYS WITH]      [WEATHER - DAYS WITH]      9 = BLOWING SNOW
                                                   X = TORNADO
MAX 32 OR BELOW:   0    0.01 INCH OR MORE:   7
MAX 90 OR ABOVE:   3    0.10 INCH OR MORE:   4
MIN 32 OR BELOW:   0    0.50 INCH OR MORE:   1
MIN  0 OR BELOW:   0    1.00 INCH OR MORE:   0

[HDD (BASE 65) ]
TOTAL THIS MO.   160    CLEAR  (SCALE 0-3)  19
DPTR FM NORMAL   -58    PTCLDY (SCALE 4-7)   7
TOTAL FM JUL 1  2793    CLOUDY (SCALE 8-10)  2
DPTR FM NORMAL  -902

[CDD (BASE 65) ]
TOTAL THIS MO.    68
DPTR FM NORMAL    35    [PRESSURE DATA]
TOTAL FM JAN 1   115    HIGHEST SLP M ON M
DPTR FM NORMAL    75    LOWEST  SLP 29.25 ON 25

[REMARKS]
