000
CXUS51 KBGM 290800
CF6BGM
PRELIMINARY LOCAL CLIMATOLOGICAL DATA (WS FORM: F-6)

                                          STATION:   BINGHAMTON NY
                                          MONTH:     JUNE
                                          YEAR:      2015
                                          LATITUDE:   42 13 N
                                          LONGITUDE:  75 59 W

  TEMPERATURE IN F:       :PCPN:    SNOW:  WIND      :SUNSHINE: SKY     :PK WND
================================================================================
1   2   3   4   5  6A  6B    7    8   9   10  11  12  13   14  15   16   17  18
                                     12Z  AVG MX 2MIN
DY MAX MIN AVG DEP HDD CDD  WTR  SNW DPTH SPD SPD DIR MIN PSBL S-S WX    SPD DR
================================================================================

 1  57  51  54  -7  11   0 0.39  0.0    0  6.1 13 130   M    M  10 12     15 130
 2  58  49  54  -7  11   0 0.01  0.0    0  7.1 13 360   M    M   9 12     16 360
 3  69  43  56  -5   9   0 0.00  0.0    0  3.9 12  80   M    M   3 12     14 120
 4  69  49  59  -3   6   0    T  0.0    0  7.7 15 150   M    M   5        21 150
 5  77  55  66   4   0   1 0.17  0.0    0  5.5 14 300   M    M   9 13     20 300
 6  67  49  58  -4   7   0 0.07  0.0    0 10.9 20  10   M    M   5 13     27  20
 7  73  41  57  -5   8   0 0.00  0.0    0 10.0 21 220   M    M   2        29 200
 8  72  59  66   3   0   1 1.23  0.0    0  9.5 21 200   M    M   8 13     29 210
 9  70  55  63   0   2   0 0.37  0.0    0  8.6 22 270   M    M   8 13     30 280
10  76  53  65   2   0   0 0.00  0.0    0  9.2 18 230   M    M   2 12     28 220
11  79  62  71   7   0   6 0.00  0.0    0  6.9 16 280   M    M   2 18     22 280
12  84  59  72   8   0   7 0.41  0.0    0  8.6 30 290   M    M   3 13     47 290
13  75  57  66   2   0   1 0.02  0.0    0  6.5 16 360   M    M   4 1      23 310
14  78  58  68   4   0   3 2.74  0.0    0  5.5 12 120   M    M   5 1      14 150
15  80  68  74  10   0   9 0.07  0.0    0  7.3 16 250   M    M   5 1      21 250
16  78  62  70   5   0   5 0.36  0.0    0  9.1 20 330   M    M   5 1      28 350
17  73  56  65   0   0   0 0.00  0.0    0  5.0 12  10   M    M   1        15  10
18  68  60  64  -1   1   0    T  0.0    0  6.4 10 180   M    M   8 1      14 160
19  73  54  64  -2   1   0 0.00  0.0    0  8.0 17 350   M    M   5 1      22 340
20  70  51  61  -5   4   0 0.62  0.0    0  8.5 15 150   M    M   8 1      19 140
21  80  63  72   6   0   7 0.11  0.0    0  6.4 17 280   M    M   6 12     22 280
22  79  59  69   3   0   4 0.00  0.0    0  6.0 14 270   M    M   1        18 290
23  81  60  71   5   0   6 0.23  0.0    0 12.3 25 260   M    M   3 13     34 250
24  73  55  64  -3   1   0 0.00  0.0    0  6.3 15 350   M    M   3        22 340
25  74  55  65  -2   0   0 0.00  0.0    0  5.8 12 280   M    M   2        15 280
26  74  55  65  -2   0   0 0.00  0.0    0  6.5 14  40   M    M   5 12     19 340
27  63  52  58  -9   7   0 1.01  0.0    0 13.6 28 120   M    M   8 1      36 150
28  63  52  58  -9   7   0 0.82  0.0    0  7.0 24 120   M    M  10 12     32 120
================================================================================
SM 2033 1542        75  50  8.63     0.0 214.2          M      145
================================================================================
AV 72.6 55.1                               7.7 FASTST   M    M   5    MAX(MPH)
                                 MISC ---->  # 30 290               # 47  290
================================================================================
NOTES:
# LAST OF SEVERAL OCCURRENCES

COLUMN 17 PEAK WIND IN M.P.H.

PRELIMINARY LOCAL CLIMATOLOGICAL DATA (WS FORM: F-6) , PAGE 2

                                          STATION:  BINGHAMTON NY
                                          MONTH:    JUNE
                                          YEAR:     2015
                                          LATITUDE:   42 13 N
                                          LONGITUDE:  75 59 W

[TEMPERATURE DATA]      [PRECIPITATION DATA]       SYMBOLS USED IN COLUMN 16

AVERAGE MONTHLY: 63.8   TOTAL FOR MONTH:   8.63    1 = FOG OR MIST
DPTR FM NORMAL:  -0.4   DPTR FM NORMAL:    4.60    2 = FOG REDUCING VISIBILITY
HIGHEST:    84 ON 12    GRTST 24HR  2.81 ON 14-15      TO 1/4 MILE OR LESS
LOWEST:     41 ON  7                               3 = THUNDER
                        SNOW, ICE PELLETS, HAIL    4 = ICE PELLETS
                        TOTAL MONTH:   0.0 INCH    5 = HAIL
                        GRTST 24HR     0.0         6 = FREEZING RAIN OR DRIZZLE
                        GRTST DEPTH:   0           7 = DUSTSTORM OR SANDSTORM:
                                                       VSBY 1/2 MILE OR LESS
                                                   8 = SMOKE OR HAZE
[NO. OF DAYS WITH]      [WEATHER - DAYS WITH]      9 = BLOWING SNOW
                                                   X = TORNADO
MAX 32 OR BELOW:   0    0.01 INCH OR MORE:  16
MAX 90 OR ABOVE:   0    0.10 INCH OR MORE:  12
MIN 32 OR BELOW:   0    0.50 INCH OR MORE:   5
MIN  0 OR BELOW:   0    1.00 INCH OR MORE:   3

[HDD (BASE 65) ]
TOTAL THIS MO.    75    CLEAR  (SCALE 0-3)   9
DPTR FM NORMAL   -13    PTCLDY (SCALE 4-7)  15
TOTAL FM JUL 1  7533    CLOUDY (SCALE 8-10)  4
DPTR FM NORMAL   341

[CDD (BASE 65) ]
TOTAL THIS MO.    50
DPTR FM NORMAL   -16    [PRESSURE DATA]
TOTAL FM JAN 1   123    HIGHEST SLP 30.25 ON  4
DPTR FM NORMAL    34    LOWEST  SLP 29.62 ON  9

[REMARKS]
