000
CXUS54 KBMX 201216
CF6BHM
PRELIMINARY LOCAL CLIMATOLOGICAL DATA (WS FORM: F-6)

                                          STATION:   BIRMINGHAM
                                          MONTH:     DECEMBER
                                          YEAR:      2014
                                          LATITUDE:   33 34 N
                                          LONGITUDE:  86 45 W

  TEMPERATURE IN F:       :PCPN:    SNOW:  WIND      :SUNSHINE: SKY     :PK WND
================================================================================
1   2   3   4   5  6A  6B    7    8   9   10  11  12  13   14  15   16   17  18
                                     12Z  AVG MX 2MIN
DY MAX MIN AVG DEP HDD CDD  WTR  SNW DPTH SPD SPD DIR MIN PSBL S-S WX    SPD DR
================================================================================

 1  73  52  63  14   2   0 0.00  0.0    0  4.2 12 240   M    M   4 1      17 200
 2  71  50  61  12   4   0    T  0.0    0  2.4 13 280   M    M   7        18 270
 3  71  49  60  11   5   0 0.00  0.0    0  2.3  9 340   M    M   5 1      15  90
 4  76  53  65  16   0   0 0.00  0.0    0  3.5 15 240   M    M   5        18 250
 5  73  58  66  18   0   1 0.18  0.0    0  6.5 16 180   M    M   7 1      22 130
 6  69  48  59  11   6   0 1.61  0.0    0 12.2 25 360   M    M   8 138    32 350
 7  58  44  51   3  14   0 0.00  0.0    0  8.9 18  10   M    M   8        23  20
 8  54  38  46  -2  19   0 0.00  0.0    0  3.8 14 130   M    M   6        18 120
 9  60  34  47   0  18   0 0.00  0.0    0  7.8 26 350   M    M   3        33 360
10  48  29  39  -8  26   0 0.00  0.0    0  5.8 21 360   M    M   2        25 360
11  52  27  40  -7  25   0 0.00  0.0    0  3.7 13 330   M    M   0 18     17 350
12  57  28  43  -4  22   0 0.00  0.0    0  2.8 12 350   M    M   0 18     14 360
13  55  28  42  -4  23   0 0.00  0.0    0  5.4 17 340   M    M   3 1      22 330
14  59  32  46   0  19   0 0.00  0.0    0  4.5 20  10   M    M   3 1      25  10
15  63  34  49   3  16   0 0.10  0.0    0  4.8 21 190   M    M   5 18     31 190
16  63  36  50   4  15   0 0.17  0.0    0  9.2 20 270   M    M   3 1      26 260
17  46  32  39  -7  26   0 0.00  0.0    0  2.7 10 350   M    M   5        13 360
18  49  32  41  -4  24   0    T  0.0    0  2.4  9  40   M    M   6        11  40
19  48  32  40  -5  25   0 0.13  0.0    0  2.7 12 350   M    M   8 1      14 360
================================================================================
SM 1145  736       289   1  2.19     0.0  95.6          M       88
================================================================================
AV 60.3 38.7                               5.0 FASTST   M    M   5    MAX(MPH)
                                 MISC ---->  # 26 350               # 33  360
================================================================================
NOTES:
# LAST OF SEVERAL OCCURRENCES

COLUMN 17 PEAK WIND IN M.P.H.

PRELIMINARY LOCAL CLIMATOLOGICAL DATA (WS FORM: F-6) , PAGE 2

                                          STATION:  BIRMINGHAM
                                          MONTH:    DECEMBER
                                          YEAR:     2014
                                          LATITUDE:   33 34 N
                                          LONGITUDE:  86 45 W

[TEMPERATURE DATA]      [PRECIPITATION DATA]       SYMBOLS USED IN COLUMN 16

AVERAGE MONTHLY: 49.5   TOTAL FOR MONTH:   2.19    1 = FOG OR MIST
DPTR FM NORMAL:   2.3   DPTR FM NORMAL:   -0.68    2 = FOG REDUCING VISIBILITY
HIGHEST:    76 ON  4    GRTST 24HR  1.71 ON  5- 6      TO 1/4 MILE OR LESS
LOWEST:     27 ON 11                               3 = THUNDER
                        SNOW, ICE PELLETS, HAIL    4 = ICE PELLETS
                        TOTAL MONTH:   0.0 INCH    5 = HAIL
                        GRTST 24HR     0.0         6 = FREEZING RAIN OR DRIZZLE
                        GRTST DEPTH:   0           7 = DUSTSTORM OR SANDSTORM:
                                                       VSBY 1/2 MILE OR LESS
                                                   8 = SMOKE OR HAZE
[NO. OF DAYS WITH]      [WEATHER - DAYS WITH]      9 = BLOWING SNOW
                                                   X = TORNADO
MAX 32 OR BELOW:   0    0.01 INCH OR MORE:   5
MAX 90 OR ABOVE:   0    0.10 INCH OR MORE:   5
MIN 32 OR BELOW:   8    0.50 INCH OR MORE:   1
MIN  0 OR BELOW:   0    1.00 INCH OR MORE:   1

[HDD (BASE 65) ]
TOTAL THIS MO.   289    CLEAR  (SCALE 0-3)   6
DPTR FM NORMAL   -53    PTCLDY (SCALE 4-7)  11
TOTAL FM JUL 1   851    CLOUDY (SCALE 8-10)  2
DPTR FM NORMAL    51

[CDD (BASE 65) ]
TOTAL THIS MO.     1
DPTR FM NORMAL     1    [PRESSURE DATA]
TOTAL FM JAN 1  2144    HIGHEST SLP M ON M
DPTR FM NORMAL    89    LOWEST  SLP 29.93 ON M

[REMARKS]
