354
CXUS55 KVEF 250940
CF6BIH
PRELIMINARY LOCAL CLIMATOLOGICAL DATA (WS FORM: F-6)

                                          STATION:   BISHOP CA
                                          MONTH:     APRIL
                                          YEAR:      2017
                                          LATITUDE:   37 22 N
                                          LONGITUDE: 118 22 W

  TEMPERATURE IN F:       :PCPN:    SNOW:  WIND      :SUNSHINE: SKY     :PK WND
================================================================================
1   2   3   4   5  6A  6B    7    8   9   10  11  12  13   14  15   16   17  18
                                     12Z  AVG MX 2MIN
DY MAX MIN AVG DEP HDD CDD  WTR  SNW DPTH SPD SPD DIR MIN PSBL S-S WX    SPD DR
================================================================================

 1  75  34  55   4  10   0 0.00  0.0    0 10.2 21  10   M    M   0        28 360
 2  80  35  58   7   7   0 0.00  0.0    0  7.8 25 350   M    M   1        33 350
 3  69  34  52   0  13   0 0.00  0.0    0 15.4 37 360   M    M   0        50 360
 4  73  31  52   0  13   0 0.00  0.0    0  7.3 20 160   M    M   1        25 150
 5  77  38  58   6   7   0 0.00  0.0    0 14.3 31 140   M    M   0        37 150
 6  74  54  64  12   1   0 0.00  0.0    0 13.1 33 260   M    M   2        44 260
 7  58  44  51  -1  14   0 0.90    M    0  7.2 23 140   M    M  10 1      28 140
 8  57  36  47  -5  18   0 0.00  0.0    0 13.0 29 360   M    M   2        38 360
 9  60  26  43 -10  22   0 0.00  0.0    0  4.6 13 340   M    M   0        15 330
10  68  30  49  -4  16   0 0.00  0.0    0  5.7 10 170   M    M   0         M  M
11  71  34  53   0  12   0 0.00  0.0    0  5.6 16 360   M    M   1        21 360
12  76  33  55   2  10   0 0.00  0.0    0 11.2 30 170   M    M   0        37 150
13  71  38  55   1  10   0 0.00  0.0    0 14.2 35 310   M    M   0        54 320
14  69  37  53  -1  12   0 0.00  0.0    0  6.7 15 340   M    M   0        20 340
15  74  36  55   1  10   0 0.00  0.0    0  8.2 21 160   M    M   0        27 160
16  78  35  57   3   8   0    T  0.0    0  9.5 28 220   M    M   1        35 210
17  77  42  60   5   5   0 0.00  0.0    0  7.9 20 230   M    M   5        26 220
18  68  42  55   0  10   0 0.02  0.0    0  7.8 20 340   M    M   4        27 350
19  72  32  52  -3  13   0 0.00  0.0    0  5.8 17 250   M    M   0        21 240
20  76  37  57   1   8   0 0.00  0.0    0 10.4 24 350   M    M   0        32 350
21  80  45  63   7   2   0 0.00  0.0    0  8.5 21  10   M    M   0        25 350
22  83  36  60   4   5   0 0.00  0.0    0  9.7 24 160   M    M   0        31 150
23  78  39  59   3   6   0 0.00  0.0    0 10.8 23 240   M    M   0        34 360
24  76  41  59   2   6   0 0.00  0.0    0 15.1 31  10   M    M   4        41  10
================================================================================
SM 1740  889       238   0  0.92     0.0 230.0          M       31
================================================================================
AV 72.5 37.0                               9.6 FASTST   M    M   1    MAX(MPH)
                                 MISC ---->  # 37 360               # 54  320
================================================================================
NOTES:
# LAST OF SEVERAL OCCURRENCES

COLUMN 17 PEAK WIND IN M.P.H.

PRELIMINARY LOCAL CLIMATOLOGICAL DATA (WS FORM: F-6) , PAGE 2

                                          STATION:  BISHOP CA
                                          MONTH:    APRIL
                                          YEAR:     2017
                                          LATITUDE:   37 22 N
                                          LONGITUDE: 118 22 W

[TEMPERATURE DATA]      [PRECIPITATION DATA]       SYMBOLS USED IN COLUMN 16

AVERAGE MONTHLY: 54.8   TOTAL FOR MONTH:   0.92    1 = FOG OR MIST
DPTR FM NORMAL:   1.1   DPTR FM NORMAL:    0.69    2 = FOG REDUCING VISIBILITY
HIGHEST:    83 ON 22    GRTST 24HR  0.90 ON  6- 7      TO 1/4 MILE OR LESS
LOWEST:     26 ON  9                               3 = THUNDER
                        SNOW, ICE PELLETS, HAIL    4 = ICE PELLETS
                        TOTAL MONTH:   0.0 INCH    5 = HAIL
                        GRTST 24HR     0.0         6 = FREEZING RAIN OR DRIZZLE
                        GRTST DEPTH:   0           7 = DUSTSTORM OR SANDSTORM:
                                                       VSBY 1/2 MILE OR LESS
                                                   8 = SMOKE OR HAZE
[NO. OF DAYS WITH]      [WEATHER - DAYS WITH]      9 = BLOWING SNOW
                                                   X = TORNADO
MAX 32 OR BELOW:   0    0.01 INCH OR MORE:   2
MAX 90 OR ABOVE:   0    0.10 INCH OR MORE:   1
MIN 32 OR BELOW:   4    0.50 INCH OR MORE:   1
MIN  0 OR BELOW:   0    1.00 INCH OR MORE:   0

[HDD (BASE 65) ]
TOTAL THIS MO.   238    CLEAR  (SCALE 0-3)  20
DPTR FM NORMAL   -36    PTCLDY (SCALE 4-7)   3
TOTAL FM JUL 1  3647    CLOUDY (SCALE 8-10)  1
DPTR FM NORMAL  -350

[CDD (BASE 65) ]
TOTAL THIS MO.     0
DPTR FM NORMAL     0    [PRESSURE DATA]
TOTAL FM JAN 1     0    HIGHEST SLP M ON M
DPTR FM NORMAL     0    LOWEST  SLP 29.57 ON 13

[REMARKS]
