000
CXUS55 KVEF 200940
CF6BIH
PRELIMINARY LOCAL CLIMATOLOGICAL DATA (WS FORM: F-6)

                                          STATION:   BISHOP CA
                                          MONTH:     NOVEMBER
                                          YEAR:      2017
                                          LATITUDE:   37 22 N
                                          LONGITUDE: 118 22 W

  TEMPERATURE IN F:       :PCPN:    SNOW:  WIND      :SUNSHINE: SKY     :PK WND
================================================================================
1   2   3   4   5  6A  6B    7    8   9   10  11  12  13   14  15   16   17  18
                                     12Z  AVG MX 2MIN
DY MAX MIN AVG DEP HDD CDD  WTR  SNW DPTH SPD SPD DIR MIN PSBL S-S WX    SPD DR
================================================================================

 1  72  33  53   2  12   0 0.00  0.0    0  5.6 17 180   M    M   0        23 150
 2  68  31  50   0  15   0 0.00  0.0    0 11.1 26 170   M    M   0        33 170
 3  61  34  48  -2  17   0 0.00  0.0    0  7.6 23 160   M    M   2        29 150
 4  70  27  49  -1  16   0 0.00  0.0    0  7.0 28 250   M    M   0 8      34 250
 5  69  26  48  -1  17   0 0.00  0.0    0  3.2 12 330   M    M   0        11 330
 6  66  25  46  -3  19   0 0.00  0.0    0  6.7 17 160   M    M   0        22 160
 7  66  21  44  -4  21   0 0.00    M    0  5.6 12 310   M    M   0        14 190
 8  65  25  45  -3  20   0 0.00  0.0    0  5.6 20 160   M    M   0        25 150
 9  70  28  49   1  16   0 0.00  0.0    0  5.9 16 170   M    M   0        21 170
10  65  26  46  -1  19   0 0.00  0.0    0  4.5 10 360   M    M   0        13  10
11  66  21  44  -3  21   0 0.00  0.0    0  7.1 15 170   M    M   0        19 180
12  64  27  46   0  19   0 0.00  0.0    0  4.6 10 320   M    M   0        12 200
13  66  24  45  -1  20   0 0.00  0.0    0  4.4 12 330   M    M   0        13 340
14  72  29  51   5  14   0 0.00  0.0    0  5.4 16 170   M    M   0        21 160
15  72  28  50   5  15   0 0.00  0.0    0  7.0 29 250   M    M   2        38 250
16  66  40  53   8  12   0    T    M    0 11.9 25 150   M    M   6        35 150
17  65  38  52   8  13   0 0.16    M    0 11.0 26 350   M    M   3 1      37 360
18  56  26  41  -3  24   0 0.00  0.0    0  5.1 12 330   M    M   0        15 330
19  59  24  42  -2  23   0 0.00  0.0    0  4.2  8 310   M    M   0 18     11 130
================================================================================
SM 1258  533       333   0  0.16     0.0 123.5          M       13
================================================================================
AV 66.2 28.1                               6.5 FASTST   M    M   1    MAX(MPH)
                                 MISC ---->  # 29 250               # 38  250
================================================================================
NOTES:
# LAST OF SEVERAL OCCURRENCES

COLUMN 17 PEAK WIND IN M.P.H.

PRELIMINARY LOCAL CLIMATOLOGICAL DATA (WS FORM: F-6) , PAGE 2

                                          STATION:  BISHOP CA
                                          MONTH:    NOVEMBER
                                          YEAR:     2017
                                          LATITUDE:   37 22 N
                                          LONGITUDE: 118 22 W

[TEMPERATURE DATA]      [PRECIPITATION DATA]       SYMBOLS USED IN COLUMN 16

AVERAGE MONTHLY: 47.1   TOTAL FOR MONTH:   0.16    1 = FOG OR MIST
DPTR FM NORMAL:  -0.1   DPTR FM NORMAL:   -0.16    2 = FOG REDUCING VISIBILITY
HIGHEST:    72 ON 15,14 GRTST 24HR  0.16 ON 17-17      TO 1/4 MILE OR LESS
LOWEST:     21 ON 11, 7                            3 = THUNDER
                        SNOW, ICE PELLETS, HAIL    4 = ICE PELLETS
                        TOTAL MONTH:   0.0 INCH    5 = HAIL
                        GRTST 24HR     0.0         6 = FREEZING RAIN OR DRIZZLE
                        GRTST DEPTH:   0           7 = DUSTSTORM OR SANDSTORM:
                                                       VSBY 1/2 MILE OR LESS
                                                   8 = SMOKE OR HAZE
[NO. OF DAYS WITH]      [WEATHER - DAYS WITH]      9 = BLOWING SNOW
                                                   X = TORNADO
MAX 32 OR BELOW:   0    0.01 INCH OR MORE:   1
MAX 90 OR ABOVE:   0    0.10 INCH OR MORE:   1
MIN 32 OR BELOW:  15    0.50 INCH OR MORE:   0
MIN  0 OR BELOW:   0    1.00 INCH OR MORE:   0

[HDD (BASE 65) ]
TOTAL THIS MO.   333    CLEAR  (SCALE 0-3)  17
DPTR FM NORMAL    -4    PTCLDY (SCALE 4-7)   2
TOTAL FM JUL 1   642    CLOUDY (SCALE 8-10)  0
DPTR FM NORMAL    -2

[CDD (BASE 65) ]
TOTAL THIS MO.     0
DPTR FM NORMAL     0    [PRESSURE DATA]
TOTAL FM JAN 1  1407    HIGHEST SLP M ON M
DPTR FM NORMAL   303    LOWEST  SLP 29.71 ON 16

[REMARKS]
