000
CXUS55 KBYZ 201055
CF6BIL
PRELIMINARY LOCAL CLIMATOLOGICAL DATA (WS FORM: F-6)

                                          STATION:   BILLINGS MT
                                          MONTH:     JANUARY
                                          YEAR:      2017
                                          LATITUDE:   45 47 N
                                          LONGITUDE: 108 32 W

  TEMPERATURE IN F:       :PCPN:    SNOW:  WIND      :SUNSHINE: SKY     :PK WND
================================================================================
1   2   3   4   5  6A  6B    7    8   9   10  11  12  13   14  15   16   17  18
                                     12Z  AVG MX 2MIN
DY MAX MIN AVG DEP HDD CDD  WTR  SNW DPTH SPD SPD DIR MIN PSBL S-S WX    SPD DR
================================================================================

 1  18   6  12 -14  53   0 0.04  1.4    8  9.5 21  10   M    M   7 19     27  30
 2   7  -6   1 -25  64   0 0.08  1.7   10  6.6 16 360   M    M   9 1      20 360
 3   3  -9  -3 -29  68   0    T    T   10  7.1 15 220   M    M   5 1      17 220
 4   7  -9  -1 -27  66   0    T    T   10 11.7 17 300   M    M   4        21 220
 5   5 -10  -2 -28  67   0 0.00  0.0    9 20.4 32 230   M    M   2 8      39 230
 6  14   3   9 -17  56   0 0.00  0.0    8 18.1 35 240   M    M   6 8      39 230
 7  18  -4   7 -19  58   0    T    T    8  5.9 15 210   M    M   5        16 210
 8  14   6  10 -16  55   0 0.00  0.0    8  8.4 17  20   M    M   9        17  20
 9  21   8  15 -12  50   0 0.06  0.7    7  8.1 23  40   M    M   9 1      28  40
10  19  -1   9 -18  56   0 0.06  1.0    8 10.6 25  20   M    M   8 189    25  20
11   6  -1   3 -24  62   0 0.06  1.4   10  8.6 24 240   M    M   8 18     28 240
12  12   2   7 -20  58   0 0.00  0.0    9 12.9 28 240   M    M   3 89     32 240
13  25   8  17 -10  48   0 0.00  0.0    9 18.2 25 230   M    M   0        29 230
14  26  10  18  -9  47   0 0.00  0.0    8 20.2 28 250   M    M   2        33 240
15  30  14  22  -5  43   0 0.00  0.0    8 20.9 29 240   M    M   1        32 240
16  27  13  20  -7  45   0 0.00  0.0    7 21.5 30 240   M    M   1        36 250
17  37  23  30   3  35   0 0.00  0.0    7 25.6 36 240   M    M   3        42 230
18  45  30  38  11  27   0 0.00  0.0    6 20.5 35 240   M    M   2        40 240
19  43  32  38  11  27   0 0.01  0.0    4 14.0 24 240   M    M   6        27 240
================================================================================
SM  377  115       985   0  0.31     6.2 268.8          M       90
================================================================================
AV 19.8  6.1                              14.1 FASTST   M    M   5    MAX(MPH)
                                 MISC ---->  # 36 240               # 42  230
================================================================================
NOTES:
# LAST OF SEVERAL OCCURRENCES

COLUMN 17 PEAK WIND IN M.P.H.

PRELIMINARY LOCAL CLIMATOLOGICAL DATA (WS FORM: F-6) , PAGE 2

                                          STATION:  BILLINGS MT
                                          MONTH:    JANUARY
                                          YEAR:     2017
                                          LATITUDE:   45 47 N
                                          LONGITUDE: 108 32 W

[TEMPERATURE DATA]      [PRECIPITATION DATA]       SYMBOLS USED IN COLUMN 16

AVERAGE MONTHLY: 13.0   TOTAL FOR MONTH:   0.31    1 = FOG OR MIST
DPTR FM NORMAL: -13.6   DPTR FM NORMAL:    0.02    2 = FOG REDUCING VISIBILITY
HIGHEST:    45 ON 18    GRTST 24HR  0.12 ON 10-11      TO 1/4 MILE OR LESS
LOWEST:    -10 ON  5                               3 = THUNDER
                        SNOW, ICE PELLETS, HAIL    4 = ICE PELLETS
                        TOTAL MONTH:   6.2 INCHES  5 = HAIL
                        GRTST 24HR   1.7 ON   M    6 = FREEZING RAIN OR DRIZZLE
                        GRTST DEPTH:  10 ON 11, 4  7 = DUSTSTORM OR SANDSTORM:
                                                       VSBY 1/2 MILE OR LESS
                                                   8 = SMOKE OR HAZE
[NO. OF DAYS WITH]      [WEATHER - DAYS WITH]      9 = BLOWING SNOW
                                                   X = TORNADO
MAX 32 OR BELOW:  16    0.01 INCH OR MORE:   6
MAX 90 OR ABOVE:   0    0.10 INCH OR MORE:   0
MIN 32 OR BELOW:  19    0.50 INCH OR MORE:   0
MIN  0 OR BELOW:   7    1.00 INCH OR MORE:   0

[HDD (BASE 65) ]
TOTAL THIS MO.   985    CLEAR  (SCALE 0-3)   6
DPTR FM NORMAL   256    PTCLDY (SCALE 4-7)   9
TOTAL FM JUL 1  3671    CLOUDY (SCALE 8-10)  4
DPTR FM NORMAL   121

[CDD (BASE 65) ]
TOTAL THIS MO.     0
DPTR FM NORMAL     0    [PRESSURE DATA]
TOTAL FM JAN 1     0    HIGHEST SLP M ON M
DPTR FM NORMAL     0    LOWEST  SLP 29.46 ON  9

[REMARKS]
