000
CXUS56 KBOI 171002
CF6BKE
PRELIMINARY LOCAL CLIMATOLOGICAL DATA (WS FORM: F-6)

                                          STATION:   BAKER OR
                                          MONTH:     JANUARY
                                          YEAR:      2018
                                          LATITUDE:   44 50 N
                                          LONGITUDE: 117 49 W

  TEMPERATURE IN F:       :PCPN:    SNOW:  WIND      :SUNSHINE: SKY     :PK WND
================================================================================
1   2   3   4   5  6A  6B    7    8   9   10  11  12  13   14  15   16   17  18
                                     12Z  AVG MX 2MIN
DY MAX MIN AVG DEP HDD CDD  WTR  SNW DPTH SPD SPD DIR MIN PSBL S-S WX    SPD DR
================================================================================

 1  38  11  25   1  40   0 0.00    M    M  1.2  7 190   M    M   0         8 320
 2  38   9  24   0  41   0 0.00    M    M  1.3  9 120   M    M   0        13 110
 3  38  17  28   4  37   0 0.00    M    M  3.2 13 110   M    M   0        16 100
 4  42  18  30   6  35   0 0.00    M    M  3.7 15 110   M    M   7        20 100
 5  46  32  39  15  26   0    T    M    M  5.7 17 100   M    M   6        22 100
 6  45  28  37  13  28   0 0.00    M    M  2.3  9 310   M    M   7 18     10 320
 7  42  25  34  10  31   0 0.00    M    M  4.6 14 100   M    M   7 18     19 100
 8  44  34  39  15  26   0 0.07    M    M 13.0 21  90   M    M   5        27 100
 9  44  37  41  17  24   0 0.13    M    M  8.7 18 310   M    M  10 1      24 320
10  43  28  36  12  29   0 0.00    M    M  4.4 15 340   M    M   7        17 340
11  41  32  37  12  28   0 0.32    M    M  7.5 31 100   M    M  10 1      36 100
12  50  30  40  15  25   0 0.00    M    M  2.3  9  80   M    M   5 1      11 160
13  50  28  39  14  26   0 0.00    M    M  2.0 10  30   M    M   3        12  30
14  50  24  37  12  28   0 0.00    M    M  1.9 15 100   M    M   3 12     18 110
15  49  27  38  13  27   0 0.00    M    M 10.4 18 100   M    M   0        22 100
16  43  32  38  13  27   0 0.04    M    M  5.5 16 100   M    M   8        20 100
================================================================================
SM  703  412       478   0  0.56    M     77.7          M       78
================================================================================
AV 43.9 25.8                               4.9 FASTST   M    M   5    MAX(MPH)
                                 MISC ---->  # 31 100               # 36  100
================================================================================
NOTES:
# LAST OF SEVERAL OCCURRENCES

COLUMN 17 PEAK WIND IN M.P.H.

PRELIMINARY LOCAL CLIMATOLOGICAL DATA (WS FORM: F-6) , PAGE 2

                                          STATION:  BAKER OR
                                          MONTH:    JANUARY
                                          YEAR:     2018
                                          LATITUDE:   44 50 N
                                          LONGITUDE: 117 49 W

[TEMPERATURE DATA]      [PRECIPITATION DATA]       SYMBOLS USED IN COLUMN 16

AVERAGE MONTHLY: 34.8   TOTAL FOR MONTH:   0.56    1 = FOG OR MIST
DPTR FM NORMAL:  10.5   DPTR FM NORMAL:    0.11    2 = FOG REDUCING VISIBILITY
HIGHEST:    50 ON 14,13 GRTST 24HR  0.32 ON 11-11      TO 1/4 MILE OR LESS
LOWEST:      9 ON  2                               3 = THUNDER
                        SNOW, ICE PELLETS, HAIL    4 = ICE PELLETS
                        TOTAL MONTH:    M          5 = HAIL
                        GRTST 24HR    M  ON   M    6 = FREEZING RAIN OR DRIZZLE
                        GRTST DEPTH:  M  ON   M    7 = DUSTSTORM OR SANDSTORM:
                                                       VSBY 1/2 MILE OR LESS
                                                   8 = SMOKE OR HAZE
[NO. OF DAYS WITH]      [WEATHER - DAYS WITH]      9 = BLOWING SNOW
                                                   X = TORNADO
MAX 32 OR BELOW:   0    0.01 INCH OR MORE:   4
MAX 90 OR ABOVE:   0    0.10 INCH OR MORE:   2
MIN 32 OR BELOW:  14    0.50 INCH OR MORE:   0
MIN  0 OR BELOW:   0    1.00 INCH OR MORE:   0

[HDD (BASE 65) ]
TOTAL THIS MO.   478    CLEAR  (SCALE 0-3)   5
DPTR FM NORMAL  -171    PTCLDY (SCALE 4-7)   9
TOTAL FM JUL 1  3347    CLOUDY (SCALE 8-10)  2
DPTR FM NORMAL  -587

[CDD (BASE 65) ]
TOTAL THIS MO.     0
DPTR FM NORMAL     0    [PRESSURE DATA]
TOTAL FM JAN 1     0    HIGHEST SLP M ON M
DPTR FM NORMAL     0    LOWEST  SLP 29.60 ON  9

[REMARKS]
