000
CXUS53 KILX 300900
CF6BMI
PRELIMINARY LOCAL CLIMATOLOGICAL DATA (WS FORM: F-6)

                                          STATION:   BLOOMINGTON IL AIRPORT
                                          MONTH:     AUGUST
                                          YEAR:      2016
                                          LATITUDE:   40 28 N
                                          LONGITUDE:  88 56 W

  TEMPERATURE IN F:       :PCPN:    SNOW:  WIND      :SUNSHINE: SKY     :PK WND
================================================================================
1   2   3   4   5  6A  6B    7    8   9   10  11  12  13   14  15   16   17  18
                                     12Z  AVG MX 2MIN
DY MAX MIN AVG DEP HDD CDD  WTR  SNW DPTH SPD SPD DIR MIN PSBL S-S WX    SPD DR
================================================================================

 1  84  66  75   M   0  10 0.00    M    M  6.6  9  90   M    M   3 1       M  M
 2  84  67  76   M   0  11 0.00    M    M  5.3  9 150   M    M   3         M  M
 3  87  69  78   M   0  13 0.00    M    M  5.7  9 150   M    M   1 1       M  M
 4  88  68  78   M   0  13 0.00    M    M  6.3 10 190   M    M   1         M  M
 5  83  70  77   M   0  12 0.02    M    M  9.3 15 330   M    M   4 3      16 310
 6  82  65  74   M   0   9 0.00    M    M  8.0 12  20   M    M   2         M  M
 7  82  62  72   M   0   7 0.00    M    M  6.3  9  40   M    M   3         M  M
 8  84  63  74   M   0   9 0.00    M    M  6.4  9 190   M    M   2         M  M
 9  85  64  75   M   0  10 0.00    M    M  4.1  8 100   M    M   1         M  M
10  88  68  78   M   0  13 0.00    M    M  3.7  9 120   M    M   1         M  M
11  91  71  81   M   0  16 0.00    M    M  9.3 22 190   M    M   1 1       M  M
12  87  72  80   M   0  15 0.70    M    M  8.2 13 180   M    M   6 13      M  M
13  81  65  73   M   0   8 0.04    M    M  9.7 14 300   M    M   6 1      20 290
14  81  64  73   M   0   8 0.00    M    M  5.2  9 190   M    M   2 1       M  M
15  75  65  70   M   0   5 2.82    M    M  6.4 10 100   M    M   9 13      M  M
16  85  69  77   M   0  12 0.13    M    M  4.6  9 280   M    M   6 1       M  M
17  85  68  77   M   0  12 0.00    M    M  6.8  9 220   M    M   4 12      M  M
18  86  67  77   M   0  12 0.00    M    M  8.9 16 240   M    M   3 13     31  90
19  84  67  76   M   0  11 0.00    M    M  8.8 15  20   M    M   3        22  20
20  79  63  71   M   0   6 0.16    M    M 11.8 17 280   M    M   6 1      33 290
21  76  59  68   M   0   3 0.00    M    M  8.7 17 300   M    M   2        21 300
22  78  56  67   M   0   2 0.00    M    M  5.6  9 210   M    M   1         M  M
23  80  59  70   M   0   5 0.00    M    M 11.5 18 170   M    M   4        21 190
24  85  69  77   M   0  12 0.47    M    M 11.0 24 250   M    M   5 13     30 200
25  83  67  75   M   0  10    M    M    M  7.6 13 230   M    M   4 3       M  M
26  81  67  74   M   0   9    M    M    M  8.0 12  80   M    M   5 3       M  M
27  86  70  78   M   0  13 0.04    M    M  7.6 13 210   M    M   4 13      M  M
28  87  70  79   M   0  14    T    M    M  5.1 10  60   M    M   3 3       M  M
29  87  67  77   M   0  12    T    M    M  5.0 10 120   M    M   2 3       M  M
================================================================================
SM 2424 1917         0 292  4.38    M    211.5          M       97
================================================================================
AV 83.6 66.1                               7.3 FASTST   M    M   3    MAX(MPH)
                                 MISC ---->    24   M                 33    M
================================================================================
NOTES:
# LAST OF SEVERAL OCCURRENCES

COLUMN 17 PEAK WIND IN M.P.H.

PRELIMINARY LOCAL CLIMATOLOGICAL DATA (WS FORM: F-6) , PAGE 2

                                          STATION:  BLOOMINGTON IL AIRPORT
                                          MONTH:    AUGUST
                                          YEAR:     2016
                                          LATITUDE:   40 28 N
                                          LONGITUDE:  88 56 W

[TEMPERATURE DATA]      [PRECIPITATION DATA]       SYMBOLS USED IN COLUMN 16

AVERAGE MONTHLY: 74.8   TOTAL FOR MONTH:   4.38    1 = FOG OR MIST
DPTR FM NORMAL:     M   DPTR FM NORMAL:       M    2 = FOG REDUCING VISIBILITY
HIGHEST:    91 ON 11    GRTST 24HR  2.82 ON 15-15      TO 1/4 MILE OR LESS
LOWEST:     56 ON 22                               3 = THUNDER
                        SNOW, ICE PELLETS, HAIL    4 = ICE PELLETS
                        TOTAL MONTH:    M          5 = HAIL
                        GRTST 24HR    M  ON   M    6 = FREEZING RAIN OR DRIZZLE
                        GRTST DEPTH:  M  ON   M    7 = DUSTSTORM OR SANDSTORM:
                                                       VSBY 1/2 MILE OR LESS
                                                   8 = SMOKE OR HAZE
[NO. OF DAYS WITH]      [WEATHER - DAYS WITH]      9 = BLOWING SNOW
                                                   X = TORNADO
MAX 32 OR BELOW:   0    0.01 INCH OR MORE:   8
MAX 90 OR ABOVE:   1    0.10 INCH OR MORE:   5
MIN 32 OR BELOW:   0    0.50 INCH OR MORE:   2
MIN  0 OR BELOW:   0    1.00 INCH OR MORE:   1

[HDD (BASE 65) ]
TOTAL THIS MO.     0    CLEAR  (SCALE 0-3)  15
DPTR FM NORMAL     M    PTCLDY (SCALE 4-7)  13
TOTAL FM JUL 1     8    CLOUDY (SCALE 8-10)  1
DPTR FM NORMAL     M

[CDD (BASE 65) ]
TOTAL THIS MO.   292
DPTR FM NORMAL     M    [PRESSURE DATA]
TOTAL FM JAN 1   989    HIGHEST SLP M ON M
DPTR FM NORMAL     M    LOWEST  SLP M ON M

[REMARKS]
