000
CXUS55 KBOI 301002
CF6BOI
PRELIMINARY LOCAL CLIMATOLOGICAL DATA (WS FORM: F-6)

                                          STATION:   BOISE ID
                                          MONTH:     MARCH
                                          YEAR:      2017
                                          LATITUDE:   43 34 N
                                          LONGITUDE: 116 13 W

  TEMPERATURE IN F:       :PCPN:    SNOW:  WIND      :SUNSHINE: SKY     :PK WND
================================================================================
1   2   3   4   5  6A  6B    7    8   9   10  11  12  13   14  15   16   17  18
                                     12Z  AVG MX 2MIN
DY MAX MIN AVG DEP HDD CDD  WTR  SNW DPTH SPD SPD DIR MIN PSBL S-S WX    SPD DR
================================================================================

 1  50  30  40   0  25   0 0.00  0.0    0  7.3 14 280   M    M   4        18 280
 2  52  32  42   1  23   0 0.00  0.0    0 10.5 20 150   M    M   0        24 150
 3  57  33  45   4  20   0 0.01  0.0    0  6.8 17 150   M    M   3        24 150
 4  55  39  47   6  18   0 0.11  0.0    0 11.8 21 150   M    M   6 1      28 150
 5  46  31  39  -3  26   0    T    T    0  8.6 21 270   M    M   6 8      27 260
 6  38  31  35  -7  30   0 0.06  0.2    T  6.5 20 110   M    M   9 1      22 100
 7  43  31  37  -5  28   0 0.03    T    0 10.8 20 130   M    M  10 1      24 130
 8  59  39  49   6  16   0 0.03  0.0    0  8.5 16 110   M    M   9        20 110
 9  59  45  52   9  13   0 0.08  0.0    0  9.5 16 110   M    M   9 1      21 140
10  61  41  51   8  14   0 0.04  0.0    0  8.4 17 310   M    M   4        26 140
11  63  39  51   8  14   0 0.01  0.0    0 11.5 22 150   M    M   2        26 140
12  62  37  50   6  15   0 0.00  0.0    0  4.6 13 330   M    M   1        16 300
13  67  38  53   9  12   0 0.00  0.0    0  4.6 12 130   M    M   1        14 130
14  74  45  60  16   5   0 0.00  0.0    0 10.4 16 130   M    M   2        19 130
15  70  46  58  14   7   0 0.10  0.0    0 10.4 24 290   M    M   4 1      33 290
16  61  46  54   9  11   0 0.04  0.0    0  7.0 15 360   M    M   5 13     20 350
17  72  47  60  15   5   0 0.00  0.0    0 10.9 22 140   M    M   4        29 140
18  63  52  58  13   7   0    T  0.0    0  8.2 18 120   M    M   5        22 140
19  64  49  57  12   8   0 0.19  0.0    0  6.1 16 150   M    M   9 1      21 150
20  64  48  56  10   9   0    T  0.0    0 10.2 17 140   M    M   7        21 110
21  62  45  54   8  11   0 0.10  0.0    0  8.5 23 180   M    M   6        28 190
22  61  43  52   6  13   0 0.00  0.0    0  9.3 22 300   M    M   1        27 300
23  55  37  46   0  19   0 0.00  0.0    0 11.8 22 320   M    M   0        25 310
24  53  43  48   2  17   0 0.18  0.0    0 13.7 30 100   M    M   7 1      35 100
25  57  37  47   0  18   0 0.00  0.0    0  5.8 17 310   M    M   1        24 340
26  58  39  49   2  16   0 0.03  0.0    0 11.4 30 190   M    M   3        36 200
27  56  40  48   1  17   0 0.11    M    0 11.6 31 330   M    M   6 1      38 330
28  54  32  43  -4  22   0 0.00  0.0    0  6.7 18 330   M    M   0        29 320
29  61  39  50   3  15   0 0.34  0.0    0  9.4 20 110   M    M   7 1      23 120
================================================================================
SM 1697 1154       454   0  1.46     0.2 260.8          M      131
================================================================================
AV 58.5 39.8                               9.0 FASTST   M    M   5    MAX(MPH)
                                 MISC ---->  # 31 330               # 38  330
================================================================================
NOTES:
# LAST OF SEVERAL OCCURRENCES

COLUMN 17 PEAK WIND IN M.P.H.

PRELIMINARY LOCAL CLIMATOLOGICAL DATA (WS FORM: F-6) , PAGE 2

                                          STATION:  BOISE ID
                                          MONTH:    MARCH
                                          YEAR:     2017
                                          LATITUDE:   43 34 N
                                          LONGITUDE: 116 13 W

[TEMPERATURE DATA]      [PRECIPITATION DATA]       SYMBOLS USED IN COLUMN 16

AVERAGE MONTHLY: 49.2   TOTAL FOR MONTH:   1.46    1 = FOG OR MIST
DPTR FM NORMAL:   4.9   DPTR FM NORMAL:    0.16    2 = FOG REDUCING VISIBILITY
HIGHEST:    74 ON 14    GRTST 24HR  0.34 ON 29-29      TO 1/4 MILE OR LESS
LOWEST:     30 ON  1                               3 = THUNDER
                        SNOW, ICE PELLETS, HAIL    4 = ICE PELLETS
                        TOTAL MONTH:   0.2 INCH    5 = HAIL
                        GRTST 24HR   0.2 ON   M    6 = FREEZING RAIN OR DRIZZLE
                        GRTST DEPTH:   T           7 = DUSTSTORM OR SANDSTORM:
                                                       VSBY 1/2 MILE OR LESS
                                                   8 = SMOKE OR HAZE
[NO. OF DAYS WITH]      [WEATHER - DAYS WITH]      9 = BLOWING SNOW
                                                   X = TORNADO
MAX 32 OR BELOW:   0    0.01 INCH OR MORE:  16
MAX 90 OR ABOVE:   0    0.10 INCH OR MORE:   7
MIN 32 OR BELOW:   6    0.50 INCH OR MORE:   0
MIN  0 OR BELOW:   0    1.00 INCH OR MORE:   0

[HDD (BASE 65) ]
TOTAL THIS MO.   454    CLEAR  (SCALE 0-3)  11
DPTR FM NORMAL  -148    PTCLDY (SCALE 4-7)  13
TOTAL FM JUL 1  4741    CLOUDY (SCALE 8-10)  5
DPTR FM NORMAL   -20

[CDD (BASE 65) ]
TOTAL THIS MO.     0
DPTR FM NORMAL     0    [PRESSURE DATA]
TOTAL FM JAN 1     0    HIGHEST SLP M ON M
DPTR FM NORMAL     0    LOWEST  SLP 29.48 ON  5

[REMARKS]
