000
CXUS54 KMAF 241100
CF6BPG
PRELIMINARY LOCAL CLIMATOLOGICAL DATA (WS FORM: F-6)

                                          STATION:   Big Spring McMahon-Wrinkle Fi
                                          MONTH:     SEPTEMBER
                                          YEAR:      2016
                                          LATITUDE:   32 12 N
                                          LONGITUDE: 101 31 W

  TEMPERATURE IN F:       :PCPN:    SNOW:  WIND      :SUNSHINE: SKY     :PK WND
================================================================================
1   2   3   4   5  6A  6B    7    8   9   10  11  12  13   14  15   16   17  18
                                     12Z  AVG MX 2MIN
DY MAX MIN AVG DEP HDD CDD  WTR  SNW DPTH SPD SPD DIR MIN PSBL S-S WX    SPD DR
================================================================================

 1  84  73  79   M   0  14 0.00  0.0    0  7.4 17  40   M    M   6        24  40
 2  86  68  77   M   0  12 0.00  0.0    0  4.3  8 120   M    M   5         M  M
 3  93  66  80   M   0  15 0.00  0.0    0  7.8 15 120   M    M   4        16 160
 4  93  73  83   M   0  18 0.00  0.0    0 13.9 22 150   M    M   3        27 140
 5  90  73  82   M   0  17 0.00  0.0    0 16.2 28 170   M    M   2        33 150
 6  93  75  84   M   0  19 0.00  0.0    0 16.7 24 160   M    M   5        30 160
 7  96  78  87   M   0  22 0.00  0.0    0 13.4 22 180   M    M   4 3      25 150
 8  98  74  86   M   0  21 0.00  0.0    0 10.2 21 170   M    M   1 3      27 170
 9  98  73  86   M   0  21 0.01  0.0    0 11.4 29  90   M    M   2 3      38  90
10  78  63  71   M   0   6 0.00  0.0    0  9.6 24  60   M    M   6 3      30  10
11  88  60  74   M   0   9 0.00  0.0    0  5.3 12 160   M    M   0         M  M
12  93  65  79   M   0  14 0.00  0.0    0  9.2 16 170   M    M   2 3      22 160
13  91  65  78   M   0  13 0.01  0.0    0  9.7 15 110   M    M   4 3      30 110
14  83  66  75   M   0  10 0.00  0.0    0  6.7 14  70   M    M   4        18  70
15  86  70  78   M   0  13 0.00  0.0    0  8.0 15 110   M    M   3 3      22 110
16  88  65  77   M   0  12 0.00  0.0    0 12.7 23  10   M    M   5 3      28 310
17  86  66  76   M   0  11 0.01  0.0    0  9.3 27 160   M    M   4 3      50 160
18  93  66  80   M   0  15 0.00  0.0    0  5.4 16 140   M    M   0        25 140
19  98  73  86   M   0  21 0.00  0.0    0  7.1 13 170   M    M   0         M  M
20  93  73  83   M   0  18 0.00  0.0    0  9.4 15 170   M    M   1        17 150
21  91  68  80   M   0  15 0.00  0.0    0  8.2 13 170   M    M   0         M  M
22  93  68  81   M   0  16 0.00  0.0    0 10.6 18 170   M    M   1        17 150
23  93  70  82   M   0  17 0.00  0.0    0 13.6 21 180   M    M   1        28 160
================================================================================
SM 2085 1591         0 349  0.03     0.0 226.1          M       63
================================================================================
AV 90.7 69.2                               9.8 FASTST   M    M   3    MAX(MPH)
                                 MISC ---->    29   M               # 50  160
================================================================================
NOTES:
# LAST OF SEVERAL OCCURRENCES

COLUMN 17 PEAK WIND IN M.P.H.

PRELIMINARY LOCAL CLIMATOLOGICAL DATA (WS FORM: F-6) , PAGE 2

                                          STATION:  Big Spring McMahon-Wrinkle Fi
                                          MONTH:    SEPTEMBER
                                          YEAR:     2016
                                          LATITUDE:   32 12 N
                                          LONGITUDE: 101 31 W

[TEMPERATURE DATA]      [PRECIPITATION DATA]       SYMBOLS USED IN COLUMN 16

AVERAGE MONTHLY: 79.9   TOTAL FOR MONTH:   0.03    1 = FOG OR MIST
DPTR FM NORMAL:     M   DPTR FM NORMAL:       M    2 = FOG REDUCING VISIBILITY
HIGHEST:    98 ON 19, 9 GRTST 24HR  0.01 ON 17-17      TO 1/4 MILE OR LESS
LOWEST:     60 ON 11                               3 = THUNDER
                        SNOW, ICE PELLETS, HAIL    4 = ICE PELLETS
                        TOTAL MONTH:   0.0 INCH    5 = HAIL
                        GRTST 24HR     0.0         6 = FREEZING RAIN OR DRIZZLE
                        GRTST DEPTH:   0           7 = DUSTSTORM OR SANDSTORM:
                                                       VSBY 1/2 MILE OR LESS
                                                   8 = SMOKE OR HAZE
[NO. OF DAYS WITH]      [WEATHER - DAYS WITH]      9 = BLOWING SNOW
                                                   X = TORNADO
MAX 32 OR BELOW:   0    0.01 INCH OR MORE:   3
MAX 90 OR ABOVE:  15    0.10 INCH OR MORE:   0
MIN 32 OR BELOW:   0    0.50 INCH OR MORE:   0
MIN  0 OR BELOW:   0    1.00 INCH OR MORE:   0

[HDD (BASE 65) ]
TOTAL THIS MO.     0    CLEAR  (SCALE 0-3)  13
DPTR FM NORMAL     M    PTCLDY (SCALE 4-7)  10
TOTAL FM JUL 1     0    CLOUDY (SCALE 8-10)  0
DPTR FM NORMAL     M

[CDD (BASE 65) ]
TOTAL THIS MO.   349
DPTR FM NORMAL     M    [PRESSURE DATA]
TOTAL FM JAN 1  2180    HIGHEST SLP M ON M
DPTR FM NORMAL     M    LOWEST  SLP M ON M

[REMARKS]
