000
CXUS53 KGRR 181017
CF6BTL
PRELIMINARY LOCAL CLIMATOLOGICAL DATA (WS FORM: F-6)

                                          STATION:   BATTLE CREEK
                                          MONTH:     NOVEMBER
                                          YEAR:      2017
                                          LATITUDE:   42 17 N
                                          LONGITUDE:  85 14 W

  TEMPERATURE IN F:       :PCPN:    SNOW:  WIND      :SUNSHINE: SKY     :PK WND
================================================================================
1   2   3   4   5  6A  6B    7    8   9   10  11  12  13   14  15   16   17  18
                                     12Z  AVG MX 2MIN
DY MAX MIN AVG DEP HDD CDD  WTR  SNW DPTH SPD SPD DIR MIN PSBL S-S WX    SPD DR
================================================================================

 1  43  33  38  -7  27   0 0.54    M    M  6.9 14 130   M    M   9 18     20 130
 2  53  41  47   2  18   0 0.14    M    M  4.3 12 350   M    M   9 1      15 350
 3  49  38  44   0  21   0 0.00    M    M  7.2 15  30   M    M   3 1      20  30
 4  48  37  43  -1  22   0 0.77    M    M  8.2 17  90   M    M   7 13     23  70
 5  60  46  53   9  12   0 0.15    M    M  6.8 16 310   M    M  10 12     22 320
 6  46  36  41  -2  24   0 0.00    M    M  5.9 16  20   M    M   4        20  20
 7  48  30  39  -4  26   0 0.00    M    M  4.3 14  30   M    M   3        17  30
 8  47  24  36  -6  29   0 0.00    M    M  4.1 13 230   M    M   1        17 220
 9  43  25  34  -8  31   0    T    M    M 13.3 26 300   M    M   7 1      35 300
10  28  17  23 -19  42   0    T    M    M  7.9 16 360   M    M   2 1      22 330
11  34  20  27 -14  38   0 0.00    M    M  7.3 14 160   M    M   4        18 150
12  38  32  35  -6  30   0 0.20    M    M  2.5  8 160   M    M  10 16      9 150
13  45  32  39  -1  26   0 0.00    M    M  4.3 15 270   M    M   9 1      20 270
14  47  27  37  -3  28   0 0.00    M    M  8.0 18 170   M    M   4 18     24 170
15  47  40  44   4  21   0 0.37    M    0 13.7 22 290   M    M  10 1      30 300
16  42  32  37  -2  28   0    T    M    0 10.5 26 310   M    M  10        37 310
17  44  30  37  -2  28   0 0.62    M    0 11.8 23 160   M    M   6 13     29 160
================================================================================
SM  762  540       451   0  2.79    M    127.0          M      108
================================================================================
AV 44.8 31.8                               7.5 FASTST   M    M   6    MAX(MPH)
                                 MISC ---->  # 26 300               # 37  310
================================================================================
NOTES:
# LAST OF SEVERAL OCCURRENCES

COLUMN 17 PEAK WIND IN M.P.H.

PRELIMINARY LOCAL CLIMATOLOGICAL DATA (WS FORM: F-6) , PAGE 2

                                          STATION:  BATTLE CREEK
                                          MONTH:    NOVEMBER
                                          YEAR:     2017
                                          LATITUDE:   42 17 N
                                          LONGITUDE:  85 14 W

[TEMPERATURE DATA]      [PRECIPITATION DATA]       SYMBOLS USED IN COLUMN 16

AVERAGE MONTHLY: 38.3   TOTAL FOR MONTH:   2.79    1 = FOG OR MIST
DPTR FM NORMAL:  -3.7   DPTR FM NORMAL:    1.11    2 = FOG REDUCING VISIBILITY
HIGHEST:    60 ON  5    GRTST 24HR  0.77 ON  4- 4      TO 1/4 MILE OR LESS
LOWEST:     17 ON 10                               3 = THUNDER
                        SNOW, ICE PELLETS, HAIL    4 = ICE PELLETS
                        TOTAL MONTH:    M          5 = HAIL
                        GRTST 24HR    M  ON   M    6 = FREEZING RAIN OR DRIZZLE
                        GRTST DEPTH:   0           7 = DUSTSTORM OR SANDSTORM:
                                                       VSBY 1/2 MILE OR LESS
                                                   8 = SMOKE OR HAZE
[NO. OF DAYS WITH]      [WEATHER - DAYS WITH]      9 = BLOWING SNOW
                                                   X = TORNADO
MAX 32 OR BELOW:   1    0.01 INCH OR MORE:   7
MAX 90 OR ABOVE:   0    0.10 INCH OR MORE:   7
MIN 32 OR BELOW:  10    0.50 INCH OR MORE:   3
MIN  0 OR BELOW:   0    1.00 INCH OR MORE:   0

[HDD (BASE 65) ]
TOTAL THIS MO.   451    CLEAR  (SCALE 0-3)   4
DPTR FM NORMAL    60    PTCLDY (SCALE 4-7)   6
TOTAL FM JUL 1   861    CLOUDY (SCALE 8-10)  7
DPTR FM NORMAL  -192

[CDD (BASE 65) ]
TOTAL THIS MO.     0
DPTR FM NORMAL     0    [PRESSURE DATA]
TOTAL FM JAN 1   735    HIGHEST SLP M ON M
DPTR FM NORMAL   157    LOWEST  SLP 29.63 ON 17

[REMARKS]
