000
CXUS54 KTSA 230840
CF6BVO
PRELIMINARY LOCAL CLIMATOLOGICAL DATA (WS FORM: F-6)

                                          STATION:   BARTLESVILLE OKLAHOMA
                                          MONTH:     AUGUST
                                          YEAR:      2017
                                          LATITUDE:   36 45 N
                                          LONGITUDE:  96  0 W

  TEMPERATURE IN F:       :PCPN:    SNOW:  WIND      :SUNSHINE: SKY     :PK WND
================================================================================
1   2   3   4   5  6A  6B    7    8   9   10  11  12  13   14  15   16   17  18
                                     12Z  AVG MX 2MIN
DY MAX MIN AVG DEP HDD CDD  WTR  SNW DPTH SPD SPD DIR MIN PSBL S-S WX    SPD DR
================================================================================

 1  77  63  70 -11   0   5 0.03  0.0    0  2.2 12  60   M    M   9 1      13 260
 2  93  60  77  -4   0  12 0.00  0.0    0  1.2 13 110   M    M   2 18     16 140
 3  96  64  80  -1   0  15 2.43  0.0    0  3.9 29  10   M    M   3 123    37  10
 4  82  60  71 -10   0   6 0.29  0.0    0  4.7 14  20   M    M   3 13     19  20
 5  94  60  77  -4   0  12 3.10  0.0    0  6.7 24  20   M    M   3 138    34  20
 6  80  68  74  -7   0   9 1.60  0.0    0  4.1 28  60   M    M   9 13     39  60
 7  84  65  75  -6   0  10 0.00  0.0    0  5.5 15  20   M    M   4 1      19  20
 8  86  64  75  -6   0  10 0.00  0.0    0  4.4 12  70   M    M   1        19  90
 9  88  63  76  -5   0  11 0.04  0.0    0  3.7 12 150   M    M   3 1      14 170
10  90  66  78  -3   0  13 0.56  0.0    0  3.2 30  20   M    M   3 13     43  20
11  86  69  78  -3   0  13 0.06  0.0    0  3.9 15  20   M    M   3 3      20  20
12  75  65  70 -11   0   5 0.05  0.0    0  0.7  8  20   M    M   2 1      10 360
13  87  65  76  -5   0  11 0.00  0.0    0  3.4 12  70   M    M   5        15  70
14  87  67  77  -4   0  12 0.00  0.0    0  3.2 12 150   M    M   5 18     15 140
15  88  68  78  -3   0  13 0.05  0.0    0  4.2 13 200   M    M   5 13     18 210
16  92  68  80  -1   0  15 0.77  0.0    0  7.5 18 210   M    M   4 13     25 220
17  90  65  78  -2   0  13 0.00  0.0    0  1.6 12  20   M    M   1        13  10
18  92  63  78  -2   0  13 0.00  0.0    0  3.9 14 220   M    M   1        18 230
19  97  68  83   3   0  18 0.00  0.0    0  3.1 10 150   M    M   1 1      15 150
20  96  71  84   4   0  19 0.00  0.0    0  4.1 13 200   M    M   0 1      18 200
21  93  73  83   3   0  18 0.00  0.0    0  6.6 15 210   M    M   0 1      21 210
22  88  70  79  -1   0  14    T  0.0    0  7.0 18  10   M    M   5 3      23  10
================================================================================
SM 1941 1445         0 267  8.98     0.0  88.8          M       72
================================================================================
AV 88.2 65.7                               4.0 FASTST   M    M   3    MAX(MPH)
                                 MISC ---->  # 30  20               # 43   20
================================================================================
NOTES:
# LAST OF SEVERAL OCCURRENCES

COLUMN 17 PEAK WIND IN M.P.H.

PRELIMINARY LOCAL CLIMATOLOGICAL DATA (WS FORM: F-6) , PAGE 2

                                          STATION:  BARTLESVILLE OKLAHOMA
                                          MONTH:    AUGUST
                                          YEAR:     2017
                                          LATITUDE:   36 45 N
                                          LONGITUDE:  96  0 W

[TEMPERATURE DATA]      [PRECIPITATION DATA]       SYMBOLS USED IN COLUMN 16

AVERAGE MONTHLY: 77.0   TOTAL FOR MONTH:   8.98    1 = FOG OR MIST
DPTR FM NORMAL:  -3.8   DPTR FM NORMAL:    6.76    2 = FOG REDUCING VISIBILITY
HIGHEST:    97 ON 19    GRTST 24HR  3.10 ON  5- 5      TO 1/4 MILE OR LESS
LOWEST:     60 ON  5, 4                            3 = THUNDER
                        SNOW, ICE PELLETS, HAIL    4 = ICE PELLETS
                        TOTAL MONTH:   0.0 INCH    5 = HAIL
                        GRTST 24HR     0.0         6 = FREEZING RAIN OR DRIZZLE
                        GRTST DEPTH:   0           7 = DUSTSTORM OR SANDSTORM:
                                                       VSBY 1/2 MILE OR LESS
                                                   8 = SMOKE OR HAZE
[NO. OF DAYS WITH]      [WEATHER - DAYS WITH]      9 = BLOWING SNOW
                                                   X = TORNADO
MAX 32 OR BELOW:   0    0.01 INCH OR MORE:  11
MAX 90 OR ABOVE:  10    0.10 INCH OR MORE:   6
MIN 32 OR BELOW:   0    0.50 INCH OR MORE:   5
MIN  0 OR BELOW:   0    1.00 INCH OR MORE:   3

[HDD (BASE 65) ]
TOTAL THIS MO.     0    CLEAR  (SCALE 0-3)  13
DPTR FM NORMAL     0    PTCLDY (SCALE 4-7)   7
TOTAL FM JUL 1     0    CLOUDY (SCALE 8-10)  2
DPTR FM NORMAL     0

[CDD (BASE 65) ]
TOTAL THIS MO.   267
DPTR FM NORMAL   -79    [PRESSURE DATA]
TOTAL FM JAN 1  1287    HIGHEST SLP M ON M
DPTR FM NORMAL   -78    LOWEST  SLP 29.70 ON  6

[REMARKS]
