000
CXUS54 KTSA 210840
CF6BVO
PRELIMINARY LOCAL CLIMATOLOGICAL DATA (WS FORM: F-6)

                                          STATION:   BARTLESVILLE OKLAHOMA
                                          MONTH:     OCTOBER
                                          YEAR:      2017
                                          LATITUDE:   36 45 N
                                          LONGITUDE:  96  0 W

  TEMPERATURE IN F:       :PCPN:    SNOW:  WIND      :SUNSHINE: SKY     :PK WND
================================================================================
1   2   3   4   5  6A  6B    7    8   9   10  11  12  13   14  15   16   17  18
                                     12Z  AVG MX 2MIN
DY MAX MIN AVG DEP HDD CDD  WTR  SNW DPTH SPD SPD DIR MIN PSBL S-S WX    SPD DR
================================================================================

 1  81  55  68   4   0   3 0.00  0.0    0  5.7 15 150   M    M   0        21 150
 2  87  59  73   9   0   8 0.00  0.0    0  8.9 22 150   M    M   1        33 140
 3  81  69  75  11   0  10    T  0.0    0  8.0 16 170   M    M   8        22 170
 4  73  70  72   9   0   7 1.37  0.0    0  6.8 17 170   M    M  10 13     26 180
 5  81  69  75  12   0  10 0.01  0.0    0  4.8 10 210   M    M   7 1      14 200
 6  87  68  78  15   0  13 0.03  0.0    0  7.9 17 180   M    M   4 13     27 170
 7  80  49  65   3   0   0 0.28  0.0    0  5.1 17 230   M    M   2 138    31 220
 8  83  45  64   2   1   0 0.00  0.0    0  2.5 13 150   M    M   0 1      16 140
 9  87  50  69   7   0   4 0.23  0.0    0  4.3 18 150   M    M   3 13     22 150
10  62  45  54  -7  11   0    T  0.0    0  2.5 16 360   M    M  10        29  10
11  68  41  55  -6  10   0 0.00  0.0    0  1.4 10  90   M    M   2        14  90
12  80  44  62   1   3   0 0.00  0.0    0  5.4 16 150   M    M   0 1      26 150
13  88  62  75  15   0  10 0.00  0.0    0  8.1 16 210   M    M   0        26 180
14  89  60  75  15   0  10 0.71  0.0    0  9.5 23 210   M    M   2 13     35 200
15  68  41  55  -5  10   0 0.08  0.0    0  4.5 16  20   M    M   1 13     25 360
16  70  36  53  -6  12   0 0.00  0.0    0  2.0  8 150   M    M   0        14 120
17  74  38  56  -3   9   0 0.00  0.0    0  3.6 15 210   M    M   0        22 190
18  80  40  60   1   5   0 0.00  0.0    0  6.1 21 210   M    M   0 1      29 200
19  82  44  63   5   2   0 0.00  0.0    0  4.6 15 210   M    M   0 1      20 200
20  77  50  64   6   1   0 0.00  0.0    0 10.0 23 160   M    M   2 1      33 160
================================================================================
SM 1578 1035        64  75  2.71     0.0 111.7          M       52
================================================================================
AV 78.9 51.8                               5.6 FASTST   M    M   3    MAX(MPH)
                                 MISC ---->  # 23 210               # 35  200
================================================================================
NOTES:
# LAST OF SEVERAL OCCURRENCES

COLUMN 17 PEAK WIND IN M.P.H.

PRELIMINARY LOCAL CLIMATOLOGICAL DATA (WS FORM: F-6) , PAGE 2

                                          STATION:  BARTLESVILLE OKLAHOMA
                                          MONTH:    OCTOBER
                                          YEAR:     2017
                                          LATITUDE:   36 45 N
                                          LONGITUDE:  96  0 W

[TEMPERATURE DATA]      [PRECIPITATION DATA]       SYMBOLS USED IN COLUMN 16

AVERAGE MONTHLY: 65.3   TOTAL FOR MONTH:   2.71    1 = FOG OR MIST
DPTR FM NORMAL:   4.2   DPTR FM NORMAL:    0.42    2 = FOG REDUCING VISIBILITY
HIGHEST:    89 ON 14    GRTST 24HR  1.37 ON  4- 4      TO 1/4 MILE OR LESS
LOWEST:     36 ON 16                               3 = THUNDER
                        SNOW, ICE PELLETS, HAIL    4 = ICE PELLETS
                        TOTAL MONTH:   0.0 INCH    5 = HAIL
                        GRTST 24HR     0.0         6 = FREEZING RAIN OR DRIZZLE
                        GRTST DEPTH:   0           7 = DUSTSTORM OR SANDSTORM:
                                                       VSBY 1/2 MILE OR LESS
                                                   8 = SMOKE OR HAZE
[NO. OF DAYS WITH]      [WEATHER - DAYS WITH]      9 = BLOWING SNOW
                                                   X = TORNADO
MAX 32 OR BELOW:   0    0.01 INCH OR MORE:   7
MAX 90 OR ABOVE:   0    0.10 INCH OR MORE:   4
MIN 32 OR BELOW:   0    0.50 INCH OR MORE:   2
MIN  0 OR BELOW:   0    1.00 INCH OR MORE:   1

[HDD (BASE 65) ]
TOTAL THIS MO.    64    CLEAR  (SCALE 0-3)  14
DPTR FM NORMAL   -46    PTCLDY (SCALE 4-7)   4
TOTAL FM JUL 1    69    CLOUDY (SCALE 8-10)  2
DPTR FM NORMAL   -77

[CDD (BASE 65) ]
TOTAL THIS MO.    75
DPTR FM NORMAL    42    [PRESSURE DATA]
TOTAL FM JAN 1  1634    HIGHEST SLP M ON M
DPTR FM NORMAL  -112    LOWEST  SLP 29.59 ON M

[REMARKS]
