000
CXUS51 KLWX 270620
CF6BWI
PRELIMINARY LOCAL CLIMATOLOGICAL DATA (WS FORM: F-6)

                                          STATION:   BALTIMORE MD
                                          MONTH:     FEBRUARY
                                          YEAR:      2015
                                          LATITUDE:   39 10 N
                                          LONGITUDE:  76 40 W

  TEMPERATURE IN F:       :PCPN:    SNOW:  WIND      :SUNSHINE: SKY     :PK WND
================================================================================
1   2   3   4   5  6A  6B    7    8   9   10  11  12  13   14  15   16   17  18
                                     12Z  AVG MX 2MIN
DY MAX MIN AVG DEP HDD CDD  WTR  SNW DPTH SPD SPD DIR MIN PSBL S-S WX    SPD DR
================================================================================

 1  39  18  29  -5  36   0 0.07  0.4    0  3.1 10 120   M    M   9 14     14 120
 2  45  22  34   0  31   0 0.28    T    0 10.8 33 300   M    M   7 1      48 310
 3  34  20  27  -7  38   0 0.00  0.0    0  7.2 20 310   M    M   M        25 280
 4  51  20  36   2  29   0 0.00  0.0    0  3.0 13 200   M    M   8        17 190
 5  41  17  29  -5  36   0 0.00  0.0    0 11.7 25 300   M    M   5        36 310
 6  33  10  22 -12  43   0 0.00  0.0    0  4.1 14 250   M    M   4        17 250
 7  46  19  33  -1  32   0 0.00  0.0    0  2.3 13 180   M    M   8        17 200
 8  55  30  43   9  22   0 0.00  0.0    0  2.6 10  50   M    M   8        15  30
 9  41  31  36   1  29   0 0.08    T    0  9.8 16  60   M    M  10 1468   20  60
10  39  28  34  -1  31   0 0.07    T    T  8.8 16  10   M    M   7 146    30  10
11  43  25  34  -1  31   0 0.00  0.0    0  4.5 12  90   M    M   4        21  20
12  41  17  29  -6  36   0    T    T    0 11.3 31 300   M    M   7        43 310
13  27  12  20 -15  45   0 0.00  0.0    0 10.1 25 310   M    M   2        38 310
14  38  13  26 -10  39   0 0.21  2.6    0  8.1 40 300   M    M   9 129    55 300
15  18   6  12 -24  53   0 0.00  0.0    1 21.2 37 300   M    M   1 9      54 290
16  18   5  12 -24  53   0 0.19  2.0    1  6.0 20 300   M    M   8 1      29 290
17  27  12  20 -16  45   0 0.18  1.8    3  4.3 14 310   M    M   7 18     18 280
18  31   4  18 -18  47   0    T    T    3  6.0 28 290   M    M   6 18     41 290
19  18   6  12 -24  53   0 0.00  0.0    1 16.1 28 270   M    M   4        37 270
20  18   1  10 -27  55   0 0.00  0.0    1  8.4 21 290   M    M   1        30 310
21  33   2  18 -19  47   0 0.92  6.3    1  3.2 14 210   M    M   8 1246   18 210
22  48  32  40   3  25   0 0.13  0.0    3  1.6  9 320   M    M   9 18     14 330
23  38  13  26 -11  39   0 0.00  0.0    1 10.4 21 330   M    M   7        28 320
24  25   3  14 -24  51   0 0.00  0.0    1  3.0 15 110   M    M   5        18 120
25  38  10  24 -14  41   0 0.00  0.0    1  5.0 16 280   M    M   6        24 290
26  35  26  31  -7  34   0 0.11  1.5    2  5.2 14  50   M    M   9 1      18  50
================================================================================
SM  920  402      1021   0  2.24    14.6 187.8          M      159
================================================================================
AV 35.4 15.5                               7.2 FASTST   M    M   6    MAX(MPH)
                                 MISC ---->  # 40 300               # 55  300
================================================================================
NOTES:
# LAST OF SEVERAL OCCURRENCES

COLUMN 17 PEAK WIND IN M.P.H.

PRELIMINARY LOCAL CLIMATOLOGICAL DATA (WS FORM: F-6) , PAGE 2

                                          STATION:  BALTIMORE MD
                                          MONTH:    FEBRUARY
                                          YEAR:     2015
                                          LATITUDE:   39 10 N
                                          LONGITUDE:  76 40 W

[TEMPERATURE DATA]      [PRECIPITATION DATA]       SYMBOLS USED IN COLUMN 16

AVERAGE MONTHLY: 25.4   TOTAL FOR MONTH:   2.24    1 = FOG OR MIST
DPTR FM NORMAL: -10.2   DPTR FM NORMAL:   -0.45    2 = FOG REDUCING VISIBILITY
HIGHEST:    55 ON  8    GRTST 24HR  1.05 ON 21-22      TO 1/4 MILE OR LESS
LOWEST:      1 ON 20                               3 = THUNDER
                        SNOW, ICE PELLETS, HAIL    4 = ICE PELLETS
                        TOTAL MONTH:  14.6 INCHES  5 = HAIL
                        GRTST 24HR   6.3 ON   M    6 = FREEZING RAIN OR DRIZZLE
                        GRTST DEPTH:   3 ON 22,18  7 = DUSTSTORM OR SANDSTORM:
                                                       VSBY 1/2 MILE OR LESS
                                                   8 = SMOKE OR HAZE
[NO. OF DAYS WITH]      [WEATHER - DAYS WITH]      9 = BLOWING SNOW
                                                   X = TORNADO
MAX 32 OR BELOW:   8    0.01 INCH OR MORE:  10
MAX 90 OR ABOVE:   0    0.10 INCH OR MORE:   7
MIN 32 OR BELOW:  26    0.50 INCH OR MORE:   1
MIN  0 OR BELOW:   0    1.00 INCH OR MORE:   0

[HDD (BASE 65) ]
TOTAL THIS MO.  1021    CLEAR  (SCALE 0-3)   3
DPTR FM NORMAL   255    PTCLDY (SCALE 4-7)  15
TOTAL FM JUL 1  3734    CLOUDY (SCALE 8-10)  7
DPTR FM NORMAL   192

[CDD (BASE 65) ]
TOTAL THIS MO.     0
DPTR FM NORMAL     0    [PRESSURE DATA]
TOTAL FM JAN 1     0    HIGHEST SLP M ON M
DPTR FM NORMAL     0    LOWEST  SLP 29.42 ON  2

[REMARKS]
