000
CXUS55 KGJT 271000
CF6CAG
PRELIMINARY LOCAL CLIMATOLOGICAL DATA (WS FORM: F-6)

                                          STATION:   CRAIG CO
                                          MONTH:     MARCH
                                          YEAR:      2015
                                          LATITUDE:   40 30 N
                                          LONGITUDE: 107 32 W

  TEMPERATURE IN F:       :PCPN:    SNOW:  WIND      :SUNSHINE: SKY     :PK WND
================================================================================
1   2   3   4   5  6A  6B    7    8   9   10  11  12  13   14  15   16   17  18
                                     12Z  AVG MX 2MIN
DY MAX MIN AVG DEP HDD CDD  WTR  SNW DPTH SPD SPD DIR MIN PSBL S-S WX    SPD DR
================================================================================

 1  35  19  27   1  38   0 0.04    M    M  3.3 12  80   M    M   8 18     14  80
 2  46  31  39  13  26   0 0.41    M    M  8.8 35 230   M    M  10 1      47 240
 3  34  19  27   1  38   0 0.14    M    M  7.7 29 230   M    M  10 18     38 220
 4  25   1  13 -14  52   0    T    M    M  4.1 17 290   M    M   6 18     22 290
 5  36   2  19  -8  46   0 0.00    M    M  3.5 14  70   M    M   1        16  70
 6  48   9  29   1  36   0 0.00    M    M  2.1 13  80   M    M   0        15  90
 7  51  16  34   6  31   0 0.00    M    M  0.9  9 260   M    M   0        12 290
 8  52  21  37   8  28   0 0.00    M    M  1.9  9 350   M    M   0        12  50
 9  53  19  36   7  29   0 0.00    M    M  1.8 14 250   M    M   0        19 270
10  56  19  38   8  27   0 0.00    M    M  2.8  9  70   M    M   0        12  10
11  59  20  40  10  25   0 0.00    M    M  3.5 18 240   M    M   0 18     24 230
12  51  30  41  10  24   0 0.00    M    M  1.6 12  70   M    M   5        14 280
13  61  24  43  12  22   0 0.00    M    M  3.7 16  90   M    M   0        22  80
14  63  20  42  10  23   0 0.00    M    M  3.2 15 220   M    M   0        19 240
15  70  27  49  17  16   0 0.00    M    M  3.2 14  70   M    M   0        17  80
16  71  26  49  16  16   0 0.00    M    M  3.4 16 220   M    M   0        21 210
17  70  26  48  15  17   0 0.00    M    M  3.4 15 300   M    M   1        19 290
18  61  39  50  16  15   0    T    M    M  4.7 18 170   M    M   7        22 160
19  57  25  41   7  24   0 0.00    M    M  5.5 18 350   M    M   4        23 330
20  62  18  40   6  25   0 0.00    M    M  2.4  9  50   M    M   0        12 270
21  67  20  44   9  21   0 0.00    M    M  5.9 21 270   M    M   0        25 260
22  64  25  45  10  20   0 0.00    M    M  4.0 14 300   M    M   1        17 270
23  63  33  48  12  17   0 0.09    M    M  9.9 35 260   M    M   5 1      49 220
24  57  24  41   5  24   0 0.01    M    M 11.5 26 260   M    M   6        34 280
25  48  25  37   1  28   0 0.13    M    M  7.5 16 260   M    M   6 18     23 290
26  58  19  39   2  26   0 0.00    M    M  5.3 15 260   M    M   0        20 260
================================================================================
SM 1418  557       694   0  0.82    M    115.6          M       70
================================================================================
AV 54.5 21.4                               4.4 FASTST   M    M   3    MAX(MPH)
                                 MISC ---->  # 35 230               # 49  220
================================================================================
NOTES:
# LAST OF SEVERAL OCCURRENCES

COLUMN 17 PEAK WIND IN M.P.H.

PRELIMINARY LOCAL CLIMATOLOGICAL DATA (WS FORM: F-6) , PAGE 2

                                          STATION:  CRAIG CO
                                          MONTH:    MARCH
                                          YEAR:     2015
                                          LATITUDE:   40 30 N
                                          LONGITUDE: 107 32 W

[TEMPERATURE DATA]      [PRECIPITATION DATA]       SYMBOLS USED IN COLUMN 16

AVERAGE MONTHLY: 38.0   TOTAL FOR MONTH:   0.82    1 = FOG OR MIST
DPTR FM NORMAL:   6.6   DPTR FM NORMAL:   -0.21    2 = FOG REDUCING VISIBILITY
HIGHEST:    71 ON 16    GRTST 24HR  0.41 ON  2- 2      TO 1/4 MILE OR LESS
LOWEST:      1 ON  4                               3 = THUNDER
                        SNOW, ICE PELLETS, HAIL    4 = ICE PELLETS
                        TOTAL MONTH:    M          5 = HAIL
                        GRTST 24HR    M  ON   M    6 = FREEZING RAIN OR DRIZZLE
                        GRTST DEPTH:  M  ON   M    7 = DUSTSTORM OR SANDSTORM:
                                                       VSBY 1/2 MILE OR LESS
                                                   8 = SMOKE OR HAZE
[NO. OF DAYS WITH]      [WEATHER - DAYS WITH]      9 = BLOWING SNOW
                                                   X = TORNADO
MAX 32 OR BELOW:   1    0.01 INCH OR MORE:   6
MAX 90 OR ABOVE:   0    0.10 INCH OR MORE:   3
MIN 32 OR BELOW:  24    0.50 INCH OR MORE:   0
MIN  0 OR BELOW:   0    1.00 INCH OR MORE:   0

[HDD (BASE 65) ]
TOTAL THIS MO.   694    CLEAR  (SCALE 0-3)  16
DPTR FM NORMAL  -182    PTCLDY (SCALE 4-7)   8
TOTAL FM JUL 1  6155    CLOUDY (SCALE 8-10)  2
DPTR FM NORMAL -1047

[CDD (BASE 65) ]
TOTAL THIS MO.     0
DPTR FM NORMAL     0    [PRESSURE DATA]
TOTAL FM JAN 1     0    HIGHEST SLP M ON M
DPTR FM NORMAL     0    LOWEST  SLP 29.43 ON  2

[REMARKS]
