000
CXUS51 KCLE 161004
CF6CAK
PRELIMINARY LOCAL CLIMATOLOGICAL DATA (WS FORM: F-6)

                                          STATION:   AKRON CANTON OH
                                          MONTH:     APRIL
                                          YEAR:      2014
                                          LATITUDE:   40 55 N
                                          LONGITUDE:  81 26 W

  TEMPERATURE IN F:       :PCPN:    SNOW:  WIND      :SUNSHINE: SKY     :PK WND
================================================================================
1   2   3   4   5  6A  6B    7    8   9   10  11  12  13   14  15   16   17  18
                                     12Z  AVG MX 2MIN
DY MAX MIN AVG DEP HDD CDD  WTR  SNW DPTH SPD SPD DIR MIN PSBL S-S WX    SPD DR
================================================================================

 1  71  47  59  15   6   0 0.00  0.0    0 13.8 28 250   M    M   5        28 250
 2  60  42  51   7  14   0    T  0.0    0  6.0 14 300   M    M   9        14 300
 3  48  39  44   0  21   0 1.09  0.0    0  8.1 14 110   M    M  10 12     14 110
 4  66  37  52   7  13   0 0.56  0.0    0 12.9 29 270   M    M  10 12     29 270
 5  50  33  42  -3  23   0 0.00  0.0    0 13.8 23 250   M    M   7        23 250
 6  58  28  43  -3  22   0 0.00  0.0    0  4.6  9  90   M    M   4         9  90
 7  54  43  49   3  16   0 0.48  0.0    0  5.7 10 130   M    M  10 12     10 130
 8  58  40  49   3  16   0 0.10  0.0    0  9.2 21 240   M    M   7 18     21 240
 9  58  39  49   2  16   0 0.00  0.0    0  7.7 21 310   M    M   4        21 310
10  70  41  56   9   9   0 0.03  0.0    0 16.1 28 210   M    M   5 1      28 210
11  61  46  54   6  11   0 0.41  0.0    0  3.3 10 120   M    M   8 1      10 120
12  73  39  56   8   9   0 0.00  0.0    0 10.2 17 190   M    M   5 1      17 190
13  80  55  68  20   0   3 0.00  0.0    0 16.6 25 230   M    M   7        25 230
14  72  49  61  12   4   0 0.32  0.0    0 18.3 30 220   M    M  10 1      30 220
15  49  26  38 -11  27   0 0.20  0.9    T 12.0 21 340   M    M   9 124    21 340
================================================================================
SM  928  604       207   3  3.19     0.9 158.3          M      110
================================================================================
AV 61.9 40.3                              10.6 FASTST   M    M   7    MAX(MPH)
                                 MISC ---->  # 30 220               # 30  220
================================================================================
NOTES:
# LAST OF SEVERAL OCCURRENCES

COLUMN 17 PEAK WIND IN M.P.H.

PRELIMINARY LOCAL CLIMATOLOGICAL DATA (WS FORM: F-6) , PAGE 2

                                          STATION:  AKRON CANTON OH
                                          MONTH:    APRIL
                                          YEAR:     2014
                                          LATITUDE:   40 55 N
                                          LONGITUDE:  81 26 W

[TEMPERATURE DATA]      [PRECIPITATION DATA]       SYMBOLS USED IN COLUMN 16

AVERAGE MONTHLY: 51.1   TOTAL FOR MONTH:   3.19    1 = FOG OR MIST
DPTR FM NORMAL:   4.7   DPTR FM NORMAL:    1.39    2 = FOG REDUCING VISIBILITY
HIGHEST:    80 ON 13    GRTST 24HR  1.36 ON  3- 4      TO 1/4 MILE OR LESS
LOWEST:     26 ON 15                               3 = THUNDER
                        SNOW, ICE PELLETS, HAIL    4 = ICE PELLETS
                        TOTAL MONTH:   0.9 INCH    5 = HAIL
                        GRTST 24HR   0.9 ON   M    6 = FREEZING RAIN OR DRIZZLE
                        GRTST DEPTH:   T           7 = DUSTSTORM OR SANDSTORM:
                                                       VSBY 1/2 MILE OR LESS
                                                   8 = SMOKE OR HAZE
[NO. OF DAYS WITH]      [WEATHER - DAYS WITH]      9 = BLOWING SNOW
                                                   X = TORNADO
MAX 32 OR BELOW:   0    0.01 INCH OR MORE:   8
MAX 90 OR ABOVE:   0    0.10 INCH OR MORE:   7
MIN 32 OR BELOW:   2    0.50 INCH OR MORE:   2
MIN  0 OR BELOW:   0    1.00 INCH OR MORE:   1

[HDD (BASE 65) ]
TOTAL THIS MO.   207    CLEAR  (SCALE 0-3)   0
DPTR FM NORMAL   -72    PTCLDY (SCALE 4-7)   9
TOTAL FM JUL 1  6046    CLOUDY (SCALE 8-10)  6
DPTR FM NORMAL   372

[CDD (BASE 65) ]
TOTAL THIS MO.     3
DPTR FM NORMAL     3    [PRESSURE DATA]
TOTAL FM JAN 1     3    HIGHEST SLP M ON M
DPTR FM NORMAL     3    LOWEST  SLP 29.33 ON  8

[REMARKS]
