000
CXUS51 KCAR 270600
CF6CAR
PRELIMINARY LOCAL CLIMATOLOGICAL DATA (WS FORM: F-6)

                                          STATION:   CARIBOU ME
                                          MONTH:     FEBRUARY
                                          YEAR:      2015
                                          LATITUDE:   46 52 N
                                          LONGITUDE:  68  1 W

  TEMPERATURE IN F:       :PCPN:    SNOW:  WIND      :SUNSHINE: SKY     :PK WND
================================================================================
1   2   3   4   5  6A  6B    7    8   9   10  11  12  13   14  15   16   17  18
                                     12Z  AVG MX 2MIN
DY MAX MIN AVG DEP HDD CDD  WTR  SNW DPTH SPD SPD DIR MIN PSBL S-S WX    SPD DR
================================================================================

 1   4 -12  -4 -14  69   0 0.00  0.0   22 15.9 29 310   M    M   0 89     42 310
 2  -4 -16 -10 -21  75   0 0.18  2.7   21  9.4 21 360   M    M   6        25 360
 3   9 -11  -1 -12  66   0 0.02  0.3   22  9.2 21 330   M    M   2        26 340
 4  20 -14   3  -8  62   0 0.05  0.8   21  3.4 13 150   M    M   6 18     15 150
 5  21  -9   6  -5  59   0 0.03  0.5   21 11.8 23 330   M    M   6 1      28 330
 6   9 -13  -2 -14  67   0    T    T   20  4.5 17 330   M    M   1 18     21 320
 7  11 -14  -1 -13  66   0 0.01  0.1   20  4.7 16 340   M    M   5 18     20 340
 8   4 -11  -3 -15  68   0 0.00  0.0   20  6.8 13  10   M    M   3        16  20
 9   8 -16  -4 -16  69   0 0.00  0.0   20  4.7 12  10   M    M   2        14  10
10  11   0   6  -6  59   0    T  0.2   19  4.1 16 330   M    M   6 8      18 340
11  12  -9   2 -11  63   0 0.00  0.0   19  6.7 15  10   M    M   0        19  20
12   7  -5   1 -12  64   0 0.02  0.3   18  3.7 12 310   M    M   7 18     15 310
13   6 -11  -2 -15  67   0 0.00  0.0   18 10.5 21 330   M    M   2 8      28 320
14   2 -19  -8 -22  73   0 0.01  0.2   18  5.1  9 120   M    M   2 18     11 260
15   3  -1   1 -13  64   0 0.11  1.7   18 18.9 33 330   M    M  10 18     43 330
16   9   0   5  -9  60   0 0.03  0.5   18 24.5 37 320   M    M   5 89     48 310
17  15  -7   4 -11  61   0 0.00  0.0   18  4.0 17 310   M    M   2 8      25 300
18  23   0  12  -3  53   0 0.00  0.0   16  2.3  8  30   M    M   1         9  30
19  21   2  12  -3  53   0 0.37  5.6   15  8.3 14  40   M    M   9 18     17  10
20  19   4  12  -4  53   0 0.21  3.5   21 12.8 23 300   M    M   8 189    34 280
21  20  -4   8  -8  57   0 0.08  0.8   20  7.1 15 160   M    M   6 1      21 200
22  28  11  20   4  45   0 0.06  1.0   21  3.6 12 240   M    M   5 12     15 240
23  18 -12   3 -14  62   0 0.02  0.3   21 11.9 25 250   M    M   6 189    34 240
24   7 -18  -5 -22  70   0 0.00  0.0   21  7.2 16 170   M    M   1        21 170
25  21   6  14  -3  51   0    T  0.2   21  6.5 17 260   M    M   6 18     24 250
26  14  -5   5 -13  60   0    T    T   21  8.3 18 300   M    M   1 8      27 270
================================================================================
SM  318 -184      1616   0  1.20    18.7 215.9          M      108
================================================================================
AV 12.2 -7.1                               8.3 FASTST   M    M   4    MAX(MPH)
                                 MISC ---->  # 37 320               # 48  310
================================================================================
NOTES:
# LAST OF SEVERAL OCCURRENCES

COLUMN 17 PEAK WIND IN M.P.H.

PRELIMINARY LOCAL CLIMATOLOGICAL DATA (WS FORM: F-6) , PAGE 2

                                          STATION:  CARIBOU ME
                                          MONTH:    FEBRUARY
                                          YEAR:     2015
                                          LATITUDE:   46 52 N
                                          LONGITUDE:  68  1 W

[TEMPERATURE DATA]      [PRECIPITATION DATA]       SYMBOLS USED IN COLUMN 16

AVERAGE MONTHLY:  2.6   TOTAL FOR MONTH:   1.20    1 = FOG OR MIST
DPTR FM NORMAL: -11.2   DPTR FM NORMAL:   -0.84    2 = FOG REDUCING VISIBILITY
HIGHEST:    28 ON 22    GRTST 24HR  0.61 ON 19-20      TO 1/4 MILE OR LESS
LOWEST:    -19 ON 14                               3 = THUNDER
                        SNOW, ICE PELLETS, HAIL    4 = ICE PELLETS
                        TOTAL MONTH:  18.7 INCHES  5 = HAIL
                        GRTST 24HR   5.6 ON   M    6 = FREEZING RAIN OR DRIZZLE
                        GRTST DEPTH:  22 ON  3, 1  7 = DUSTSTORM OR SANDSTORM:
                                                       VSBY 1/2 MILE OR LESS
                                                   8 = SMOKE OR HAZE
[NO. OF DAYS WITH]      [WEATHER - DAYS WITH]      9 = BLOWING SNOW
                                                   X = TORNADO
MAX 32 OR BELOW:  26    0.01 INCH OR MORE:  14
MAX 90 OR ABOVE:   0    0.10 INCH OR MORE:   4
MIN 32 OR BELOW:  26    0.50 INCH OR MORE:   0
MIN  0 OR BELOW:  22    1.00 INCH OR MORE:   0

[HDD (BASE 65) ]
TOTAL THIS MO.  1616    CLEAR  (SCALE 0-3)  12
DPTR FM NORMAL   284    PTCLDY (SCALE 4-7)  12
TOTAL FM JUL 1  6624    CLOUDY (SCALE 8-10)  2
DPTR FM NORMAL    -2

[CDD (BASE 65) ]
TOTAL THIS MO.     0
DPTR FM NORMAL     0    [PRESSURE DATA]
TOTAL FM JAN 1     0    HIGHEST SLP M ON M
DPTR FM NORMAL     0    LOWEST  SLP 29.24 ON 20

[REMARKS]
