000
CXUS53 KARX 200930
CF6CCY
PRELIMINARY LOCAL CLIMATOLOGICAL DATA (WS FORM: F-6)

                                          STATION:   CHARLES_CITY IA
                                          MONTH:     AUGUST
                                          YEAR:      2017
                                          LATITUDE:   43  4 N
                                          LONGITUDE:  92 37 W

  TEMPERATURE IN F:       :PCPN:    SNOW:  WIND      :SUNSHINE: SKY     :PK WND
================================================================================
1   2   3   4   5  6A  6B    7    8   9   10  11  12  13   14  15   16   17  18
                                     12Z  AVG MX 2MIN
DY MAX MIN AVG DEP HDD CDD  WTR  SNW DPTH SPD SPD DIR MIN PSBL S-S WX    SPD DR
================================================================================

 1  82  57  70  -2   0   5 0.00  0.0    0  3.1  7 280   M    M   2        13  99
 2  82  59  71   0   0   6 0.00  0.0    0  3.6  8 340   M    M   0 1      15 350
 3  73  52  63  -8   2   0 0.33  0.0    0 10.0 21 320   M    M   8 13     33 320
 4  73  50  62  -9   3   0 0.00  0.0    0  9.8 17 300   M    M   2        23 300
 5  73  50  62  -9   3   0 0.00  0.0    0  2.7  7 220   M    M   2         M  M
 6  75  59  67  -4   0   2 0.00  0.0    0  4.1  8  40   M    M   7         M  M
 7  77  54  66  -5   0   1 0.00  0.0    0  4.5  9  40   M    M   4         M  M
 8  79  50  65  -6   0   0 0.00  0.0    0  3.0  8 220   M    M   1        12 220
 9  77  57  67  -4   0   2 0.00  0.0    0  7.2 14 210   M    M   2        21 210
10  77  59  68  -3   0   3 0.00  0.0    0  8.6 15 290   M    M   3        21 300
11  75  55  65  -6   0   0 0.00  0.0    0  6.6 15 350   M    M   2        18  20
12  77  54  66  -5   0   1 0.00  0.0    0  3.1  8  70   M    M   1         M  M
13  70  54  62  -9   3   0 0.00  0.0    0  6.8 12 160   M    M   2        15 140
14  79  61  70  -1   0   5 0.63  0.0    0  7.0 15 160   M    M   6        18 170
15  70  59  65  -5   0   0 0.00  0.0    0  7.0 12 100   M    M   6 12      M  M
16  81  64  73   3   0   8 0.40  0.0    0  9.4 15 130   M    M   7 1      21 130
17  75  61  68  -2   0   3 0.00  0.0    0 12.7 21 280   M    M   9        32 280
18  73  57  65  -5   0   0 0.00  0.0    0  3.5  8  20   M    M   3 1       M  M
19  79  54  67  -3   0   2 0.00  0.0    0  4.4 10 190   M    M   1 1       M  M
================================================================================
SM 1447 1066        11  38  1.36     0.0 117.1          M       68
================================================================================
AV 76.2 56.1                               6.2 FASTST   M    M   4    MAX(MPH)
                                 MISC ---->  # 21 320               # 33  320
================================================================================
NOTES:
# LAST OF SEVERAL OCCURRENCES

COLUMN 17 PEAK WIND IN M.P.H.

PRELIMINARY LOCAL CLIMATOLOGICAL DATA (WS FORM: F-6) , PAGE 2

                                          STATION:  CHARLES_CITY IA
                                          MONTH:    AUGUST
                                          YEAR:     2017
                                          LATITUDE:   43  4 N
                                          LONGITUDE:  92 37 W

[TEMPERATURE DATA]      [PRECIPITATION DATA]       SYMBOLS USED IN COLUMN 16

AVERAGE MONTHLY: 66.1   TOTAL FOR MONTH:   1.36    1 = FOG OR MIST
DPTR FM NORMAL:  -4.7   DPTR FM NORMAL:   -1.19    2 = FOG REDUCING VISIBILITY
HIGHEST:    82 ON  2, 1 GRTST 24HR  0.63 ON 14-14      TO 1/4 MILE OR LESS
LOWEST:     50 ON  8, 5                            3 = THUNDER
                        SNOW, ICE PELLETS, HAIL    4 = ICE PELLETS
                        TOTAL MONTH:   0.0 INCH    5 = HAIL
                        GRTST 24HR     0.0         6 = FREEZING RAIN OR DRIZZLE
                        GRTST DEPTH:   0           7 = DUSTSTORM OR SANDSTORM:
                                                       VSBY 1/2 MILE OR LESS
                                                   8 = SMOKE OR HAZE
[NO. OF DAYS WITH]      [WEATHER - DAYS WITH]      9 = BLOWING SNOW
                                                   X = TORNADO
MAX 32 OR BELOW:   0    0.01 INCH OR MORE:   3
MAX 90 OR ABOVE:   0    0.10 INCH OR MORE:   3
MIN 32 OR BELOW:   0    0.50 INCH OR MORE:   1
MIN  0 OR BELOW:   0    1.00 INCH OR MORE:   0

[HDD (BASE 65) ]
TOTAL THIS MO.    11    CLEAR  (SCALE 0-3)  12
DPTR FM NORMAL     2    PTCLDY (SCALE 4-7)   6
TOTAL FM JUL 1    12    CLOUDY (SCALE 8-10)  1
DPTR FM NORMAL    -5

[CDD (BASE 65) ]
TOTAL THIS MO.    38
DPTR FM NORMAL   -82    [PRESSURE DATA]
TOTAL FM JAN 1   490    HIGHEST SLP M ON M
DPTR FM NORMAL   -50    LOWEST  SLP M ON M

[REMARKS]
