000
CXAK56 PACD 191205
CF6CDB

PRELIMINARY LOCAL CLIMATOLOGICAL DATA (WS FORM: F-6)

                                          STATION:   COLD BAY
                                          MONTH:     10
                                          YEAR:      2014
                                          LATITUDE:   55 13 N
                                          LONGITUDE: 162 44 W

  TEMPERATURE IN F:       :PCPN:    SNOW:  WIND      :SUNSHINE: SKY     :PK WND
================================================================================
1   2   3   4   5  6A  6B    7     8   9   10  11  12  13   14  15   16  17  18
                                      12Z  AVG MX 2MIN
DY MAX MIN AVG DEP HDD CDD  WTR   SNW DPTH SPD SPD DIR MIN PSBL S-S WX   SPD DR
================================================================================

 1  53  41  47   3  18   0  0.03  0.0   0 16.1 26   70   M    M   M       35 110
 2  55  44  50   6  15   0  0.00  0.0   0 15.8 29  360   M    M   M       36  20
 3  47  39  43  -1  22   0     T  0.0   0 18.9 32  350   M    M   M       42 350
 4  47  39  43  -1  22   0     T  0.0   0 17.8 28  340   M    M   M       35 360
 5  49  35  42  -1  23   0  0.03  0.0   0  7.8 22  340   M    M   M 1     28 340
 6  50  37  44   1  21   0  0.00  0.0   0  6.9 13  170   M    M   M       15 170
 7  49  43  46   3  19   0     T  0.0   0 20.0 32  130   M    M   M       41 120
 8  49  44  47   5  18   0  0.07  0.0   0 26.0 40   90   M    M   M       53  80
 9  47  40  44   2  21   0  0.04  0.0   0 23.5 35   30   M    M   M 1     44  30
10  43  34  39  -3  26   0  0.02    T   0 18.5 26  310   M    M   M 1     33 310
11  42  30  36  -6  29   0  0.13    T   T 16.4 26  320   M    M   M 15    35 300
12  41  33  37  -4  28   0  0.16    T   T 29.2 43  310   M    M   M 15    52 320
13  43  37  40  -1  25   0  0.02    T   0 24.2 41  320   M    M   M 1     52 320
14  41  34  38  -3  27   0     T    T   0 15.2 24  360   M    M   M 1     28 360
15  41  32  37  -4  28   0  0.06    T   0  8.8 23  320   M    M   M       28 320
16  42  28  35  -5  30   0     T  0.0   0  6.7 16   10   M    M   M       20  20
17  42  32  37  -3  28   0  0.06    T   0 16.9 30  320   M    M   M 1     36 320
18  43  34  39  -1  26   0  0.05    T   0 22.4 36  320   M    M   M 1     45 320
================================================================================
SM  824  656       426   0  0.67     T    311.1           M        M
================================================================================
AV 45.8 36.4                             17.3 FASTST  PSBL  %   M    MAX(MPH)
                                 MISC ---->     43  310                 53  80
================================================================================
NOTES:
# LAST OF SEVERAL OCCURRENCES

COLUMN 17 PEAK WIND IN M.P.H.

PRELIMINARY LOCAL CLIMATOLOGICAL DATA (WS FORM: F-6) , PAGE 2

                                          STATION:   COLD BAY
                                          MONTH:     10
                                          YEAR:      2014
                                          LATITUDE:  55 13 N
                                          LONGITUDE: 162 44 W

[TEMPERATURE DATA]      [PRECIPITATION DATA]       SYMBOLS USED IN COLUMN 16

AVERAGE MONTHLY:41.1   TOTAL FOR MONTH: 0.67       1 = FOG
DPTR FM NORMAL: -1.0   DPTR FM NORMAL: -2.14       2 = FOG REDUCING VISIBILITY
HIGHEST:    55 ON  2    GRTST 24HR   0.16 ON 12        TO 1/4 MILE OR LESS
LOWEST:     28 ON 16                               3 = THUNDER
                        SNOW, ICE PELLETS, HAIL    4 = ICE PELLETS
                        TOTAL MONTH:     T         5 = HAIL
                        GRTST 24HR     T ON 18     6 = GLAZE OR RIME
                        GRTST DEPTH:   T ON 12    7 = BLOWING DUST OR SAND:
                                                       VSBY 1/2 MILE OR LESS
                                                   8 = SMOKE OR HAZE
[NO. OF DAYS WITH]      [WEATHER - DAYS WITH]      9 = BLOWING SNOW
                                                   X = TORNADO
MAX 32 OR BELOW:   0    0.01 INCH OR MORE:  11
MAX 70 OR ABOVE:   0    0.10 INCH OR MORE:   2
MIN 32 OR BELOW:   4    0.50 INCH OR MORE:   0
MIN  0 OR BELOW:   0    1.00 INCH OR MORE:   0

[HDD (BASE 65) ]
TOTAL THIS MO.   426    CLEAR  (SCALE 0-3)   M
DPTR FM NORMAL    12    PTCLDY (SCALE 4-7)   M
SEASONAL TOTAL  1388    CLOUDY (SCALE 8-10)  M
DPTR FM NORMAL  -377

[CDD (BASE 65) ]
TOTAL THIS MO.     0
DPTR FM NORMAL     0    [PRESSURE DATA]
SEASONAL TOTAL     0    HIGHEST SLP     M
DPTR FM NORMAL     0    LOWEST  SLP     M

[REMARKS]
