000
CXUS55 KEAX 260736
CF6CDJ
PRELIMINARY LOCAL CLIMATOLOGICAL DATA (WS FORM: F-6)

                                          STATION:   CHILLICOTHE MO
                                          MONTH:     MAY
                                          YEAR:      2016
                                          LATITUDE:   39 49 N
                                          LONGITUDE:  93 35 W

  TEMPERATURE IN F:       :PCPN:    SNOW:  WIND      :SUNSHINE: SKY     :PK WND
================================================================================
1   2   3   4   5  6A  6B    7    8   9   10  11  12  13   14  15   16   17  18
                                     12Z  AVG MX 2MIN
DY MAX MIN AVG DEP HDD CDD  WTR  SNW DPTH SPD SPD DIR MIN PSBL S-S WX    SPD DR
================================================================================

 1  58  50  54  -4  11   0 0.02    M    M  4.5 12 310   M    M   0        16 310
 2  63  42  53  -6  12   0 0.00    M    M  2.4 12  30   M    M   0        16  40
 3  70  38  54  -5  11   0 0.00    M    M  3.1 12 300   M    M   0        18 280
 4  69  48  59   0   6   0 0.00    M    M  6.3 17  10   M    M   0        27 350
 5  73  42  58  -2   7   0 0.00    M    M  2.2 10  20   M    M   0        19 360
 6  83  44  64   4   1   0 0.00    M    M  4.2 13 180   M    M   0        18 250
 7  82  58  70  10   0   5 0.01    M    M  4.9 18  40   M    M   0        23  50
 8  73  54  64   4   1   0 0.37    M    M  5.8 17 150   M    M   0 3      27 150
 9  71  62  67   6   0   2 0.23    M    M  6.9 15 150   M    M   0 3      21 160
10  81  59  70   9   0   5 0.01    M    M  2.5 10  50   M    M   0        14  60
11  78  57  68   7   0   3 0.42    M    M  4.3 15 140   M    M   0 3      25 130
12  70  49  60  -2   5   0 0.00    M    M  5.4 18 300   M    M   0        31 300
13  81  43  62   0   3   0    T    M    M  7.8 21 190   M    M   0        34 280
14  62  40  51 -11  14   0 0.00    M    M  7.2 20 310   M    M   0        25 340
15  69  39  54  -9  11   0 0.00    M    M  2.6 13 300   M    M   0        17 310
16  57  51  54  -9  11   0 0.45    M    M  4.2 10 120   M    M   0        18 140
17  64  51  58  -5   7   0 0.02    M    M  4.8 12  50   M    M   0        17  50
18  71  46  59  -5   6   0 0.00    M    M  1.5  8  90   M    M   0        12 110
19  70  43  57  -7   8   0 0.00    M    M  3.0 13 180   M    M   0        19 190
20  65  49  57  -7   8   0 0.01    M    M  3.7 12  40   M    M   0        17  60
21  74  46  60  -5   5   0 0.00    M    M  2.1 12  40   M    M   0        14  40
22  81  45  63  -2   2   0 0.00    M    M  5.0 16 140   M    M   0        21 130
23  80  59  70   5   0   5 0.00    M    M  5.0 15 180   M    M   0        21 170
24  78  62  70   4   0   5 0.00    M    M  4.6 14 150   M    M   0        25 140
25  85  66  76  10   0  11 0.00    M    M  5.3 16 190   M    M   0        23 200
================================================================================
SM 1808 1243       129  36  1.54    M    109.3          M        0
================================================================================
AV 72.3 49.7                               4.4 FASTST   M    M   0    MAX(MPH)
                                 MISC ---->  # 21 190               # 34  280
================================================================================
NOTES:
# LAST OF SEVERAL OCCURRENCES

COLUMN 17 PEAK WIND IN M.P.H.

PRELIMINARY LOCAL CLIMATOLOGICAL DATA (WS FORM: F-6) , PAGE 2

                                          STATION:  CHILLICOTHE MO
                                          MONTH:    MAY
                                          YEAR:     2016
                                          LATITUDE:   39 49 N
                                          LONGITUDE:  93 35 W

[TEMPERATURE DATA]      [PRECIPITATION DATA]       SYMBOLS USED IN COLUMN 16

AVERAGE MONTHLY: 61.0   TOTAL FOR MONTH:   1.54    1 = FOG OR MIST
DPTR FM NORMAL:  -1.1   DPTR FM NORMAL:   -2.44    2 = FOG REDUCING VISIBILITY
HIGHEST:    85 ON 25    GRTST 24HR  0.51 ON  8- 9      TO 1/4 MILE OR LESS
LOWEST:     38 ON  3                               3 = THUNDER
                        SNOW, ICE PELLETS, HAIL    4 = ICE PELLETS
                        TOTAL MONTH:    M          5 = HAIL
                        GRTST 24HR    M  ON   M    6 = FREEZING RAIN OR DRIZZLE
                        GRTST DEPTH:  M  ON   M    7 = DUSTSTORM OR SANDSTORM:
                                                       VSBY 1/2 MILE OR LESS
                                                   8 = SMOKE OR HAZE
[NO. OF DAYS WITH]      [WEATHER - DAYS WITH]      9 = BLOWING SNOW
                                                   X = TORNADO
MAX 32 OR BELOW:   0    0.01 INCH OR MORE:   9
MAX 90 OR ABOVE:   0    0.10 INCH OR MORE:   4
MIN 32 OR BELOW:   0    0.50 INCH OR MORE:   0
MIN  0 OR BELOW:   0    1.00 INCH OR MORE:   0

[HDD (BASE 65) ]
TOTAL THIS MO.   129    CLEAR  (SCALE 0-3)  25
DPTR FM NORMAL    14    PTCLDY (SCALE 4-7)   0
TOTAL FM JUL 1  4306    CLOUDY (SCALE 8-10)  0
DPTR FM NORMAL -1180

[CDD (BASE 65) ]
TOTAL THIS MO.    36
DPTR FM NORMAL    -6    [PRESSURE DATA]
TOTAL FM JAN 1    50    HIGHEST SLP  0.00 ON M
DPTR FM NORMAL    -6    LOWEST  SLP  0.00 ON M

[REMARKS]
