000
CXUS55 KEAX 240736
CF6CDJ
PRELIMINARY LOCAL CLIMATOLOGICAL DATA (WS FORM: F-6)

                                          STATION:   CHILLICOTHE
                                          MONTH:     FEBRUARY
                                          YEAR:      2017
                                          LATITUDE:   39 49 N
                                          LONGITUDE:  93 35 W

  TEMPERATURE IN F:       :PCPN:    SNOW:  WIND      :SUNSHINE: SKY     :PK WND
================================================================================
1   2   3   4   5  6A  6B    7    8   9   10  11  12  13   14  15   16   17  18
                                     12Z  AVG MX 2MIN
DY MAX MIN AVG DEP HDD CDD  WTR  SNW DPTH SPD SPD DIR MIN PSBL S-S WX    SPD DR
================================================================================

 1  42  29  36   8  29   0 0.00    M    M  6.7 13 330   M    M   0        20 320
 2  33  18  26  -2  39   0 0.00    M    M  6.5 15 330   M    M   0        23 320
 3  35  20  28   0  37   0 0.00    M    M  2.7 10 340   M    M   0        14 340
 4  44  19  32   3  33   0 0.00    M    M 10.5 23 190   M    M   0        33 190
 5  47  27  37   8  28   0 0.00    M    M  2.1  9 350   M    M   0        13 340
 6  57  25  41  12  24   0 0.00    M    M  3.0  9 130   M    M   0        14 150
 7  52  28  40  11  25   0 0.00    M    M  8.9 20 300   M    M   0        27 310
 8  29  15  22  -7  43   0 0.02    M    M  8.6 17  10   M    M   0        28 360
 9  29  14  22  -8  43   0 0.00    M    M  5.4 10 110   M    M   0        17 320
10  67  24  46  16  19   0 0.00    M    M  7.7 20 210   M    M   0        28 200
11  64  36  50  20  15   0 0.00    M    M  3.8 12 350   M    M   0        17 340
12  54  25  40  10  25   0 0.00    M    M  7.1 20 360   M    M   0        31 350
13  51  22  37   6  28   0 0.00    M    M  2.8 14 200   M    M   0        18 200
14  58  28  43  12  22   0 0.00    M    M  4.8 12 320   M    M   0        20 350
15  51  25  38   7  27   0 0.00    M    M  4.1 12 310   M    M   0        18 340
16  74  27  51  19  14   0 0.00    M    M  8.6 18 240   M    M   0        31 230
17  74  40  57  25   8   0 0.00    M    M  8.8 20 200   M    M   0        24 200
18  73  35  54  22  11   0 0.00    M    M  2.4  8 210   M    M   0        11 230
19  75  35  55  23  10   0 0.00    M    M  4.8 16 140   M    M   0        23 140
20  67  55  61  28   4   0 0.07    M    M  7.2 16 180   M    M   0        25 180
21  73  42  58  25   7   0 0.00    M    M  2.7 10 360   M    M   0        15 360
22  78  41  60  26   5   0 0.00    M    M  7.0 23 200   M    M   0        29 210
23  55  42  49  15  16   0 0.00    M    M  8.9 18 100   M    M   0        27  80
================================================================================
SM 1282  672       512   0  0.09    M    135.1          M        0
================================================================================
AV 55.7 29.2                               5.9 FASTST   M    M   0    MAX(MPH)
                                 MISC ---->  # 23 190               # 33  190
================================================================================
NOTES:
# LAST OF SEVERAL OCCURRENCES

COLUMN 17 PEAK WIND IN M.P.H.

PRELIMINARY LOCAL CLIMATOLOGICAL DATA (WS FORM: F-6) , PAGE 2

                                          STATION:  CHILLICOTHE
                                          MONTH:    FEBRUARY
                                          YEAR:     2017
                                          LATITUDE:   39 49 N
                                          LONGITUDE:  93 35 W

[TEMPERATURE DATA]      [PRECIPITATION DATA]       SYMBOLS USED IN COLUMN 16

AVERAGE MONTHLY: 42.5   TOTAL FOR MONTH:   0.09    1 = FOG OR MIST
DPTR FM NORMAL:  11.9   DPTR FM NORMAL:   -1.15    2 = FOG REDUCING VISIBILITY
HIGHEST:    78 ON 22    GRTST 24HR  0.07 ON 20-20      TO 1/4 MILE OR LESS
LOWEST:     14 ON  9                               3 = THUNDER
                        SNOW, ICE PELLETS, HAIL    4 = ICE PELLETS
                        TOTAL MONTH:    M          5 = HAIL
                        GRTST 24HR    M  ON   M    6 = FREEZING RAIN OR DRIZZLE
                        GRTST DEPTH:  M  ON   M    7 = DUSTSTORM OR SANDSTORM:
                                                       VSBY 1/2 MILE OR LESS
                                                   8 = SMOKE OR HAZE
[NO. OF DAYS WITH]      [WEATHER - DAYS WITH]      9 = BLOWING SNOW
                                                   X = TORNADO
MAX 32 OR BELOW:   2    0.01 INCH OR MORE:   2
MAX 90 OR ABOVE:   0    0.10 INCH OR MORE:   0
MIN 32 OR BELOW:  15    0.50 INCH OR MORE:   0
MIN  0 OR BELOW:   0    1.00 INCH OR MORE:   0

[HDD (BASE 65) ]
TOTAL THIS MO.   512    CLEAR  (SCALE 0-3)  23
DPTR FM NORMAL  -278    PTCLDY (SCALE 4-7)   0
TOTAL FM JUL 1  3217    CLOUDY (SCALE 8-10)  0
DPTR FM NORMAL  -961

[CDD (BASE 65) ]
TOTAL THIS MO.     0
DPTR FM NORMAL     0    [PRESSURE DATA]
TOTAL FM JAN 1     0    HIGHEST SLP  0.00 ON M
DPTR FM NORMAL     0    LOWEST  SLP  0.00 ON M

[REMARKS]
