000
CXUS55 KCYS 011657 CCA
CF6CDR

PRELIMINARY LOCAL CLIMATOLOGICAL DATA (WS FORM: F-6)     ...CORRECTED...

                                          STATION:   CHADRON NEBRASKA AIRPORT
                                          MONTH:     JULY
                                          YEAR:      2015
                                          LATITUDE:   42 50 N
                                          LONGITUDE: 103  6 W

  TEMPERATURE IN F:       :PCPN:    SNOW:  WIND      :SUNSHINE: SKY     :PK WND
================================================================================
1   2   3   4   5  6A  6B    7    8   9   10  11  12  13   14  15   16   17  18
                                     12Z  AVG MX 2MIN
DY MAX MIN AVG DEP HDD CDD  WTR  SNW DPTH SPD SPD DIR MIN PSBL S-S WX    SPD DR
================================================================================

 1  90  61  76   5   0  11 0.56    M    M  7.8 35  40   M    M   1 138    43  50
 2  82  59  71   0   0   6 0.08    M    M  7.7 21 190   M    M   2 13     24 190
 3  86  56  71   0   0   6 0.00    M    M  3.3 16 160   M    M   0 1      21 160
 4  95  64  80   8   0  15 0.00    M    M  6.5 18 180   M    M   1        23 180
 5  91  61  76   4   0  11 1.03    M    M  9.7 32  10   M    M   2 13     42 360
 6  73  58  66  -6   0   1 0.18    M    M  6.8 16  10   M    M   7 18     21  10
 7  74  57  66  -6   0   1    T    M    M 10.0 21 180   M    M   7 18     27 210
 8  72  54  63 -10   2   0 0.09    M    M  5.9 22 180   M    M   4 18     30 180
 9  76  52  64  -9   1   0    T    M    M  8.4 22 180   M    M   3 1      29 190
10  84  60  72  -1   0   7 0.00    M    M  9.0 22 180   M    M   1 8      29 180
11  92  60  76   3   0  11 0.00    M    M  8.6 20 250   M    M   0        26 240
12  96  59  78   5   0  13    T    M    M  9.1 22 230   M    M   0        30 220
13  95  54  75   1   0  10 0.00    M    M  5.9 15 180   M    M   0        18 180
14  93  55  74   0   0   9 0.00    M    M  5.0 15 130   M    M   0        19 130
15  87  61  74   0   0   9 0.29    M    M  7.8 25 270   M    M   4 13     31 270
16  87  57  72  -2   0   7 0.00    M    M  7.4 17 280   M    M   0 8      22 270
17  82  57  70  -4   0   5 0.06    M    M  7.3 16 170   M    M   1 38     23  80
18  81  54  68  -6   0   3 0.01    M    M  4.0 14 150   M    M   1        17 290
19  90  53  72  -2   0   7 0.00    M    M  5.6 13 290   M    M   1        19 290
20  85  57  71  -3   0   6 0.00    M    M  5.7 12 150   M    M   1        15 150
21  77  58  68  -7   0   3 0.04    M    M 10.3 21 190   M    M   3        27 190
22  91  56  74  -1   0   9 0.00    M    M  5.2 32 230   M    M   0        39 230
23  98  55  77   2   0  12 0.00    M    M  8.0 21 260   M    M   0        26 260
24  93  55  74  -1   0   9    T    M    M  6.5 18 150   M    M   0 3      26 150
25  90  60  75   0   0  10 0.00    M    M  4.9 15  10   M    M   1        20  20
26 100  57  79   4   0  14 0.00    M    M  9.2 32 170   M    M   0        37 170
27  96  62  79   4   0  14 0.00    M    M 12.8 32 310   M    M   0 3      43 310
28  82  47  65 -10   0   0 0.00    M    M 11.9 23 310   M    M   0        34 270
29  88  43  66  -9   0   1 0.00    M    M  4.8 15 190   M    M   0        19 200
30  92  50  71  -4   0   6 0.00    M    M  3.3 10  70   M    M   0        14  60
31  95  51  73  -2   0   8 0.00    M    M  4.8 17 200   M    M   0        23 220
================================================================================
SM 2713 1743         3 224  2.34    M    223.2          M       40
================================================================================
AV 87.5 56.2                               7.2 FASTST   M    M   1    MAX(MPH)
                                 MISC ---->    35  40               # 43  310
================================================================================
NOTES:
# LAST OF SEVERAL OCCURRENCES

COLUMN 17 PEAK WIND IN M.P.H.

PRELIMINARY LOCAL CLIMATOLOGICAL DATA (WS FORM: F-6) , PAGE 2

                                          STATION:  CHADRON NEBRASKA AIRPORT
                                          MONTH:    JULY
                                          YEAR:     2015
                                          LATITUDE:   42 50 N
                                          LONGITUDE: 103  6 W

[TEMPERATURE DATA]      [PRECIPITATION DATA]       SYMBOLS USED IN COLUMN 16

AVERAGE MONTHLY: 71.9   TOTAL FOR MONTH:   2.34    1 = FOG OR MIST
DPTR FM NORMAL:  -1.7   DPTR FM NORMAL:    0.23    2 = FOG REDUCING VISIBILITY
HIGHEST:   100 ON 26    GRTST 24HR  1.21 ON  5- 6      TO 1/4 MILE OR LESS
LOWEST:     43 ON 29                               3 = THUNDER
                        SNOW, ICE PELLETS, HAIL    4 = ICE PELLETS
                        TOTAL MONTH:    M          5 = HAIL
                        GRTST 24HR    M  ON   M    6 = FREEZING RAIN OR DRIZZLE
                        GRTST DEPTH:  M  ON   M    7 = DUSTSTORM OR SANDSTORM:
                                                       VSBY 1/2 MILE OR LESS
                                                   8 = SMOKE OR HAZE
[NO. OF DAYS WITH]      [WEATHER - DAYS WITH]      9 = BLOWING SNOW
                                                   X = TORNADO
MAX 32 OR BELOW:   0    0.01 INCH OR MORE:   9
MAX 90 OR ABOVE:  16    0.10 INCH OR MORE:   4
MIN 32 OR BELOW:   0    0.50 INCH OR MORE:   2
MIN  0 OR BELOW:   0    1.00 INCH OR MORE:   1

[HDD (BASE 65) ]
TOTAL THIS MO.     3    CLEAR  (SCALE 0-3)  27
DPTR FM NORMAL    -7    PTCLDY (SCALE 4-7)   4
TOTAL FM JUL 1     3    CLOUDY (SCALE 8-10)  0
DPTR FM NORMAL    -7

[CDD (BASE 65) ]
TOTAL THIS MO.   224
DPTR FM NORMAL   -52    [PRESSURE DATA]
TOTAL FM JAN 1   357    HIGHEST SLP 30.28 ON 29
DPTR FM NORMAL   -47    LOWEST  SLP 29.50 ON 27

[REMARKS]

NEW RECORD DAILY PRECIPITATION AMOUNT OF 1.03 INCH SET ON THE 5TH.  THE OLD
 RECORD WAS 0.78 INCH SET IN 1919.

TIED RECORD LOW TEMPERATURE OF 43 DEGREES ON THE 29TH, LAST SET IN 2004.
#FINAL-07-15#
