000
CXUS55 KCYS 281000
CF6CDR
PRELIMINARY LOCAL CLIMATOLOGICAL DATA (WS FORM: F-6)

                                          STATION:   CHADRON NEBRASKA AIRPORT
                                          MONTH:     MAY
                                          YEAR:      2017
                                          LATITUDE:   42 50 N
                                          LONGITUDE: 103  6 W

  TEMPERATURE IN F:       :PCPN:    SNOW:  WIND      :SUNSHINE: SKY     :PK WND
================================================================================
1   2   3   4   5  6A  6B    7    8   9   10  11  12  13   14  15   16   17  18
                                     12Z  AVG MX 2MIN
DY MAX MIN AVG DEP HDD CDD  WTR  SNW DPTH SPD SPD DIR MIN PSBL S-S WX    SPD DR
================================================================================

 1  59  32  46  -4  19   0 0.02    M    M 15.0 33 300   M    M   6        42 310
 2  54  32  43  -8  22   0    T    M    M  3.4 14 250   M    M   6        18 310
 3  58  33  46  -5  19   0 0.01    M    M  6.2 20 310   M    M   5 1      25 320
 4  71  30  51  -1  14   0 0.00    M    M  3.8 10  70   M    M   0        14  50
 5  81  34  58   6   7   0 0.00    M    M  3.0  9 250   M    M   0        10  70
 6  87  39  63  11   2   0 0.00    M    M 12.6 32 170   M    M   0        42 170
 7  86  58  72  19   0   7 0.00    M    M  7.1 26 180   M    M   0        32 170
 8  66  49  58   5   7   0 0.00    M    M  6.4 17  40   M    M   6        21  30
 9  64  49  57   3   8   0 0.50    M    M  8.8 20 300   M    M   9 138    25 290
10  60  40  50  -4  15   0 0.53    M    M  7.4 17  40   M    M   7 13     22  30
11  70  37  54   0  11   0 0.00    M    M  5.1 14 170   M    M   2 8      20 160
12  79  47  63   8   2   0 0.00    M    M 16.5 33 170   M    M   0        42 170
13  85  54  70  15   0   5 0.02    M    M 14.8 32 130   M    M   1 3      49 160
14  72  50  61   6   4   0 0.18    M    M  8.9 51 260   M    M   1 3      72 260
15  77  50  64   8   1   0 0.22    M    M 10.1 35 160   M    M   4 13     51 160
16  70  48  59   3   6   0 0.18    M    M  5.1 25 240   M    M   5 13     32 260
17  55  47  51  -5  14   0    T    M    M  9.6 21  40   M    M  10 8      27  50
18  47  39  43 -14  22   0 0.85    M    M 15.0 23  40   M    M  10 1      29  30
19  44  39  42 -15  23   0 0.35    M    M 10.7 21  20   M    M  10 1      24  30
20  56  37  47 -10  18   0 0.10    M    M  7.6 17  10   M    M   9 1      22 340
21  67  35  51  -7  14   0 0.00    M    M  9.4 23 290   M    M   1        28 300
22  61  38  50  -8  15   0 0.17    M    M  6.8 29  10   M    M   5 13     36 350
23  62  39  51  -7  14   0 0.00    M    M 10.0 22  30   M    M   4        29  30
24  81  37  59   0   6   0 0.00    M    M 13.2 30 170   M    M   0        40 180
25  71  44  58  -1   7   0 0.00    M    M  6.7 17  10   M    M   1        25 360
26  66  43  55  -4  10   0 0.17    M    M  6.4 24 150   M    M   4 1      30 150
27  67  47  57  -3   8   0 0.05    M    M  5.0 22 310   M    M   6 3      29 320
================================================================================
SM 1816 1127       288  12  3.35    M    234.6          M      112
================================================================================
AV 67.3 41.7                               8.7 FASTST   M    M   4    MAX(MPH)
                                 MISC ---->  # 51 260               # 72  260
================================================================================
NOTES:
# LAST OF SEVERAL OCCURRENCES

COLUMN 17 PEAK WIND IN M.P.H.

PRELIMINARY LOCAL CLIMATOLOGICAL DATA (WS FORM: F-6) , PAGE 2

                                          STATION:  CHADRON NEBRASKA AIRPORT
                                          MONTH:    MAY
                                          YEAR:     2017
                                          LATITUDE:   42 50 N
                                          LONGITUDE: 103  6 W

[TEMPERATURE DATA]      [PRECIPITATION DATA]       SYMBOLS USED IN COLUMN 16

AVERAGE MONTHLY: 54.5   TOTAL FOR MONTH:   3.35    1 = FOG OR MIST
DPTR FM NORMAL:  -0.7   DPTR FM NORMAL:    1.00    2 = FOG REDUCING VISIBILITY
HIGHEST:    87 ON  6    GRTST 24HR  0.85 ON 18-18      TO 1/4 MILE OR LESS
LOWEST:     30 ON  4                               3 = THUNDER
                        SNOW, ICE PELLETS, HAIL    4 = ICE PELLETS
                        TOTAL MONTH:    M          5 = HAIL
                        GRTST 24HR    M  ON   M    6 = FREEZING RAIN OR DRIZZLE
                        GRTST DEPTH:  M  ON   M    7 = DUSTSTORM OR SANDSTORM:
                                                       VSBY 1/2 MILE OR LESS
                                                   8 = SMOKE OR HAZE
[NO. OF DAYS WITH]      [WEATHER - DAYS WITH]      9 = BLOWING SNOW
                                                   X = TORNADO
MAX 32 OR BELOW:   0    0.01 INCH OR MORE:  14
MAX 90 OR ABOVE:   0    0.10 INCH OR MORE:  10
MIN 32 OR BELOW:   3    0.50 INCH OR MORE:   3
MIN  0 OR BELOW:   0    1.00 INCH OR MORE:   0

[HDD (BASE 65) ]
TOTAL THIS MO.   288    CLEAR  (SCALE 0-3)  11
DPTR FM NORMAL     8    PTCLDY (SCALE 4-7)  11
TOTAL FM JUL 1  6432    CLOUDY (SCALE 8-10)  5
DPTR FM NORMAL  -611

[CDD (BASE 65) ]
TOTAL THIS MO.    12
DPTR FM NORMAL     1    [PRESSURE DATA]
TOTAL FM JAN 1    12    HIGHEST SLP M ON M
DPTR FM NORMAL    -1    LOWEST  SLP 29.33 ON 25

[REMARKS]
