000
CXUS54 KLUB 270755
CF6CDS
PRELIMINARY LOCAL CLIMATOLOGICAL DATA (WS FORM: F-6)

                                          STATION:   CHILDRESS
                                          MONTH:     FEBRUARY
                                          YEAR:      2017
                                          LATITUDE:   34 25 N
                                          LONGITUDE: 100 17 W

  TEMPERATURE IN F:       :PCPN:    SNOW:  WIND      :SUNSHINE: SKY     :PK WND
================================================================================
1   2   3   4   5  6A  6B    7    8   9   10  11  12  13   14  15   16   17  18
                                     12Z  AVG MX 2MIN
DY MAX MIN AVG DEP HDD CDD  WTR  SNW DPTH SPD SPD DIR MIN PSBL S-S WX    SPD DR
================================================================================

 1  59  37  48   5  17   0 0.00  0.0    0 13.7 25  20   M    M   0        30  20
 2  43  25  34  -9  31   0 0.00  0.0    0 11.9 22  20   M    M   0        27  10
 3  43  23  33 -10  32   0 0.00  0.0    0  7.7 14  50   M    M   0        18  60
 4  63  37  50   7  15   0 0.00  0.0    0 10.6 23 210   M    M   5        29 220
 5  73  32  53  10  12   0 0.00  0.0    0  7.6 14 120   M    M   1 12     17 110
 6  82  36  59  16   6   0 0.00  0.0    0 13.8 36 260   M    M   0        43 250
 7  76  49  63  20   2   0 0.00  0.0    0 11.0 22 290   M    M   0        27 290
 8  61  36  49   5  16   0 0.00  0.0    0 12.1 28  20   M    M   0        36  20
 9  61  27  44   0  21   0 0.00  0.0    0  9.3 22 180   M    M   0        27 170
10  90  42  66  22   0   1 0.00  0.0    0 15.3 28 230   M    M   0        33 230
11  95  52  74  30   0   9 0.00  0.0    0 11.3 24 260   M    M   0        32 260
12  64  43  54  10  11   0 0.00  0.0    0 18.3 35 360   M    M   0        42 360
13  44  36  40  -5  25   0 2.19  0.0    0 10.0 21  50   M    M   9 13     28  50
14  42  35  39  -6  26   0 0.31    T    0 13.6 26 360   M    M   9 1      33 360
15  55  32  44  -1  21   0 0.00  0.0    0  7.3 13  10   M    M   0        16  10
16  68  34  51   6  14   0 0.00  0.0    0 10.3 22 200   M    M   0        27 210
17  73  38  56  10   9   0 0.00  0.0    0 10.1 17 180   M    M   0        24 190
18  67  42  55   9  10   0 0.00  0.0    0  6.3 14  40   M    M   4 12     19  30
19  74  46  60  14   5   0    T  0.0    0  9.5 21 270   M    M   5 12     28 170
20  73  45  59  13   6   0 0.00  0.0    0  9.6 24  10   M    M   0        31  10
21  77  40  59  12   6   0 0.00  0.0    0  6.7 10 180   M    M   0        13 300
22  88  45  67  20   0   2 0.00  0.0    0  8.4 20 310   M    M   0        25 300
23  87  49  68  21   0   3 0.00  0.0    0 13.8 37 250   M    M   0        48 240
24  55  32  44  -3  21   0 0.00  0.0    0 13.9 29 360   M    M   0        34 340
25  50  26  38 -10  27   0 0.00  0.0    0  7.6 16 140   M    M   0        23 140
26  64  33  49   1  16   0 0.00  0.0    0  6.7 14 110   M    M   1        20 110
================================================================================
SM 1727  972       349  15  2.50    T    276.4          M       34
================================================================================
AV 66.4 37.4                              10.6 FASTST   M    M   1    MAX(MPH)
                                 MISC ---->  # 37 250               # 48  240
================================================================================
NOTES:
# LAST OF SEVERAL OCCURRENCES

COLUMN 17 PEAK WIND IN M.P.H.

PRELIMINARY LOCAL CLIMATOLOGICAL DATA (WS FORM: F-6) , PAGE 2

                                          STATION:  CHILDRESS
                                          MONTH:    FEBRUARY
                                          YEAR:     2017
                                          LATITUDE:   34 25 N
                                          LONGITUDE: 100 17 W

[TEMPERATURE DATA]      [PRECIPITATION DATA]       SYMBOLS USED IN COLUMN 16

AVERAGE MONTHLY: 51.9   TOTAL FOR MONTH:   2.50    1 = FOG OR MIST
DPTR FM NORMAL:   6.9   DPTR FM NORMAL:    1.53    2 = FOG REDUCING VISIBILITY
HIGHEST:    95 ON 11    GRTST 24HR  2.25 ON 13-14      TO 1/4 MILE OR LESS
LOWEST:     23 ON  3                               3 = THUNDER
                        SNOW, ICE PELLETS, HAIL    4 = ICE PELLETS
                        TOTAL MONTH:    T          5 = HAIL
                        GRTST 24HR    T  ON 14-14  6 = FREEZING RAIN OR DRIZZLE
                        GRTST DEPTH:   0           7 = DUSTSTORM OR SANDSTORM:
                                                       VSBY 1/2 MILE OR LESS
                                                   8 = SMOKE OR HAZE
[NO. OF DAYS WITH]      [WEATHER - DAYS WITH]      9 = BLOWING SNOW
                                                   X = TORNADO
MAX 32 OR BELOW:   0    0.01 INCH OR MORE:   2
MAX 90 OR ABOVE:   2    0.10 INCH OR MORE:   2
MIN 32 OR BELOW:   7    0.50 INCH OR MORE:   1
MIN  0 OR BELOW:   0    1.00 INCH OR MORE:   1

[HDD (BASE 65) ]
TOTAL THIS MO.   349    CLEAR  (SCALE 0-3)  21
DPTR FM NORMAL  -174    PTCLDY (SCALE 4-7)   3
TOTAL FM JUL 1  1941    CLOUDY (SCALE 8-10)  2
DPTR FM NORMAL  -585

[CDD (BASE 65) ]
TOTAL THIS MO.    15
DPTR FM NORMAL    15    [PRESSURE DATA]
TOTAL FM JAN 1    15    HIGHEST SLP M ON M
DPTR FM NORMAL    15    LOWEST  SLP 29.34 ON 23

[REMARKS]
