000
CXUS54 KLUB 270755
CF6CDS
PRELIMINARY LOCAL CLIMATOLOGICAL DATA (WS FORM: F-6)

                                          STATION:   CHILDRESS
                                          MONTH:     AUGUST
                                          YEAR:      2015
                                          LATITUDE:   34 25 N
                                          LONGITUDE: 100 17 W

  TEMPERATURE IN F:       :PCPN:    SNOW:  WIND      :SUNSHINE: SKY     :PK WND
================================================================================
1   2   3   4   5  6A  6B    7    8   9   10  11  12  13   14  15   16   17  18
                                     12Z  AVG MX 2MIN
DY MAX MIN AVG DEP HDD CDD  WTR  SNW DPTH SPD SPD DIR MIN PSBL S-S WX    SPD DR
================================================================================

 1  82  70  76  -8   0  11 0.69  0.0    0  7.2 17 320   M    M   4 13     26 320
 2  94  70  82  -1   0  17 0.04  0.0    0  7.5 15 170   M    M   1 13     20 160
 3  93  71  82  -1   0  17 0.00  0.0    0  9.0 16 140   M    M   2        22 110
 4  94  70  82  -1   0  17 0.00  0.0    0  8.2 16 200   M    M   1 3      22 200
 5 103  71  87   4   0  22 0.00  0.0    0  9.0 18 180   M    M   0        22 190
 6 105  72  89   6   0  24 0.00  0.0    0 10.0 22 210   M    M   0 8      27 210
 7 104  75  90   7   0  25 0.00  0.0    0  8.3 18 190   M    M   0        26 170
 8 102  73  88   5   0  23 0.00  0.0    0 10.8 21 170   M    M   0        37 160
 9 102  78  90   7   0  25 0.00  0.0    0  9.4 18 210   M    M   1 8      25 210
10  97  73  85   2   0  20 0.00  0.0    0  9.4 20  50   M    M   0        25  50
11  94  76  85   2   0  20 0.00  0.0    0  7.5 15 350   M    M   1        19  80
12  91  73  82  -1   0  17 0.00  0.0    0  7.5 13 100   M    M   0        18  90
13 100  69  85   2   0  20 0.00  0.0    0  7.3 14 140   M    M   0        19 220
14  99  73  86   3   0  21 0.00  0.0    0 10.5 22 130   M    M   0        30 130
15  97  72  85   3   0  20 0.00  0.0    0  7.6 15 140   M    M   2        24 170
16  96  68  82   0   0  17 0.00  0.0    0  8.9 16 140   M    M   1        23 140
17  92  73  83   1   0  18 0.00  0.0    0  6.8 16 170   M    M   3        20 170
18  99  76  88   6   0  23    T  0.0    0 10.0 25 200   M    M   2        31 210
19  84  60  72 -10   0   7 1.07  0.0    0 11.6 41  10   M    M   6 138    52 360
20  82  59  71 -11   0   6 0.00  0.0    0  6.1 15 140   M    M   1        20 140
21  93  68  81  -1   0  16 0.00  0.0    0 11.8 22 150   M    M   3        27 150
22  98  69  84   2   0  19 0.00  0.0    0 11.8 20 180   M    M   0        26 180
23  80  66  73  -8   0   8 0.00  0.0    0 11.3 23  20   M    M   3 8      31  30
24  92  61  77  -4   0  12 0.00  0.0    0  4.6 12 110   M    M   0        19  80
25  97  68  83   2   0  18 0.00  0.0    0  6.5 20 140   M    M   0        26 140
26  98  68  83   2   0  18 0.00  0.0    0  4.8 10 130   M    M   0        13 220
================================================================================
SM 2468 1822         0 461  1.80     0.0 223.4          M       31
================================================================================
AV 94.9 70.1                               8.6 FASTST   M    M   1    MAX(MPH)
                                 MISC ---->  # 41  10               # 52  360
================================================================================
NOTES:
# LAST OF SEVERAL OCCURRENCES

COLUMN 17 PEAK WIND IN M.P.H.

PRELIMINARY LOCAL CLIMATOLOGICAL DATA (WS FORM: F-6) , PAGE 2

                                          STATION:  CHILDRESS
                                          MONTH:    AUGUST
                                          YEAR:     2015
                                          LATITUDE:   34 25 N
                                          LONGITUDE: 100 17 W

[TEMPERATURE DATA]      [PRECIPITATION DATA]       SYMBOLS USED IN COLUMN 16

AVERAGE MONTHLY: 82.5   TOTAL FOR MONTH:   1.80    1 = FOG OR MIST
DPTR FM NORMAL:   0.1   DPTR FM NORMAL:   -0.40    2 = FOG REDUCING VISIBILITY
HIGHEST:   105 ON  6    GRTST 24HR  1.07 ON 19-19      TO 1/4 MILE OR LESS
LOWEST:     59 ON 20                               3 = THUNDER
                        SNOW, ICE PELLETS, HAIL    4 = ICE PELLETS
                        TOTAL MONTH:   0.0 INCH    5 = HAIL
                        GRTST 24HR     0.0         6 = FREEZING RAIN OR DRIZZLE
                        GRTST DEPTH:   0           7 = DUSTSTORM OR SANDSTORM:
                                                       VSBY 1/2 MILE OR LESS
                                                   8 = SMOKE OR HAZE
[NO. OF DAYS WITH]      [WEATHER - DAYS WITH]      9 = BLOWING SNOW
                                                   X = TORNADO
MAX 32 OR BELOW:   0    0.01 INCH OR MORE:   3
MAX 90 OR ABOVE:  22    0.10 INCH OR MORE:   2
MIN 32 OR BELOW:   0    0.50 INCH OR MORE:   2
MIN  0 OR BELOW:   0    1.00 INCH OR MORE:   1

[HDD (BASE 65) ]
TOTAL THIS MO.     0    CLEAR  (SCALE 0-3)  24
DPTR FM NORMAL     0    PTCLDY (SCALE 4-7)   2
TOTAL FM JUL 1     0    CLOUDY (SCALE 8-10)  0
DPTR FM NORMAL     0

[CDD (BASE 65) ]
TOTAL THIS MO.   461
DPTR FM NORMAL    10    [PRESSURE DATA]
TOTAL FM JAN 1  1692    HIGHEST SLP M ON M
DPTR FM NORMAL   -61    LOWEST  SLP 29.58 ON 18

[REMARKS]
