000
CXUS56 KEKA 251230
CF6CEC
PRELIMINARY LOCAL CLIMATOLOGICAL DATA (WS FORM: F-6)

                                          STATION:   CRESCENT CITY CA
                                          MONTH:     SEPTEMBER
                                          YEAR:      2016
                                          LATITUDE:   41 46 N
                                          LONGITUDE: 124 14 W

  TEMPERATURE IN F:       :PCPN:    SNOW:  WIND      :SUNSHINE: SKY     :PK WND
================================================================================
1   2   3   4   5  6A  6B    7    8   9   10  11  12  13   14  15   16   17  18
                                     12Z  AVG MX 2MIN
DY MAX MIN AVG DEP HDD CDD  WTR  SNW DPTH SPD SPD DIR MIN PSBL S-S WX    SPD DR
================================================================================

 1  66  56  61   4   4   0 0.00  0.0    0  3.7 12 320   M    M   5 2      16 320
 2  67  54  61   4   4   0 0.00  0.0    0  9.0 22 330   M    M   2 2      29 320
 3  65  47  56  -1   9   0 0.00  0.0    0 13.8 30 330   M    M   0 2      42 330
 4  62  53  58   2   7   0 0.00  0.0    0 15.7 28 330   M    M   0        37 330
 5  63  45  54  -2  11   0 0.00  0.0    0 10.8 25 330   M    M   0 18     36 330
 6  65  49  57   1   8   0 0.00  0.0    0  9.0 23 340   M    M   4 18     31 340
 7  65  52  59   3   6   0 0.00  0.0    0  8.7 20 350   M    M   0 18     28 340
 8  63  46  55  -1  10   0 0.00  0.0    0  6.5 21 170   M    M   2 28     26 170
 9  72  46  59   3   6   0 0.00  0.0    0  7.9 17 160   M    M   4 28     23 170
10  58  48  53  -3  12   0 0.00  0.0    0  4.4 12 200   M    M  10 28     15 200
11  59  48  54  -2  11   0 0.00  0.0    0  5.9 16 180   M    M   6 28     18 190
12  71  43  57   1   8   0 0.00  0.0    0  9.3 25 340   M    M   0 1      35 340
13  67  50  59   3   6   0 0.00  0.0    0 10.3 23 180   M    M   4 2      29 180
14  63  46  55  -1  10   0 0.00  0.0    0  4.7 12 320   M    M   2 18     15 320
15  57  51  54  -2  11   0 0.00  0.0    0  5.3 13 170   M    M  10 1      23 190
16  58  51  55  -1  10   0 0.00  0.0    0  5.8 15 180   M    M  10 28     28 130
17  64  53  59   4   6   0 0.00  0.0    0  4.3 12 140   M    M   8 18     15 170
18  67  55  61   6   4   0 0.00  0.0    0  4.5 13 330   M    M   8 28     16 330
19  66  52  59   4   6   0 0.00  0.0    M  7.7 23 330   M    M   4 28     33 330
20  63  51  57   2   8   0 0.00  0.0    0  8.9 25 330   M    M   2 28     36 320
21  61  46  54  -1  11   0 0.00  0.0    0  4.4 10 250   M    M   5 1      15 290
22  63  47  55   0  10   0 0.00  0.0    0  4.7 10 320   M    M   4 18     14 340
23  66  52  59   4   6   0    T  0.0    0  5.9 14 170   M    M   9 18     19 170
24  63  52  58   3   7   0 0.00  0.0    0  7.6 14 350   M    M   4 18     19 360
================================================================================
SM 1534 1193       191   0    T      0.0 178.8          M      103
================================================================================
AV 63.9 49.7                               7.4 FASTST   M    M   4    MAX(MPH)
                                 MISC ---->  # 30 330               # 42  330
================================================================================
NOTES:
# LAST OF SEVERAL OCCURRENCES

COLUMN 17 PEAK WIND IN M.P.H.

PRELIMINARY LOCAL CLIMATOLOGICAL DATA (WS FORM: F-6) , PAGE 2

                                          STATION:  CRESCENT CITY CA
                                          MONTH:    SEPTEMBER
                                          YEAR:     2016
                                          LATITUDE:   41 46 N
                                          LONGITUDE: 124 14 W

[TEMPERATURE DATA]      [PRECIPITATION DATA]       SYMBOLS USED IN COLUMN 16

AVERAGE MONTHLY: 56.8   TOTAL FOR MONTH:      T    1 = FOG OR MIST
DPTR FM NORMAL:   1.0   DPTR FM NORMAL:   -0.62    2 = FOG REDUCING VISIBILITY
HIGHEST:    72 ON  9    GRTST 24HR    T  ON 23-23      TO 1/4 MILE OR LESS
LOWEST:     43 ON 12                               3 = THUNDER
                        SNOW, ICE PELLETS, HAIL    4 = ICE PELLETS
                        TOTAL MONTH:   0.0 INCH    5 = HAIL
                        GRTST 24HR     0.0         6 = FREEZING RAIN OR DRIZZLE
                        GRTST DEPTH:   0           7 = DUSTSTORM OR SANDSTORM:
                                                       VSBY 1/2 MILE OR LESS
                                                   8 = SMOKE OR HAZE
[NO. OF DAYS WITH]      [WEATHER - DAYS WITH]      9 = BLOWING SNOW
                                                   X = TORNADO
MAX 32 OR BELOW:   0    0.01 INCH OR MORE:   0
MAX 90 OR ABOVE:   0    0.10 INCH OR MORE:   0
MIN 32 OR BELOW:   0    0.50 INCH OR MORE:   0
MIN  0 OR BELOW:   0    1.00 INCH OR MORE:   0

[HDD (BASE 65) ]
TOTAL THIS MO.   191    CLEAR  (SCALE 0-3)   9
DPTR FM NORMAL   -30    PTCLDY (SCALE 4-7)  10
TOTAL FM JUL 1   689    CLOUDY (SCALE 8-10)  5
DPTR FM NORMAL   -52

[CDD (BASE 65) ]
TOTAL THIS MO.     0
DPTR FM NORMAL     0    [PRESSURE DATA]
TOTAL FM JAN 1     0    HIGHEST SLP M ON M
DPTR FM NORMAL     0    LOWEST  SLP 29.76 ON 12

[REMARKS]
