000
CXUS55 KGJT 281000
CF6CEZ
PRELIMINARY LOCAL CLIMATOLOGICAL DATA (WS FORM: F-6)

                                          STATION:   CORTEZ CO
                                          MONTH:     JUNE
                                          YEAR:      2017
                                          LATITUDE:   37 17 N
                                          LONGITUDE: 108 38 W

  TEMPERATURE IN F:       :PCPN:    SNOW:  WIND      :SUNSHINE: SKY     :PK WND
================================================================================
1   2   3   4   5  6A  6B    7    8   9   10  11  12  13   14  15   16   17  18
                                     12Z  AVG MX 2MIN
DY MAX MIN AVG DEP HDD CDD  WTR  SNW DPTH SPD SPD DIR MIN PSBL S-S WX    SPD DR
================================================================================

 1  80  49  65   5   0   0 0.00    M    M  5.8 25 210   M    M   5        32 210
 2  81  46  64   4   1   0 0.00    M    M  6.6 20  10   M    M   1 3      27  10
 3  87  40  64   3   1   0 0.00    M    M  5.0 17  10   M    M   0        24  10
 4  89  41  65   4   0   0 0.00    M    M  5.1 15 280   M    M   0        20 220
 5  90  45  68   7   0   3 0.00    M    M  6.6 18 250   M    M   0 8      21 250
 6  90  50  70   8   0   5 0.00    M    M  6.5 20 270   M    M   0        26 270
 7  91  48  70   8   0   5 0.00    M    M  7.7 22 280   M    M   0        28 270
 8  89  48  69   7   0   4 0.00    M    M  6.8 22 210   M    M   0        31 230
 9  89  43  66   4   0   1 0.00    M    M  8.1 24 200   M    M   0        29 200
10  91  48  70   7   0   5 0.00    M    M 11.8 24 220   M    M   0        33 220
11  87  50  69   6   0   4 0.00    M    M 11.9 26 210   M    M   0        34 210
12  84  42  63   0   2   0 0.00    M    M 16.4 36 220   M    M   0        45 220
13  75  33  54 -10  11   0 0.00    M    M  6.5 21 190   M    M   0        30 240
14  85  34  60  -4   5   0 0.00    M    M  5.8 16 300   M    M   0        22 300
15  91  37  64   0   1   0 0.00    M    M  6.2 20 280   M    M   0        27 280
16  93  42  68   3   0   3 0.00    M    M  6.3 17 290   M    M   0        22 290
17  96  43  70   5   0   5 0.00    M    M  6.7 17 300   M    M   0        23 290
18  94  50  72   7   0   7 0.00    M    M  8.0 21 330   M    M   0        28 330
19  97  50  74   8   0   9 0.00    M    M  5.6 16 350   M    M   0 8      23 340
20  99  47  73   7   0   8 0.00    M    M  4.9 16 280   M    M   0        24 280
21  99  51  75   9   0  10    T    M    M  5.9 23  10   M    M   0 8      32 350
22  98  52  75   9   0  10 0.00    M    M  8.8 24 260   M    M   0        33 280
23  95  50  73   6   0   8 0.00    M    M  7.9 24 350   M    M   0        32 290
24  95  45  70   3   0   5 0.00    M    M  7.0 21 360   M    M   0        29 360
25  94  44  69   2   0   4 0.00    M    M  5.7 20 290   M    M   0        28 230
26  94  46  70   2   0   5 0.00    M    M  6.0 17 280   M    M   0        22 280
27  94  53  74   6   0   9 0.00    M    M  8.4 24 200   M    M   0        32 210
================================================================================
SM 2447 1227        21 110    T     M    198.0          M        6
================================================================================
AV 90.6 45.4                               7.3 FASTST   M    M   0    MAX(MPH)
                                 MISC ---->  # 36 220               # 45  220
================================================================================
NOTES:
# LAST OF SEVERAL OCCURRENCES

COLUMN 17 PEAK WIND IN M.P.H.

PRELIMINARY LOCAL CLIMATOLOGICAL DATA (WS FORM: F-6) , PAGE 2

                                          STATION:  CORTEZ CO
                                          MONTH:    JUNE
                                          YEAR:     2017
                                          LATITUDE:   37 17 N
                                          LONGITUDE: 108 38 W

[TEMPERATURE DATA]      [PRECIPITATION DATA]       SYMBOLS USED IN COLUMN 16

AVERAGE MONTHLY: 68.0   TOTAL FOR MONTH:      T    1 = FOG OR MIST
DPTR FM NORMAL:   4.0   DPTR FM NORMAL:   -0.44    2 = FOG REDUCING VISIBILITY
HIGHEST:    99 ON 21,20 GRTST 24HR    T  ON 21-21      TO 1/4 MILE OR LESS
LOWEST:     33 ON 13                               3 = THUNDER
                        SNOW, ICE PELLETS, HAIL    4 = ICE PELLETS
                        TOTAL MONTH:    M          5 = HAIL
                        GRTST 24HR    M  ON   M    6 = FREEZING RAIN OR DRIZZLE
                        GRTST DEPTH:  M  ON   M    7 = DUSTSTORM OR SANDSTORM:
                                                       VSBY 1/2 MILE OR LESS
                                                   8 = SMOKE OR HAZE
[NO. OF DAYS WITH]      [WEATHER - DAYS WITH]      9 = BLOWING SNOW
                                                   X = TORNADO
MAX 32 OR BELOW:   0    0.01 INCH OR MORE:   0
MAX 90 OR ABOVE:  17    0.10 INCH OR MORE:   0
MIN 32 OR BELOW:   0    0.50 INCH OR MORE:   0
MIN  0 OR BELOW:   0    1.00 INCH OR MORE:   0

[HDD (BASE 65) ]
TOTAL THIS MO.    21    CLEAR  (SCALE 0-3)  26
DPTR FM NORMAL   -53    PTCLDY (SCALE 4-7)   1
TOTAL FM JUL 1  5644    CLOUDY (SCALE 8-10)  0
DPTR FM NORMAL  -797

[CDD (BASE 65) ]
TOTAL THIS MO.   110
DPTR FM NORMAL    63    [PRESSURE DATA]
TOTAL FM JAN 1   114    HIGHEST SLP M ON M
DPTR FM NORMAL    62    LOWEST  SLP 29.47 ON M

[REMARKS]
