000
CXUS55 KPAH 260633
CF6CGI
PRELIMINARY LOCAL CLIMATOLOGICAL DATA (WS FORM: F-6)

                                          STATION:   CAPE GIRARDEAU MO
                                          MONTH:     FEBRUARY
                                          YEAR:      2015
                                          LATITUDE:   37 13 N
                                          LONGITUDE:  89 35 W

  TEMPERATURE IN F:       :PCPN:    SNOW:  WIND      :SUNSHINE: SKY     :PK WND
================================================================================
1   2   3   4   5  6A  6B    7    8   9   10  11  12  13   14  15   16   17  18
                                     12Z  AVG MX 2MIN
DY MAX MIN AVG DEP HDD CDD  WTR  SNW DPTH SPD SPD DIR MIN PSBL S-S WX    SPD DR
================================================================================

 1  49  32  41   7  24   0 0.73    M    0 12.7 30 300   M    M   8 1      38 330
 2  32  22  27  -8  38   0 0.00  0.0    0 10.4 26 320   M    M   7        35 330
 3  41  21  31  -4  34   0 0.00  0.0    0  8.2 18 180   M    M   0        23 200
 4  48  25  37   2  28   0    T    M    0  9.0 29 360   M    M   6        35 360
 5  32  15  24 -11  41   0 0.00  0.0    0  7.8 25  10   M    M   1        30  10
 6  45  17  31  -5  34   0 0.00  0.0    0  8.6 20 180   M    M   0        24 180
 7  59  33  46  10  19   0 0.00  0.0    0 13.6 30 210   M    M   0        36 210
 8  64  46  55  19  10   0 0.00  0.0    0 11.4 23 210   M    M   3        32 210
 9  47  32  40   4  25   0 0.00  0.0    0 15.3 24  10   M    M   8 18     31  10
10  45  28  37   1  28   0 0.00  0.0    0  5.6 15  10   M    M   5        19  10
11  54  24  39   2  26   0 0.00  0.0    0  8.5 22 360   M    M   4 18     27 360
12  31  20  26 -11  39   0    T    M    0 15.0 32  10   M    M   2        44 350
13  35  19  27 -10  38   0 0.00  0.0    0  6.7 16 220   M    M   5        20 230
14  46  18  32  -6  33   0 0.00  0.0    0 11.2 26 360   M    M   3 18     33  10
15  23  12  18 -20  47   0    T    M    M 11.3 18  50   M    M   8        22  50
16  22  -2  10 -28  55   0 0.58    M    M 11.2 22 360   M    M   8 128    26 360
17  28 -11   9 -29  56   0    T    M    M  4.4 13 220   M    M   8 12     17 230
18  27  -7  10 -29  55   0 0.01    M    M 12.7 32 330   M    M   3 18     37 330
19  18 -14   2 -37  63   0 0.00  0.0    M  4.4 15 330   M    M   2 1      17 330
20  31  11  21 -18  44   0 0.43    M    0 11.5 21 150   M    M  10 168    28 140
21  36  27  32  -8  33   0    M    M    0  8.1 18 350   M    M   9 126    23 350
22  33  20  27 -13  38   0 0.00  0.0    0 14.5 24  10   M    M   9 128    28  20
23  20  11  16 -24  49   0 0.00  0.0    0 12.7 26  10   M    M   7        32 360
24  30  13  22 -19  43   0 0.00  0.0    0  6.4 16 190   M    M   3        21 210
25  34  13  24 -17  41   0 0.00  0.0    0  2.4  9 270   M    M   0 12     10 270
================================================================================
SM  930  425       941   0  1.75     0.0 243.6          M      119
================================================================================
AV 37.2 17.0                               9.7 FASTST   M    M   5    MAX(MPH)
                                 MISC ---->  # 32  10               # 44  350
================================================================================
NOTES:
# LAST OF SEVERAL OCCURRENCES

COLUMN 17 PEAK WIND IN M.P.H.

PRELIMINARY LOCAL CLIMATOLOGICAL DATA (WS FORM: F-6) , PAGE 2

                                          STATION:  CAPE GIRARDEAU MO
                                          MONTH:    FEBRUARY
                                          YEAR:     2015
                                          LATITUDE:   37 13 N
                                          LONGITUDE:  89 35 W

[TEMPERATURE DATA]      [PRECIPITATION DATA]       SYMBOLS USED IN COLUMN 16

AVERAGE MONTHLY: 27.1   TOTAL FOR MONTH:   1.75    1 = FOG OR MIST
DPTR FM NORMAL: -10.3   DPTR FM NORMAL:   -1.30    2 = FOG REDUCING VISIBILITY
HIGHEST:    64 ON  8    GRTST 24HR  0.73 ON  1- 1      TO 1/4 MILE OR LESS
LOWEST:    -14 ON 19                               3 = THUNDER
                        SNOW, ICE PELLETS, HAIL    4 = ICE PELLETS
                        TOTAL MONTH:   0.0 INCH    5 = HAIL
                        GRTST 24HR     0.0         6 = FREEZING RAIN OR DRIZZLE
                        GRTST DEPTH:   0           7 = DUSTSTORM OR SANDSTORM:
                                                       VSBY 1/2 MILE OR LESS
                                                   8 = SMOKE OR HAZE
[NO. OF DAYS WITH]      [WEATHER - DAYS WITH]      9 = BLOWING SNOW
                                                   X = TORNADO
MAX 32 OR BELOW:  11    0.01 INCH OR MORE:   4
MAX 90 OR ABOVE:   0    0.10 INCH OR MORE:   3
MIN 32 OR BELOW:  23    0.50 INCH OR MORE:   2
MIN  0 OR BELOW:   4    1.00 INCH OR MORE:   0

[HDD (BASE 65) ]
TOTAL THIS MO.   941    CLEAR  (SCALE 0-3)  10
DPTR FM NORMAL   252    PTCLDY (SCALE 4-7)  11
TOTAL FM JUL 1  3650    CLOUDY (SCALE 8-10)  4
DPTR FM NORMAL   223

[CDD (BASE 65) ]
TOTAL THIS MO.     0
DPTR FM NORMAL     0    [PRESSURE DATA]
TOTAL FM JAN 1     0    HIGHEST SLP M ON M
DPTR FM NORMAL     0    LOWEST  SLP 29.61 ON  1

[REMARKS]
