000
CXUS52 KCHS 180915
CF6CHS
PRELIMINARY LOCAL CLIMATOLOGICAL DATA (WS FORM: F-6)

                                          STATION:   NORTH CHARLESTON SC
                                          MONTH:     SEPTEMBER
                                          YEAR:      2014
                                          LATITUDE:   32 54 N
                                          LONGITUDE:  80  2 W

  TEMPERATURE IN F:       :PCPN:    SNOW:  WIND      :SUNSHINE: SKY     :PK WND
================================================================================
1   2   3   4   5  6A  6B    7    8   9   10  11  12  13   14  15   16   17  18
                                     12Z  AVG MX 2MIN
DY MAX MIN AVG DEP HDD CDD  WTR  SNW DPTH SPD SPD DIR MIN PSBL S-S WX    SPD DR
================================================================================

 1  95  77  86   7   0  21    T  0.0    0  4.0 14 160   M    M   4 3      20 140
 2  94  78  86   7   0  21 0.00  0.0    0  5.1 16 180   M    M   5 1      21 180
 3  92  75  84   5   0  19 0.00  0.0    0  5.8 16 180   M    M   4        21 170
 4  92  76  84   5   0  19    T  0.0    0  6.1 18 150   M    M   3        24 140
 5  89  77  83   5   0  18 0.20  0.0    0  6.2 20 140   M    M   6 1      25 140
 6  85  75  80   2   0  15 0.85  0.0    0  4.9 22 160   M    M   7 13     30 170
 7  89  76  83   5   0  18 0.44  0.0    0  7.5 20 180   M    M   7 13     24 180
 8  85  75  80   2   0  15 1.35  0.0    0  7.1 15 200   M    M   9 13     18 190
 9  83  73  78   0   0  13    T  0.0    0  5.8 10 340   M    M   9        15 330
10  88  72  80   2   0  15    T  0.0    0  3.7 10  10   M    M   7        14  20
11  91  74  83   6   0  18    T  0.0    0  3.4 13 200   M    M   5        14 210
12  94  77  86   9   0  21 0.00  0.0    0  4.2 15 170   M    M   7 3      20 180
13  90  76  83   6   0  18 0.01  0.0    0  3.0 12 170   M    M   6 3      14 180
14  87  73  80   3   0  15 0.39  0.0    0  4.9 13 270   M    M   8 138    16 260
15  89  71  80   4   0  15 1.04  0.0    0  3.8 15  10   M    M   9 138    18  10
16  88  72  80   4   0  15 1.63  0.0    0  4.9 15 310   M    M   8 138    22 310
17  86  71  79   3   0  14 0.01  0.0    0  4.8 13 120   M    M   5 38     16 120
================================================================================
SM 1517 1268         0 290  5.92     0.0  85.2          M      109
================================================================================
AV 89.2 74.6                               5.0 FASTST   M    M   6    MAX(MPH)
                                 MISC ---->  # 22 160               # 30  170
================================================================================
NOTES:
# LAST OF SEVERAL OCCURRENCES

COLUMN 17 PEAK WIND IN M.P.H.

PRELIMINARY LOCAL CLIMATOLOGICAL DATA (WS FORM: F-6) , PAGE 2

                                          STATION:  NORTH CHARLESTON SC
                                          MONTH:    SEPTEMBER
                                          YEAR:     2014
                                          LATITUDE:   32 54 N
                                          LONGITUDE:  80  2 W

[TEMPERATURE DATA]      [PRECIPITATION DATA]       SYMBOLS USED IN COLUMN 16

AVERAGE MONTHLY: 81.9   TOTAL FOR MONTH:   5.92    1 = FOG OR MIST
DPTR FM NORMAL:   4.3   DPTR FM NORMAL:    2.10    2 = FOG REDUCING VISIBILITY
HIGHEST:    95 ON  1    GRTST 24HR  1.64 ON 15-16      TO 1/4 MILE OR LESS
LOWEST:     71 ON 17,15                            3 = THUNDER
                        SNOW, ICE PELLETS, HAIL    4 = ICE PELLETS
                        TOTAL MONTH:   0.0 INCH    5 = HAIL
                        GRTST 24HR     0.0         6 = FREEZING RAIN OR DRIZZLE
                        GRTST DEPTH:   0           7 = DUSTSTORM OR SANDSTORM:
                                                       VSBY 1/2 MILE OR LESS
                                                   8 = SMOKE OR HAZE
[NO. OF DAYS WITH]      [WEATHER - DAYS WITH]      9 = BLOWING SNOW
                                                   X = TORNADO
MAX 32 OR BELOW:   0    0.01 INCH OR MORE:   9
MAX 90 OR ABOVE:   7    0.10 INCH OR MORE:   7
MIN 32 OR BELOW:   0    0.50 INCH OR MORE:   4
MIN  0 OR BELOW:   0    1.00 INCH OR MORE:   3

[HDD (BASE 65) ]
TOTAL THIS MO.     0    CLEAR  (SCALE 0-3)   1
DPTR FM NORMAL     0    PTCLDY (SCALE 4-7)  12
TOTAL FM JUL 1     0    CLOUDY (SCALE 8-10)  4
DPTR FM NORMAL     0

[CDD (BASE 65) ]
TOTAL THIS MO.   290
DPTR FM NORMAL    74    [PRESSURE DATA]
TOTAL FM JAN 1  2452    HIGHEST SLP M ON M
DPTR FM NORMAL   431    LOWEST  SLP 29.86 ON 17

[REMARKS]
