000
CXUS55 KDVN 240924
CF6CID
PRELIMINARY LOCAL CLIMATOLOGICAL DATA (WS FORM: F-6)

                                          STATION:   CEDAR RAPIDS IA
                                          MONTH:     APRIL
                                          YEAR:      2014
                                          LATITUDE:   41 52 N
                                          LONGITUDE:  91 42 W

  TEMPERATURE IN F:       :PCPN:    SNOW:  WIND      :SUNSHINE: SKY     :PK WND
================================================================================
1   2   3   4   5  6A  6B    7    8   9   10  11  12  13   14  15   16   17  18
                                     12Z  AVG MX 2MIN
DY MAX MIN AVG DEP HDD CDD  WTR  SNW DPTH SPD SPD DIR MIN PSBL S-S WX    SPD DR
================================================================================

 1  44  24  34 -10  31   0 0.00    M    M 17.9 33 270   M    M   7        43 270
 2  53  30  42  -2  23   0 0.01    M    M 15.0 23  90   M    M   6 18     34 110
 3  46  36  41  -3  24   0 0.14    M    M 17.5 29  80   M    M  10 138    36 100
 4  41  29  35 -10  30   0 0.03    M    M 19.6 36 310   M    M   9 18     45 310
 5  53  22  38  -7  27   0 0.00    M    M  6.4 12 180   M    M   0 18     18 190
 6  61  36  49   3  16   0    T    M    M  8.7 20 190   M    M   7        24 190
 7  63  39  51   5  14   0    T    M    M  8.5 24 300   M    M   6        32 300
 8  57  34  46   0  19   0 0.00    M    M 13.1 24 340   M    M   0        30 340
 9  69  27  48   1  17   0 0.00    M    M 12.7 29 200   M    M   0        38 200
10  65  42  54   7  11   0 0.00    M    M 13.5 25 330   M    M   0        35 330
11  74  30  52   4  13   0 0.00    M    M  9.3 28 270   M    M   1        38 210
12  84  54  69  21   0   4 0.53    M    M 15.5 31 190   M    M   3 13     42 180
13  60  41  51   3  14   0 3.26    M    M 14.6 33  20   M    M   7 13     39  10
14  41  27  34 -15  31   0 0.09    M    M 20.2 35 350   M    M   8        41 350
15  40  24  32 -17  33   0 0.00    M    M 10.4 20 320   M    M   0        23 280
16  59  32  46  -4  19   0 0.00    M    M 19.5 31 160   M    M   3        44 160
17  51  31  41  -9  24   0 0.00    M    M 13.0 23 290   M    M   6        28 170
18  62  26  44  -6  21   0 0.00    M    M  6.5 13 120   M    M   0 18     15 120
19  75  37  56   5   9   0 0.00    M    M 13.9 25 180   M    M   1 8      33 190
20  81  54  68  17   0   3 0.00    M    M 11.7 23 190   M    M   1        32 190
21  68  48  58   7   7   0 0.91    M    M  9.7 23 310   M    M   6 138    27 330
22  62  40  51  -1  14   0 0.00    M    M 12.8 23 330   M    M   0        29 350
23  51  40  46  -6  19   0 0.18    M    M 13.8 25 110   M    M   8        32 130
================================================================================
SM 1360  803       416   7  5.15    M    303.8          M       89
================================================================================
AV 59.1 34.9                              13.2 FASTST   M    M   4    MAX(MPH)
                                 MISC ---->  # 36 310               # 45  310
================================================================================
NOTES:
# LAST OF SEVERAL OCCURRENCES

COLUMN 17 PEAK WIND IN M.P.H.

PRELIMINARY LOCAL CLIMATOLOGICAL DATA (WS FORM: F-6) , PAGE 2

                                          STATION:  CEDAR RAPIDS IA
                                          MONTH:    APRIL
                                          YEAR:     2014
                                          LATITUDE:   41 52 N
                                          LONGITUDE:  91 42 W

[TEMPERATURE DATA]      [PRECIPITATION DATA]       SYMBOLS USED IN COLUMN 16

AVERAGE MONTHLY: 47.0   TOTAL FOR MONTH:   5.15    1 = FOG OR MIST
DPTR FM NORMAL:  -0.9   DPTR FM NORMAL:    2.93    2 = FOG REDUCING VISIBILITY
HIGHEST:    84 ON 12    GRTST 24HR  3.74 ON 12-13      TO 1/4 MILE OR LESS
LOWEST:     22 ON  5                               3 = THUNDER
                        SNOW, ICE PELLETS, HAIL    4 = ICE PELLETS
                        TOTAL MONTH:    M          5 = HAIL
                        GRTST 24HR    M  ON   M    6 = FREEZING RAIN OR DRIZZLE
                        GRTST DEPTH:  M  ON   M    7 = DUSTSTORM OR SANDSTORM:
                                                       VSBY 1/2 MILE OR LESS
                                                   8 = SMOKE OR HAZE
[NO. OF DAYS WITH]      [WEATHER - DAYS WITH]      9 = BLOWING SNOW
                                                   X = TORNADO
MAX 32 OR BELOW:   0    0.01 INCH OR MORE:   8
MAX 90 OR ABOVE:   0    0.10 INCH OR MORE:   5
MIN 32 OR BELOW:  11    0.50 INCH OR MORE:   3
MIN  0 OR BELOW:   0    1.00 INCH OR MORE:   1

[HDD (BASE 65) ]
TOTAL THIS MO.   416    CLEAR  (SCALE 0-3)  11
DPTR FM NORMAL    17    PTCLDY (SCALE 4-7)  10
TOTAL FM JUL 1  7525    CLOUDY (SCALE 8-10)  2
DPTR FM NORMAL   962

[CDD (BASE 65) ]
TOTAL THIS MO.     7
DPTR FM NORMAL     7    [PRESSURE DATA]
TOTAL FM JAN 1     7    HIGHEST SLP M ON M
DPTR FM NORMAL     7    LOWEST  SLP 29.35 ON 13

[REMARKS]
