000
CXUS55 KOHX 201010
CF6CKV
PRELIMINARY LOCAL CLIMATOLOGICAL DATA (WS FORM: F-6)

                                          STATION:   CLARKSVILLE
                                          MONTH:     OCTOBER
                                          YEAR:      2017
                                          LATITUDE:   36 37 N
                                          LONGITUDE:  87 25 W

  TEMPERATURE IN F:       :PCPN:    SNOW:  WIND      :SUNSHINE: SKY     :PK WND
================================================================================
1   2   3   4   5  6A  6B    7    8   9   10  11  12  13   14  15   16   17  18
                                     12Z  AVG MX 2MIN
DY MAX MIN AVG DEP HDD CDD  WTR  SNW DPTH SPD SPD DIR MIN PSBL S-S WX    SPD DR
================================================================================

 1  79  50  65   1   0   0 0.00    M    M  6.9 13 150   M    M   1        19 190
 2  79  53  66   2   0   1 0.00    M    M  6.7 17 150   M    M   4        21 150
 3  84  63  74  11   0   9 0.00    M    M  5.5 14 150   M    M   3        20 180
 4  82  57  70   7   0   5 0.00    M    M  3.4 12 200   M    M   0        14 200
 5  82  55  69   7   0   4 0.00    M    M  1.6  9 150   M    M   1 12     13 190
 6  83  55  69   7   0   4 0.00    M    M  4.4 13 200   M    M   1 128    16 200
 7  82  63  73  11   0   8 0.01    M    M  9.7 18 190   M    M   4 38     24 190
 8  77  64  71  10   0   6 1.80    M    M  7.2 17  50   M    M  10 1      21  60
 9  85  69  77  16   0  12 0.00    M    M  4.1 10 110   M    M   6 12     13 130
10  79  71  75  14   0  10 1.73    M    M  4.3 10 200   M    M   6 123    14 170
11  74  55  65   5   0   0 0.00    M    M  7.9 16 290   M    M  10 1      20 330
12  62  57  60   0   5   0 0.00  0.0    0  4.9  9  80   M    M  10 1      11  60
13  77  47  62   2   3   0 0.00  0.0    0  2.3  8 140   M    M   1 128    11 120
14  86  56  71  12   0   6 0.00  0.0    0  8.1 17 190   M    M   1        23 190
15  78  47  63   4   2   0 0.33    M    0 10.7 29 320   M    M   4 1      36 310
16  65  41  53  -6  12   0 0.00  0.0    0  7.1 16  10   M    M   0 1      22  20
17  69  38  54  -4  11   0 0.00  0.0    0  1.3 12 120   M    M   0 1      14 110
18  72  41  57  -1   8   0 0.00  0.0    0  4.6 14 200   M    M   0 1      18 230
19  75  42  59   1   6   0 0.00  0.0    0  3.3 13 220   0    0   0 1      16 220
================================================================================
SM 1470 1024        47  65  3.87     0.0 104.0            0     62
================================================================================
AV 77.4 53.9                               5.5 FASTST    0   0   3    MAX(MPH)
                                 MISC ---->  # 29 320               # 36  310
================================================================================
NOTES:
# LAST OF SEVERAL OCCURRENCES

COLUMN 17 PEAK WIND IN M.P.H.

PRELIMINARY LOCAL CLIMATOLOGICAL DATA (WS FORM: F-6) , PAGE 2

                                          STATION:  CLARKSVILLE
                                          MONTH:    OCTOBER
                                          YEAR:     2017
                                          LATITUDE:   36 37 N
                                          LONGITUDE:  87 25 W

[TEMPERATURE DATA]      [PRECIPITATION DATA]       SYMBOLS USED IN COLUMN 16

AVERAGE MONTHLY: 65.6   TOTAL FOR MONTH:   3.87    1 = FOG OR MIST
DPTR FM NORMAL:   4.9   DPTR FM NORMAL:    1.40    2 = FOG REDUCING VISIBILITY
HIGHEST:    86 ON 14    GRTST 24HR  1.80 ON  8- 8      TO 1/4 MILE OR LESS
LOWEST:     38 ON 17                               3 = THUNDER
                        SNOW, ICE PELLETS, HAIL    4 = ICE PELLETS
                        TOTAL MONTH:   0.0 INCH    5 = HAIL
                        GRTST 24HR     0.0         6 = FREEZING RAIN OR DRIZZLE
                        GRTST DEPTH:   0           7 = DUSTSTORM OR SANDSTORM:
                                                       VSBY 1/2 MILE OR LESS
                                                   8 = SMOKE OR HAZE
[NO. OF DAYS WITH]      [WEATHER - DAYS WITH]      9 = BLOWING SNOW
                                                   X = TORNADO
MAX 32 OR BELOW:   0    0.01 INCH OR MORE:   4
MAX 90 OR ABOVE:   0    0.10 INCH OR MORE:   3
MIN 32 OR BELOW:   0    0.50 INCH OR MORE:   2
MIN  0 OR BELOW:   0    1.00 INCH OR MORE:   2

[HDD (BASE 65) ]
TOTAL THIS MO.    47    CLEAR  (SCALE 0-3)  11
DPTR FM NORMAL   -56    PTCLDY (SCALE 4-7)   5
TOTAL FM JUL 1    63    CLOUDY (SCALE 8-10)  3
DPTR FM NORMAL   -69

[CDD (BASE 65) ]
TOTAL THIS MO.    65
DPTR FM NORMAL    40    [PRESSURE DATA]
TOTAL FM JAN 1  1476    HIGHEST SLP  0.00 ON 19
DPTR FM NORMAL    52    LOWEST  SLP 29.58 ON  8

[REMARKS]
