000
CXUS52 KGSP 260817
CF6CLT
PRELIMINARY LOCAL CLIMATOLOGICAL DATA (WS FORM: F-6)

                                          STATION:   CHARLOTTE NC
                                          MONTH:     DECEMBER
                                          YEAR:      2014
                                          LATITUDE:   35 12 N
                                          LONGITUDE:  80 57 W

  TEMPERATURE IN F:       :PCPN:    SNOW:  WIND      :SUNSHINE: SKY     :PK WND
================================================================================
1   2   3   4   5  6A  6B    7    8   9   10  11  12  13   14  15   16   17  18
                                     12Z  AVG MX 2MIN
DY MAX MIN AVG DEP HDD CDD  WTR  SNW DPTH SPD SPD DIR MIN PSBL S-S WX    SPD DR
================================================================================

 1  73  41  57  11   8   0 0.00  0.0    0  6.1 13 190   M    M   1        20 190
 2  55  42  49   3  16   0 0.00  0.0    0  6.8 16  50   M    M   9 1      30  60
 3  64  42  53   8  12   0    T  0.0    0  3.8 12 220   M    M   9 12     15 220
 4  63  49  56  11   9   0    T  0.0    0  6.2 13  70   M    M   9 1      18  90
 5  51  42  47   2  18   0 0.04  0.0    0  4.6  9  60   M    M   9 1      13  70
 6  52  42  47   3  18   0 0.12  0.0    0  3.7 12 350   M    M   9 1      16 360
 7  56  39  48   4  17   0 0.00  0.0    0 12.6 23  20   M    M   4        31  20
 8  43  36  40  -4  25   0 0.14  0.0    0 10.0 17  10   M    M  10 1      23  50
 9  55  37  46   2  19   0    T  0.0    0  5.5 15 310   M    M   8 1      17 320
10  53  32  43   0  22   0 0.00  0.0    0  6.5 18 300   M    M   1        23 310
11  51  23  37  -6  28   0 0.00  0.0    0  3.3  8 310   M    M   2        12 280
12  60  22  41  -2  24   0 0.00  0.0    0  4.6 12 310   M    M   1        14 300
13  66  25  46   3  19   0 0.00  0.0    0  2.6  8 340   M    M   2         9 330
14  63  29  46   4  19   0 0.00  0.0    0  2.6 10 360   M    M   0        15  40
15  60  26  43   1  22   0 0.00  0.0    0  2.1  7 200   M    M   2        15  70
16  58  37  48   6  17   0 0.09  0.0    0  4.8 17 190   M    M   7 1      23 210
17  60  31  46   4  19   0 0.00  0.0    0  2.5  9 290   M    M   2        12 280
18  56  30  43   1  22   0 0.00  0.0    0  3.2  9  60   M    M   8        17  60
19  56  30  43   1  22   0 0.00  0.0    0  3.1  9  20   M    M   5        18 100
20  48  40  44   3  21   0 0.03  0.0    0  4.7  9 140   M    M  10        17  40
21  51  42  47   6  18   0    T  0.0    0  4.3 13  70   M    M  10        20  90
22  46  38  42   1  23   0 0.26  0.0    0  8.5 16  20   M    M  10 1      21  90
23  47  37  42   1  23   0 0.29  0.0    0  5.3 14 100   M    M  10 12     23 100
24  60  45  53  12  12   0 0.91  0.0    0  6.0 21 260   M    M  10 12     25 260
25  57  32  45   4  20   0 0.00  0.0    0  6.0 17 230   M    M   4        23 220
================================================================================
SM 1404  889       473   0  1.88     0.0 129.4          M      152
================================================================================
AV 56.2 35.6                               5.2 FASTST   M    M   6    MAX(MPH)
                                 MISC ---->  # 23  20               # 31   20
================================================================================
NOTES:
# LAST OF SEVERAL OCCURRENCES

COLUMN 17 PEAK WIND IN M.P.H.

PRELIMINARY LOCAL CLIMATOLOGICAL DATA (WS FORM: F-6) , PAGE 2

                                          STATION:  CHARLOTTE NC
                                          MONTH:    DECEMBER
                                          YEAR:     2014
                                          LATITUDE:   35 12 N
                                          LONGITUDE:  80 57 W

[TEMPERATURE DATA]      [PRECIPITATION DATA]       SYMBOLS USED IN COLUMN 16

AVERAGE MONTHLY: 45.9   TOTAL FOR MONTH:   1.88    1 = FOG OR MIST
DPTR FM NORMAL:   2.9   DPTR FM NORMAL:   -0.75    2 = FOG REDUCING VISIBILITY
HIGHEST:    73 ON  1    GRTST 24HR  1.11 ON 23-24      TO 1/4 MILE OR LESS
LOWEST:     22 ON 12                               3 = THUNDER
                        SNOW, ICE PELLETS, HAIL    4 = ICE PELLETS
                        TOTAL MONTH:   0.0 INCH    5 = HAIL
                        GRTST 24HR     0.0         6 = FREEZING RAIN OR DRIZZLE
                        GRTST DEPTH:   0           7 = DUSTSTORM OR SANDSTORM:
                                                       VSBY 1/2 MILE OR LESS
                                                   8 = SMOKE OR HAZE
[NO. OF DAYS WITH]      [WEATHER - DAYS WITH]      9 = BLOWING SNOW
                                                   X = TORNADO
MAX 32 OR BELOW:   0    0.01 INCH OR MORE:   8
MAX 90 OR ABOVE:   0    0.10 INCH OR MORE:   5
MIN 32 OR BELOW:  10    0.50 INCH OR MORE:   1
MIN  0 OR BELOW:   0    1.00 INCH OR MORE:   0

[HDD (BASE 65) ]
TOTAL THIS MO.   473    CLEAR  (SCALE 0-3)   8
DPTR FM NORMAL   -79    PTCLDY (SCALE 4-7)   6
TOTAL FM JUL 1  1131    CLOUDY (SCALE 8-10) 11
DPTR FM NORMAL   -57

[CDD (BASE 65) ]
TOTAL THIS MO.     0
DPTR FM NORMAL     0    [PRESSURE DATA]
TOTAL FM JAN 1  1655    HIGHEST SLP M ON M
DPTR FM NORMAL   138    LOWEST  SLP 29.64 ON 24

[REMARKS]
