631
CXUS55 KLOX 291155
CF6CMA
PRELIMINARY LOCAL CLIMATOLOGICAL DATA (WS FORM: F-6)

                                          STATION:   CAMARILLO AIRPORT CA
                                          MONTH:     APRIL
                                          YEAR:      2017
                                          LATITUDE:   34 12 N
                                          LONGITUDE: 119  6 W

  TEMPERATURE IN F:       :PCPN:    SNOW:  WIND      :SUNSHINE: SKY     :PK WND
================================================================================
1   2   3   4   5  6A  6B    7    8   9   10  11  12  13   14  15   16   17  18
                                     12Z  AVG MX 2MIN
DY MAX MIN AVG DEP HDD CDD  WTR  SNW DPTH SPD SPD DIR MIN PSBL S-S WX    SPD DR
================================================================================

 1  75  44  60   2   5   0 0.00  0.0    0  5.1 16 270   M    M   0        21 260
 2  72  47  60   2   5   0 0.00  0.0    0  5.1 17 230   M    M   1        21 250
 3  65  56  61   3   4   0 0.00  0.0    0  4.7 14 210   M    M  10 8      18 210
 4  68  54  61   3   4   0 0.00  0.0    0  4.8 14 270   M    M   4 8      20 250
 5  77  51  64   6   1   0 0.00  0.0    0  4.3 15 210   M    M   1 18     20 220
 6  70  51  61   3   4   0 0.00  0.0    0  4.6 18 230   M    M   1 18     21 240
 7  68  49  59   1   6   0 0.13    M    0  5.5 15 200   M    M   4 18     20 190
 8  68  48  58   0   7   0    T    M    0 10.4 33 280   M    M   4        40 280
 9  70  45  58   0   7   0 0.00  0.0    0  8.4 24 280   M    M   0        28 270
10  74  42  58   0   7   0 0.00  0.0    0  5.3 16 210   M    M   0        21 210
11  71  45  58   0   7   0 0.00  0.0    0  5.5 16 280   M    M   0        20 280
12  73  48  61   3   4   0 0.00  0.0    0  8.2 21 270   M    M   1 1      26 280
13  69  52  61   3   4   0 0.00  0.0    0  8.9 23 280   M    M   5 1      30 270
14  69  44  57  -1   8   0 0.00  0.0    0  5.3 17 280   M    M   0        23  30
15  73  45  59   1   6   0 0.00  0.0    0  5.1 15 240   M    M   0        23  30
16  72  47  60   2   5   0 0.00  0.0    0  5.3 16 260   M    M   0        20 260
17  71  51  61   3   4   0 0.00  0.0    0  5.3 14 220   M    M   7        20 190
18  73  59  66   8   0   1    T  0.0    0  5.8 17 220   M    M   9 18     24 290
19  75  55  65   7   0   0 0.00  0.0    0  5.1 15 270   M    M   3        19 270
20  78  50  64   5   1   0 0.00  0.0    0  4.6 21 280   M    M   0 8      24 260
21  91  52  72  13   0   7 0.00  0.0    0  7.2 26  70   M    M   0 8      32  80
22  81  53  67   8   0   2 0.00  0.0    0  4.8 12 260   M    M   0        15 230
23  72  53  63   4   2   0 0.00  0.0    0  6.0 17 240   M    M   0 18     21 250
24  68  52  60   1   5   0 0.00  0.0    0  6.1 18 200   M    M   0        23 210
25  74  53  64   5   1   0 0.00  0.0    0  7.3 28 280   M    M   0        31 280
26  76  53  65   6   0   0 0.00  0.0    0  5.1 14 240   M    M   0        18 240
27  77  53  65   6   0   0 0.00  0.0    0  4.9 14 240   M    M   0        17 230
28  79  50  65   6   0   0 0.00  0.0    0  6.0 16 260   M    M   0        20 230
================================================================================
SM 2049 1402        97  10  0.13     0.0 164.6          M       50
================================================================================
AV 73.2 50.1                               5.9 FASTST   M    M   2    MAX(MPH)
                                 MISC ---->  # 33 280               # 40  280
================================================================================
NOTES:
# LAST OF SEVERAL OCCURRENCES

COLUMN 17 PEAK WIND IN M.P.H.

PRELIMINARY LOCAL CLIMATOLOGICAL DATA (WS FORM: F-6) , PAGE 2

                                          STATION:  CAMARILLO AIRPORT CA
                                          MONTH:    APRIL
                                          YEAR:     2017
                                          LATITUDE:   34 12 N
                                          LONGITUDE: 119  6 W

[TEMPERATURE DATA]      [PRECIPITATION DATA]       SYMBOLS USED IN COLUMN 16

AVERAGE MONTHLY: 61.6   TOTAL FOR MONTH:   0.13    1 = FOG OR MIST
DPTR FM NORMAL:   3.3   DPTR FM NORMAL:   -0.61    2 = FOG REDUCING VISIBILITY
HIGHEST:    91 ON 21    GRTST 24HR  0.13 ON  7- 7      TO 1/4 MILE OR LESS
LOWEST:     42 ON 10                               3 = THUNDER
                        SNOW, ICE PELLETS, HAIL    4 = ICE PELLETS
                        TOTAL MONTH:   0.0 INCH    5 = HAIL
                        GRTST 24HR     0.0         6 = FREEZING RAIN OR DRIZZLE
                        GRTST DEPTH:   0           7 = DUSTSTORM OR SANDSTORM:
                                                       VSBY 1/2 MILE OR LESS
                                                   8 = SMOKE OR HAZE
[NO. OF DAYS WITH]      [WEATHER - DAYS WITH]      9 = BLOWING SNOW
                                                   X = TORNADO
MAX 32 OR BELOW:   0    0.01 INCH OR MORE:   1
MAX 90 OR ABOVE:   1    0.10 INCH OR MORE:   1
MIN 32 OR BELOW:   0    0.50 INCH OR MORE:   0
MIN  0 OR BELOW:   0    1.00 INCH OR MORE:   0

[HDD (BASE 65) ]
TOTAL THIS MO.    97    CLEAR  (SCALE 0-3)  20
DPTR FM NORMAL   -98    PTCLDY (SCALE 4-7)   6
TOTAL FM JUL 1  1247    CLOUDY (SCALE 8-10)  2
DPTR FM NORMAL  -561

[CDD (BASE 65) ]
TOTAL THIS MO.    10
DPTR FM NORMAL    10    [PRESSURE DATA]
TOTAL FM JAN 1    15    HIGHEST SLP M ON M
DPTR FM NORMAL     2    LOWEST  SLP 29.68 ON 27

[REMARKS]
