000
CXUS55 KLOX 271155
CF6CMA
PRELIMINARY LOCAL CLIMATOLOGICAL DATA (WS FORM: F-6)

                                          STATION:   CAMARILLO AIRPORT CA
                                          MONTH:     FEBRUARY
                                          YEAR:      2015
                                          LATITUDE:   34 12 N
                                          LONGITUDE: 119  6 W

  TEMPERATURE IN F:       :PCPN:    SNOW:  WIND      :SUNSHINE: SKY     :PK WND
================================================================================
1   2   3   4   5  6A  6B    7    8   9   10  11  12  13   14  15   16   17  18
                                     12Z  AVG MX 2MIN
DY MAX MIN AVG DEP HDD CDD  WTR  SNW DPTH SPD SPD DIR MIN PSBL S-S WX    SPD DR
================================================================================

 1  72  45  59   5   6   0 0.00  0.0    0  3.8 13 230   M    M   0        18 210
 2  75  44  60   6   5   0 0.00  0.0    0  2.5 10 240   M    M   0        13 230
 3  66  43  55   1  10   0 0.00  0.0    0  3.0 10 210   M    M   1 128    13 210
 4  68  50  59   5   6   0 0.00  0.0    0  3.1 10 210   M    M   5 128    13 200
 5  70  44  57   3   8   0 0.00  0.0    0  3.0 12 290   M    M   2 128    17 230
 6  67  46  57   3   8   0 0.00  0.0    0  3.7 13 230   M    M   2 18     16 250
 7  61  49  55   1  10   0 0.16    M    0  4.4 13  60   M    M   9 18     14  70
 8  75  51  63   9   2   0 0.00  0.0    0  3.5 16 270   M    M   5 12     19 260
 9  70  51  61   7   4   0 0.00  0.0    M  3.5 12 220   M    M   3 1      16 230
10  83  47  65  11   0   0 0.00  0.0    0  6.3 23  40   M    M   0        28  60
11  83  52  68  14   0   3 0.00  0.0    0 18.1 37  70   M    M   0        50  60
12  86  55  71  17   0   6 0.00  0.0    0 13.3 28  70   M    M   0        32  70
13  87  53  70  16   0   5 0.00  0.0    0  6.9 17 270   M    M   0        22 270
14  83  49  66  12   0   1 0.00  0.0    0  4.7 14 220   M    M   0        16 240
15  73  44  59   5   6   0 0.00  0.0    0  3.1 13 270   M    M   0        15 280
16  68  53  61   7   4   0 0.00  0.0    0  3.7 12 270   M    M   7 18     16 240
17  68  51  60   6   5   0 0.00  0.0    0  4.9 13 270   M    M   7 18     16 220
18  67  48  58   4   7   0 0.00  0.0    0  3.5 14 210   M    M   4 18     23 230
19  69  54  62   8   3   0 0.00  0.0    0  4.0 13 270   M    M   8 128    20 230
20  68  52  60   6   5   0 0.00  0.0    0  5.3 13 220   M    M   4 18     16 200
21  68  48  58   4   7   0 0.00  0.0    0  5.7 15 220   M    M   8 18     20 210
22  63  54  59   5   6   0 0.27  0.0    0  5.3 21 220   M    M  10 18     25 220
23  65  47  56   2   9   0 0.03    M    0  6.4 17 260   M    M   2         M  M
24  72  41  57   3   8   0 0.00  0.0    0  5.0 17 270   M    M   0        19 270
25  69  42  56   2   9   0 0.00  0.0    0  3.5 13 230   M    M   0        17 230
26  68  44  56   2   9   0 0.00  0.0    0  4.0 12 220   M    M   0         M  M
================================================================================
SM 1864 1257       137  15  0.46     0.0 134.2          M       77
================================================================================
AV 71.7 48.3                               5.2 FASTST   M    M   3    MAX(MPH)
                                 MISC ---->    37   M                 50    M
================================================================================
NOTES:
# LAST OF SEVERAL OCCURRENCES

COLUMN 17 PEAK WIND IN M.P.H.

PRELIMINARY LOCAL CLIMATOLOGICAL DATA (WS FORM: F-6) , PAGE 2

                                          STATION:  CAMARILLO AIRPORT CA
                                          MONTH:    FEBRUARY
                                          YEAR:     2015
                                          LATITUDE:   34 12 N
                                          LONGITUDE: 119  6 W

[TEMPERATURE DATA]      [PRECIPITATION DATA]       SYMBOLS USED IN COLUMN 16

AVERAGE MONTHLY: 60.0   TOTAL FOR MONTH:   0.46    1 = FOG OR MIST
DPTR FM NORMAL:   6.0   DPTR FM NORMAL:   -3.02    2 = FOG REDUCING VISIBILITY
HIGHEST:    87 ON 13    GRTST 24HR  0.27 ON 22-22      TO 1/4 MILE OR LESS
LOWEST:     41 ON 24                               3 = THUNDER
                        SNOW, ICE PELLETS, HAIL    4 = ICE PELLETS
                        TOTAL MONTH:   0.0 INCH    5 = HAIL
                        GRTST 24HR     0.0         6 = FREEZING RAIN OR DRIZZLE
                        GRTST DEPTH:   0           7 = DUSTSTORM OR SANDSTORM:
                                                       VSBY 1/2 MILE OR LESS
                                                   8 = SMOKE OR HAZE
[NO. OF DAYS WITH]      [WEATHER - DAYS WITH]      9 = BLOWING SNOW
                                                   X = TORNADO
MAX 32 OR BELOW:   0    0.01 INCH OR MORE:   3
MAX 90 OR ABOVE:   0    0.10 INCH OR MORE:   2
MIN 32 OR BELOW:   0    0.50 INCH OR MORE:   0
MIN  0 OR BELOW:   0    1.00 INCH OR MORE:   0

[HDD (BASE 65) ]
TOTAL THIS MO.   137    CLEAR  (SCALE 0-3)  16
DPTR FM NORMAL  -159    PTCLDY (SCALE 4-7)   7
TOTAL FM JUL 1   639    CLOUDY (SCALE 8-10)  3
DPTR FM NORMAL  -676

[CDD (BASE 65) ]
TOTAL THIS MO.    15
DPTR FM NORMAL    15    [PRESSURE DATA]
TOTAL FM JAN 1    39    HIGHEST SLP M ON M
DPTR FM NORMAL    32    LOWEST  SLP 29.79 ON M

[REMARKS]
