000
CXUS55 KLOX 301655
CF6CMA
PRELIMINARY LOCAL CLIMATOLOGICAL DATA (WS FORM: F-6)

                                          STATION:   CAMARILLO AIRPORT CA
                                          MONTH:     JULY
                                          YEAR:      2014
                                          LATITUDE:   34 12 N
                                          LONGITUDE: 119  6 W

  TEMPERATURE IN F:       :PCPN:    SNOW:  WIND      :SUNSHINE: SKY     :PK WND
================================================================================
1   2   3   4   5  6A  6B    7    8   9   10  11  12  13   14  15   16   17  18
                                     12Z  AVG MX 2MIN
DY MAX MIN AVG DEP HDD CDD  WTR  SNW DPTH SPD SPD DIR MIN PSBL S-S WX    SPD DR
================================================================================

 1  73  65  69   3   0   4 0.00  0.0    0  4.1 12 270   M    M  10 18     18 210
 2  76  64  70   4   0   5 0.00  0.0    0  4.7 14 230   M    M   6 1      20 240
 3  79  63  71   5   0   6 0.00  0.0    0  5.4 13 270   M    M   3 18     21 230
 4  78  62  70   4   0   5 0.00  0.0    0  4.6 14 220   M    M   4 18      M  M
 5  84  65  75   9   0  10 0.00  0.0    0  4.9  M   M   M    M   2 18      M  M
 6  83  63  73   7   0   8 0.00  0.0    0  4.8 13 260   M    M   1 18     17 250
 7  81  64  73   6   0   8 0.00  0.0    0  4.8 13 250   M    M   0         M  M
 8  79  65  72   5   0   7 0.00  0.0    0  4.7 14 230   M    M   6 18     17 230
 9  78  66  72   5   0   7 0.00  0.0    0  5.5 14 270   M    M   7        20 250
10  78  66  72   5   0   7 0.00  0.0    0  5.6 15 270   M    M   7 8      21 220
11  77  66  72   5   0   7 0.00  0.0    0  5.3 17 260   M    M   5        20 260
12  80  61  71   4   0   6 0.00  0.0    0  4.6 13 260   M    M   0        20 240
13  83  63  73   6   0   8 0.00  0.0    0   M   M   M   M    M   0         M  M
14  80  69  75   8   0  10 0.00  0.0    0  5.7 18  20   M    M   3         M  M
15  77  68  73   6   0   8 0.00  0.0    0  5.4 14 240   M    M   8        18 230
16  77  64  71   4   0   6 0.00  0.0    0  4.8 13 260   M    M   7 18     16 230
17  78  62  70   3   0   5 0.00  0.0    0  5.4  M   M   M    M   3         M  M
18  77  59  68   1   0   3 0.00  0.0    0  5.4 14 230   M    M   2        21 260
19  76  62  69   2   0   4    T  0.0    0  6.2 13 270   M    M   2         M  M
20  79  66  73   6   0   8 0.00  0.0    0  6.2  M   M   M    M   2         M  M
21  80  62  71   4   0   6 0.00  0.0    0  6.0 17 270   M    M   1        23 260
22  82  60  71   4   0   6 0.00  0.0    0  5.5 18 260   M    M   0        22 270
23  83  61  72   5   0   7 0.00  0.0    0  4.4 13 270   M    M   0        16 250
24  87  62  75   8   0  10 0.00  0.0    0  3.6 12 260   M    M   0        17 270
25  81  62  72   5   0   7 0.00  0.0    0  5.3 14 230   M    M   1 18     18 230
26  80  65  73   6   0   8 0.00  0.0    M  5.0 14 220   M    M   2 18     18 220
27  82  67  75   8   0  10 0.00  0.0    0  4.9 15 230   M    M   3        21 220
28  85  66  76   9   0  11 0.00  0.0    0  4.3 16 210   M    M   0        20 210
29  84  65  75   8   0  10 0.00  0.0    0  5.0 15 260   M    M   0         M  M
================================================================================
SM 2317 1853         0 207    T      0.0 142.1          M       85
================================================================================
AV 79.9 63.9                               5.1 FASTST   M    M   3    MAX(MPH)
                                 MISC ---->  # 18  20                 23    M
================================================================================
NOTES:
# LAST OF SEVERAL OCCURRENCES

COLUMN 17 PEAK WIND IN M.P.H.

PRELIMINARY LOCAL CLIMATOLOGICAL DATA (WS FORM: F-6) , PAGE 2

                                          STATION:  CAMARILLO AIRPORT CA
                                          MONTH:    JULY
                                          YEAR:     2014
                                          LATITUDE:   34 12 N
                                          LONGITUDE: 119  6 W

[TEMPERATURE DATA]      [PRECIPITATION DATA]       SYMBOLS USED IN COLUMN 16

AVERAGE MONTHLY: 71.9   TOTAL FOR MONTH:      T    1 = FOG OR MIST
DPTR FM NORMAL:   5.1   DPTR FM NORMAL:   -0.02    2 = FOG REDUCING VISIBILITY
HIGHEST:    87 ON 24    GRTST 24HR    T  ON 19-19      TO 1/4 MILE OR LESS
LOWEST:     59 ON 18                               3 = THUNDER
                        SNOW, ICE PELLETS, HAIL    4 = ICE PELLETS
                        TOTAL MONTH:   0.0 INCH    5 = HAIL
                        GRTST 24HR     0.0         6 = FREEZING RAIN OR DRIZZLE
                        GRTST DEPTH:   0           7 = DUSTSTORM OR SANDSTORM:
                                                       VSBY 1/2 MILE OR LESS
                                                   8 = SMOKE OR HAZE
[NO. OF DAYS WITH]      [WEATHER - DAYS WITH]      9 = BLOWING SNOW
                                                   X = TORNADO
MAX 32 OR BELOW:   0    0.01 INCH OR MORE:   0
MAX 90 OR ABOVE:   0    0.10 INCH OR MORE:   0
MIN 32 OR BELOW:   0    0.50 INCH OR MORE:   0
MIN  0 OR BELOW:   0    1.00 INCH OR MORE:   0

[HDD (BASE 65) ]
TOTAL THIS MO.     0    CLEAR  (SCALE 0-3)  18
DPTR FM NORMAL    -1    PTCLDY (SCALE 4-7)  10
TOTAL FM JUL 1     0    CLOUDY (SCALE 8-10)  1
DPTR FM NORMAL    -1

[CDD (BASE 65) ]
TOTAL THIS MO.   207
DPTR FM NORMAL   137    [PRESSURE DATA]
TOTAL FM JAN 1   400    HIGHEST SLP M ON M
DPTR FM NORMAL   276    LOWEST  SLP 29.69 ON 24

[REMARKS]
