000
CXUS53 KILX 290900
CF6CMI
PRELIMINARY LOCAL CLIMATOLOGICAL DATA (WS FORM: F-6)

                                          STATION:   CHAMPAIGN IL AIRPORT
                                          MONTH:     MARCH
                                          YEAR:      2017
                                          LATITUDE:   40  1 N
                                          LONGITUDE:  88 17 W

  TEMPERATURE IN F:       :PCPN:    SNOW:  WIND      :SUNSHINE: SKY     :PK WND
================================================================================
1   2   3   4   5  6A  6B    7    8   9   10  11  12  13   14  15   16   17  18
                                     12Z  AVG MX 2MIN
DY MAX MIN AVG DEP HDD CDD  WTR  SNW DPTH SPD SPD DIR MIN PSBL S-S WX    SPD DR
================================================================================

 1  64  33  49  14  16   0 0.58    M    M 21.9 39 280   M    M   7 138    48 270
 2  40  26  33  -2  32   0 0.00    M    M 14.3 26 280   M    M   4        32 290
 3  38  19  29  -7  36   0 0.00    M    M  7.4 16 320   M    M   2        19 320
 4  57  30  44   8  21   0 0.00    M    M 13.9 24 130   M    M   3        29 140
 5  65  33  49  13  16   0 0.00    M    M 19.4 35 190   M    M   6        41 190
 6  63  51  57  20   8   0    T  0.0    0 24.1 37 180   M    M  10 1      49 180
 7  64  37  51  14  14   0 0.56    M    M 18.4 39 190   M    M   3 13     50 190
 8  59  34  47   9  18   0 0.00    M    M 15.2 33 260   M    M   0        42 250
 9  58  33  46   8  19   0    T    M    M 11.8 26  30   M    M   2        32  40
10  40  28  34  -4  31   0 0.00    M    M 15.5 25 320   M    M   2        30 330
11  35  24  30  -9  35   0 0.00    M    M  8.2 14  10   M    M   5        18  20
12  38  19  29 -10  36   0 0.00    M    M  5.9 15 130   M    M   3        19 100
13  33  23  28 -12  37   0 0.12    M    M 11.7 18 150   M    M  10 18     23  30
14  28  15  22 -18  43   0    T    M    M 11.5 21 340   M    M   5 1      24 340
15  30  12  21 -19  44   0 0.00    M    M  9.4 17 300   M    M   0        24 310
16  46  16  31 -10  34   0 0.00    M    M  8.8 16 180   M    M   1        22 180
17  56  37  47   6  18   0 0.04    M    M 10.8 17 200   M    M   7 18     22 180
18  42  34  38  -4  27   0 0.00    M    M 12.5 24 290   M    M   9        30 290
19  56  28  42   0  23   0 0.00    M    M  8.1 16 160   M    M   2        20 150
20  71  44  58  16   7   0 0.08    M    M 14.3 23 170   M    M   7 138    29 170
21  57  34  46   3  19   0    T    M    M 12.7 24 350   M    M   4 18     30 330
22  44  27  36  -7  29   0 0.00    M    M 14.6 25  40   M    M   1        34  50
23  50  29  40  -3  25   0    T    M    M 14.7 23 160   M    M   5        29 170
24  78  48  63  19   2   0    T    M    M 18.8 35 190   M    M   2        45 210
25  70  55  63  19   2   0 0.03    M    M 12.3 26 180   M    M   7 3      31 180
26  63  46  55  11  10   0    T    M    M 12.7 22 230   M    M   9        26 210
27  64  42  53   8  12   0 0.04    M    M  9.2 17  10   M    M   7 1      22 350
28  58  43  51   6  14   0 0.00    M    M 11.2 17 360   M    M  10 1      21 360
================================================================================
SM 1467  900       628   0  1.45     0.0 369.3          M      133
================================================================================
AV 52.4 32.1                              13.2 FASTST   M    M   5    MAX(MPH)
                                 MISC ---->  # 39 280               # 50  190
================================================================================
NOTES:
# LAST OF SEVERAL OCCURRENCES

COLUMN 17 PEAK WIND IN M.P.H.

PRELIMINARY LOCAL CLIMATOLOGICAL DATA (WS FORM: F-6) , PAGE 2

                                          STATION:  CHAMPAIGN IL AIRPORT
                                          MONTH:    MARCH
                                          YEAR:     2017
                                          LATITUDE:   40  1 N
                                          LONGITUDE:  88 17 W

[TEMPERATURE DATA]      [PRECIPITATION DATA]       SYMBOLS USED IN COLUMN 16

AVERAGE MONTHLY: 42.3   TOTAL FOR MONTH:   1.45    1 = FOG OR MIST
DPTR FM NORMAL:   2.2   DPTR FM NORMAL:   -0.97    2 = FOG REDUCING VISIBILITY
HIGHEST:    78 ON 24    GRTST 24HR  0.58 ON  1- 1      TO 1/4 MILE OR LESS
LOWEST:     12 ON 15                               3 = THUNDER
                        SNOW, ICE PELLETS, HAIL    4 = ICE PELLETS
                        TOTAL MONTH:   0.0 INCH    5 = HAIL
                        GRTST 24HR     0.0         6 = FREEZING RAIN OR DRIZZLE
                        GRTST DEPTH:   0           7 = DUSTSTORM OR SANDSTORM:
                                                       VSBY 1/2 MILE OR LESS
                                                   8 = SMOKE OR HAZE
[NO. OF DAYS WITH]      [WEATHER - DAYS WITH]      9 = BLOWING SNOW
                                                   X = TORNADO
MAX 32 OR BELOW:   2    0.01 INCH OR MORE:   7
MAX 90 OR ABOVE:   0    0.10 INCH OR MORE:   3
MIN 32 OR BELOW:  13    0.50 INCH OR MORE:   2
MIN  0 OR BELOW:   0    1.00 INCH OR MORE:   0

[HDD (BASE 65) ]
TOTAL THIS MO.   628    CLEAR  (SCALE 0-3)  11
DPTR FM NORMAL   -70    PTCLDY (SCALE 4-7)  12
TOTAL FM JUL 1  4147    CLOUDY (SCALE 8-10)  5
DPTR FM NORMAL -1053

[CDD (BASE 65) ]
TOTAL THIS MO.     0
DPTR FM NORMAL     0    [PRESSURE DATA]
TOTAL FM JAN 1     0    HIGHEST SLP M ON M
DPTR FM NORMAL     0    LOWEST  SLP 29.47 ON  1

[REMARKS]
