000
CXUS53 KARX 310930
CF6CMY
PRELIMINARY LOCAL CLIMATOLOGICAL DATA (WS FORM: F-6)

                                          STATION:   SPARTA - FORT MCCOY WI
                                          MONTH:     MAY
                                          YEAR:      2016
                                          LATITUDE:   43 58 N
                                          LONGITUDE:  90 44 W

  TEMPERATURE IN F:       :PCPN:    SNOW:  WIND      :SUNSHINE: SKY     :PK WND
================================================================================
1   2   3   4   5  6A  6B    7    8   9   10  11  12  13   14  15   16   17  18
                                     12Z  AVG MX 2MIN
DY MAX MIN AVG DEP HDD CDD  WTR  SNW DPTH SPD SPD DIR MIN PSBL S-S WX    SPD DR
================================================================================

 1  59  33  46   M  19   0    T  0.0    0  7.7 16  80   M    M   8        22  60
 2  64  28  46   M  19   0 0.00  0.0    0  1.2  7  50   M    M   5         M  M
 3  70  31  51   M  14   0 0.07  0.0    0  5.7 16 260   M    M   5 13     27 260
 4  64  34  49   M  16   0 0.00  0.0    0  9.9 21 350   M    M   1 1      30 330
 5  69  28  49   M  16   0 0.00  0.0    0  2.3  8 260   M    M   0 8      16 290
 6  90  41  66   M   0   1    T  0.0    0  4.4 13 250   M    M   2 138    20 250
 7  69  38  54   M  11   0 0.00  0.0    0  8.5 16 300   M    M   1 3      21  10
 8  73  31  52   M  13   0 0.00  0.0    0  1.9  8 340   M    M   0         M  M
 9  69  37  53   M  12   0 0.09  0.0    0  9.7 22 110   M    M   6        30 120
10  51  47  49   M  16   0 0.25  0.0    0  8.2 15 100   M    M  10 1      21  80
11  61  48  55   M  10   0 0.08  0.0    0  4.2 10  80   M    M  10 1       M  M
12  62  52  57   M   8   0 0.03  0.0    0  6.5 15 260   M    M   9 1      22 270
13  52  40  46   M  19   0 0.16  0.0    0  8.1 16 310   M    M   7        22 300
14  46  28  37   M  28   0 0.00  0.0    0  9.3 20 300   M    M   8        30 300
15  61  22  42   M  23   0 0.00  0.0    0  5.1 15 310   M    M   3        24 270
16  70  33  52   M  13   0 0.00  0.0    0  4.7 13 340   M    M   3        17 290
17  63  32  48   M  17   0 0.00  0.0    0  4.2 13  50   M    M   2        21  50
18  69  29  49   M  16   0 0.00  0.0    0  1.9  6 290   M    M   0         M  M
19  72  31  52   M  13   0 0.00  0.0    0  3.2  9 170   M    M   1         M  M
20  76  35  56   M   9   0 0.00  0.0    0  2.5  9 140   M    M   1         M  M
21  82  37  60   M   5   0 0.00  0.0    0  1.9 10 300   M    M   1         M  M
22  84  38  61   M   4   0 0.00  0.0    0  3.3  9 200   M    M   0        23 240
23  85  47  66   M   0   1 0.00  0.0    0  7.1 21 170   M    M   1        27 180
24  82  53  68   M   0   3 0.00  0.0    0  2.5  7 250   M    M   3        16 290
25  83  47  65   M   0   0 0.06  0.0    0  3.5 16 110   M    M   2 3      16 130
26  82  53  68   M   0   3 0.93  0.0    0  3.6 14 260   M    M   3 13     17 270
27  77  56  67   M   0   2 0.01  0.0    0  4.1 15 140   M    M   7 1      20 140
28  80  62  71   M   0   6 0.32  0.0    0  4.7 13 190   M    M   7 13     23 210
29  79  55  67   M   0   2 0.00  0.0    0  6.8 17 260   M    M   7        24 280
30  82  49  66   M   0   1 0.22  0.0    0  2.4  6 280   M    M   1 3       M  M
================================================================================
SM 2126 1195       301  19  2.22     0.0 149.1          M      114
================================================================================
AV 70.9 39.8                               5.0 FASTST   M    M   4    MAX(MPH)
                                 MISC ---->    22   M                 30    M
================================================================================
NOTES:
# LAST OF SEVERAL OCCURRENCES

COLUMN 17 PEAK WIND IN M.P.H.

PRELIMINARY LOCAL CLIMATOLOGICAL DATA (WS FORM: F-6) , PAGE 2

                                          STATION:  SPARTA - FORT MCCOY WI
                                          MONTH:    MAY
                                          YEAR:     2016
                                          LATITUDE:   43 58 N
                                          LONGITUDE:  90 44 W

[TEMPERATURE DATA]      [PRECIPITATION DATA]       SYMBOLS USED IN COLUMN 16

AVERAGE MONTHLY: 55.3   TOTAL FOR MONTH:   2.22    1 = FOG OR MIST
DPTR FM NORMAL:     M   DPTR FM NORMAL:       M    2 = FOG REDUCING VISIBILITY
HIGHEST:    90 ON  6    GRTST 24HR  0.93 ON 26-26      TO 1/4 MILE OR LESS
LOWEST:     22 ON 15                               3 = THUNDER
                        SNOW, ICE PELLETS, HAIL    4 = ICE PELLETS
                        TOTAL MONTH:   0.0 INCH    5 = HAIL
                        GRTST 24HR     0.0         6 = FREEZING RAIN OR DRIZZLE
                        GRTST DEPTH:   0           7 = DUSTSTORM OR SANDSTORM:
                                                       VSBY 1/2 MILE OR LESS
                                                   8 = SMOKE OR HAZE
[NO. OF DAYS WITH]      [WEATHER - DAYS WITH]      9 = BLOWING SNOW
                                                   X = TORNADO
MAX 32 OR BELOW:   0    0.01 INCH OR MORE:  11
MAX 90 OR ABOVE:   1    0.10 INCH OR MORE:   5
MIN 32 OR BELOW:   9    0.50 INCH OR MORE:   1
MIN  0 OR BELOW:   0    1.00 INCH OR MORE:   0

[HDD (BASE 65) ]
TOTAL THIS MO.   301    CLEAR  (SCALE 0-3)  17
DPTR FM NORMAL     M    PTCLDY (SCALE 4-7)   9
TOTAL FM JUL 1  6810    CLOUDY (SCALE 8-10)  4
DPTR FM NORMAL     M

[CDD (BASE 65) ]
TOTAL THIS MO.    19
DPTR FM NORMAL     M    [PRESSURE DATA]
TOTAL FM JAN 1    20    HIGHEST SLP M ON M
DPTR FM NORMAL     M    LOWEST  SLP M ON M

[REMARKS]
