000
CXUS53 KARX 020421
CF6CMY
PRELIMINARY LOCAL CLIMATOLOGICAL DATA (WS FORM: F-6)

                                          STATION:   SPARTA - FORT MCCOY WI
                                          MONTH:     JUNE
                                          YEAR:      2015
                                          LATITUDE:   43 58 N
                                          LONGITUDE:  90 44 W

  TEMPERATURE IN F:       :PCPN:    SNOW:  WIND      :SUNSHINE: SKY     :PK WND
================================================================================
1   2   3   4   5  6A  6B    7    8   9   10  11  12  13   14  15   16   17  18
                                     12Z  AVG MX 2MIN
DY MAX MIN AVG DEP HDD CDD  WTR  SNW DPTH SPD SPD DIR MIN PSBL S-S WX    SPD DR
================================================================================

 1  69  31  50   M  15   0 0.00  0.0    0  4.6 12  90   M    M   0        16 130
 2  74  35  55   M  10   0 0.00  0.0    0  4.2 10 140   M    M   0         M  M
 3  77  48  63   M   2   0 0.21  0.0    0  7.0 15 170   M    M   4        22 170
 4  76  59  68   M   0   3 0.00  0.0    0  4.7  9  20   M    M   7        16 250
 5  72  49  61   M   4   0 0.00  0.0    0  4.3 15 100   M    M   5        18 100
 6  77  42  60   M   5   0 0.00  0.0    0  6.4 13 190   M    M   2 3      17 160
 7  82  60  71   M   0   6 0.46  0.0    0  7.1 17 170   M    M   5 13     25 170
 8  80  56  68   M   0   3 0.00  0.0    0  5.7 16 310   M    M   2        23 300
 9  91  50  71   M   0   6 0.00  0.0    0  2.5 10 270   M    M   2         M  M
10  81  57  69   M   0   4 0.00  0.0    0  4.7 12 310   M    M   0        17 310
11  63  56  60   M   5   0 1.43  0.0    0  6.6 15  80   M    M   9        24 100
12  75  56  66   M   0   1 0.11  0.0    0  8.2 14 110   M    M   7        18  70
13  72  58  65   M   0   0 0.05  0.0    0  3.5  7 150   M    M   9 1       M  M
14  83  58  71   M   0   6 0.00  0.0    0  1.7  8 300   M    M   7 12      M  M
15  77  53  65   M   0   0 2.85  0.0    0  2.8 18 280   M    M   3 13     27 280
16  77  47  62   M   3   0 0.00  0.0    0  1.4  5 310   M    M   3 18      M  M
17  78  59  69   M   0   4 0.00  0.0    0  3.0  7 150   M    M   4        10 200
18  80  60  70   M   0   5 0.00  0.0    0  6.3 13 320   M    M   5        18 340
19  77  53  65   M   0   0 0.00  0.0    0  4.0  9 120   M    M   0         M  M
20  77  53  65   M   0   0 0.08  0.0    0  4.1 17 140   M    M   5 13     27 170
21  83  58  71   M   0   6 0.00  0.0    0  3.1 10 290   M    M   5 12     17 280
22  84  55  70   M   0   5 0.43  0.0    0  8.2 18 260   M    M   3 3      28 260
23  79  51  65   M   0   0 0.00  0.0    0  5.0 13 320   M    M   1        20 320
24  81  47  64   M   1   0 0.00  0.0    0  2.2  9 170   M    M   1         M  M
25  84  56  70   M   0   5 0.00  0.0    0  3.1  9  20   M    M   4 1      20  20
26  78  54  66   M   0   1 0.00  0.0    0  4.2 12 100   M    M   3 1      17 100
27  82  53  68   M   0   3 0.00  0.0    0  1.4  7  30   M    M   5 12      M  M
28  74  52  63   M   2   0    T  0.0    0  1.8  8 140   M    M   8         M  M
29  80  54  67   M   0   2 0.03  0.0    0  2.4 10  20   M    M   7 13     17  20
30  76  49  63   M   2   0 0.00  0.0    0  3.5 10 320   M    M   6 12     13 360
================================================================================
SM 2339 1569        49  60  5.65     0.0 127.7          M      122
================================================================================
AV 78.0 52.3                               4.3 FASTST   M    M   4    MAX(MPH)
                                 MISC ---->    18   M                 28    M
================================================================================
NOTES:
# LAST OF SEVERAL OCCURRENCES

COLUMN 17 PEAK WIND IN M.P.H.

PRELIMINARY LOCAL CLIMATOLOGICAL DATA (WS FORM: F-6) , PAGE 2

                                          STATION:  SPARTA - FORT MCCOY WI
                                          MONTH:    JUNE
                                          YEAR:     2015
                                          LATITUDE:   43 58 N
                                          LONGITUDE:  90 44 W

[TEMPERATURE DATA]      [PRECIPITATION DATA]       SYMBOLS USED IN COLUMN 16

AVERAGE MONTHLY: 65.1   TOTAL FOR MONTH:   5.65    1 = FOG OR MIST
DPTR FM NORMAL:     M   DPTR FM NORMAL:       M    2 = FOG REDUCING VISIBILITY
HIGHEST:    91 ON  9    GRTST 24HR  2.85 ON 15-15      TO 1/4 MILE OR LESS
LOWEST:     31 ON  1                               3 = THUNDER
                        SNOW, ICE PELLETS, HAIL    4 = ICE PELLETS
                        TOTAL MONTH:   0.0 INCH    5 = HAIL
                        GRTST 24HR     0.0         6 = FREEZING RAIN OR DRIZZLE
                        GRTST DEPTH:   0           7 = DUSTSTORM OR SANDSTORM:
                                                       VSBY 1/2 MILE OR LESS
                                                   8 = SMOKE OR HAZE
[NO. OF DAYS WITH]      [WEATHER - DAYS WITH]      9 = BLOWING SNOW
                                                   X = TORNADO
MAX 32 OR BELOW:   0    0.01 INCH OR MORE:   9
MAX 90 OR ABOVE:   1    0.10 INCH OR MORE:   6
MIN 32 OR BELOW:   1    0.50 INCH OR MORE:   2
MIN  0 OR BELOW:   0    1.00 INCH OR MORE:   2

[HDD (BASE 65) ]
TOTAL THIS MO.    49    CLEAR  (SCALE 0-3)  13
DPTR FM NORMAL     M    PTCLDY (SCALE 4-7)  15
TOTAL FM JUL 1  8168    CLOUDY (SCALE 8-10)  2
DPTR FM NORMAL     M

[CDD (BASE 65) ]
TOTAL THIS MO.    60
DPTR FM NORMAL     M    [PRESSURE DATA]
TOTAL FM JAN 1    91    HIGHEST SLP M ON M
DPTR FM NORMAL     M    LOWEST  SLP M ON M

[REMARKS]
#FINAL-06-15#
