000
CXUS53 KTOP 011108
CF6CNK
PRELIMINARY LOCAL CLIMATOLOGICAL DATA (WS FORM: F-6)

                                          STATION:   Concordia KS
                                          MONTH:     JUNE
                                          YEAR:      2015
                                          LATITUDE:   39 32 N
                                          LONGITUDE:  97 39 W

  TEMPERATURE IN F:       :PCPN:    SNOW:  WIND      :SUNSHINE: SKY     :PK WND
================================================================================
1   2   3   4   5  6A  6B    7    8   9   10  11  12  13   14  15   16   17  18
                                     12Z  AVG MX 2MIN
DY MAX MIN AVG DEP HDD CDD  WTR  SNW DPTH SPD SPD DIR MIN PSBL S-S WX    SPD DR
================================================================================

 1  76  53  65  -3   0   0 0.00  0.0    0 11.6 18 160   M    M   4        25 140
 2  86  58  72   3   0   7 0.00  0.0    0 15.9 24 150   M    M   4        29 160
 3  84  61  73   4   0   8 0.22  0.0    0 12.1 29 150   M    M   5 13     36 150
 4  84  59  72   2   0   7 1.96  0.0    0 15.1 38  50   M    M   5 13     48  40
 5  81  60  71   1   0   6 0.67  0.0    0  9.2 28 120   M    M   2 13     38 120
 6  86  66  76   6   0  11 0.00  0.0    0 14.5 24 170   M    M   1 3      29 180
 7  88  65  77   6   0  12 0.00  0.0    0  9.7 18 190   M    M   1 8      26 200
 8  89  62  76   5   0  11 0.00  0.0    0  8.4 20 310   M    M   0        27 320
 9  95  67  81  10   0  16 0.00  0.0    0  9.3 15 190   M    M   0        19 190
10  95  68  82  10   0  17 0.51  0.0    0 10.6 35 350   M    M   1 138    40 350
11  87  64  76   4   0  11 1.84  0.0    0 15.0 31 320   M    M   6 13     39 310
12  66  60  63  -9   2   0 0.08  0.0    0  5.0 15  20   M    M  10 1      18 350
13  79  58  69  -4   0   4 0.00  0.0    0  4.0 13 140   M    M   5 1      16 140
14  83  66  75   2   0  10 0.22  0.0    0  7.3 21 160   M    M   7 13     26 150
15  78  65  72  -1   0   7 0.01  0.0    0 10.3 22  10   M    M   4 1      27  20
16  81  59  70  -4   0   5 0.00  0.0    0  7.9 21 100   M    M   3        26 110
17  86  65  76   2   0  11 0.02  0.0    0  5.6 14 320   M    M   4 1      19 320
18  80  65  73  -1   0   8 0.20  0.0    0  9.3 30 330   M    M   3 13     37 320
19  85  61  73  -2   0   8 0.00  0.0    0  7.9 18 150   M    M   1 1      23 160
20  98  72  85  10   0  20 0.00  0.0    0 15.0 25 210   M    M   0        33 200
21  94  72  83   8   0  18 0.00  0.0    0 11.9 23 180   M    M   1 3      30 170
22  96  70  83   7   0  18 0.00  0.0    0 17.1 30 210   M    M   0        36 210
23  79  64  72  -4   0   7 0.00  0.0    0 10.7 22  80   M    M   4        30  80
24  97  65  81   5   0  16 0.00  0.0    0 16.7 29 190   M    M   0        36 190
25  86  69  78   2   0  13 0.38  0.0    0  9.0 18  10   M    M   2 13     23  10
26  82  65  74  -3   0   9 0.00  0.0    0  8.7 20 360   M    M   3 1      24 360
27  87  61  74  -3   0   9 0.00  0.0    0  4.7 16 190   M    M   0        21 190
28  91  68  80   3   0  15 0.00  0.0    0 11.9 23 320   M    M   0        29 330
29  88  59  74  -4   0   9 0.00  0.0    0  6.3 15 300   M    M   0 8      20 320
30  97  64  81   3   0  16 0.00  0.0    0  7.5 15 220   M    M   0 18     20 210
================================================================================
SM 2584 1911         2 309  6.11     0.0 308.2          M       76
================================================================================
AV 86.1 63.7                              10.3 FASTST   M    M   3    MAX(MPH)
                                 MISC ---->  # 38  50               # 48   40
================================================================================
NOTES:
# LAST OF SEVERAL OCCURRENCES

COLUMN 17 PEAK WIND IN M.P.H.

PRELIMINARY LOCAL CLIMATOLOGICAL DATA (WS FORM: F-6) , PAGE 2

                                          STATION:  Concordia KS
                                          MONTH:    JUNE
                                          YEAR:     2015
                                          LATITUDE:   39 32 N
                                          LONGITUDE:  97 39 W

[TEMPERATURE DATA]      [PRECIPITATION DATA]       SYMBOLS USED IN COLUMN 16

AVERAGE MONTHLY: 74.9   TOTAL FOR MONTH:   6.11    1 = FOG OR MIST
DPTR FM NORMAL:   1.5   DPTR FM NORMAL:    2.06    2 = FOG REDUCING VISIBILITY
HIGHEST:    98 ON 20    GRTST 24HR  2.62 ON  4- 5      TO 1/4 MILE OR LESS
LOWEST:     53 ON  1                               3 = THUNDER
                        SNOW, ICE PELLETS, HAIL    4 = ICE PELLETS
                        TOTAL MONTH:   0.0 INCH    5 = HAIL
                        GRTST 24HR     0.0         6 = FREEZING RAIN OR DRIZZLE
                        GRTST DEPTH:   0           7 = DUSTSTORM OR SANDSTORM:
                                                       VSBY 1/2 MILE OR LESS
                                                   8 = SMOKE OR HAZE
[NO. OF DAYS WITH]      [WEATHER - DAYS WITH]      9 = BLOWING SNOW
                                                   X = TORNADO
MAX 32 OR BELOW:   0    0.01 INCH OR MORE:  11
MAX 90 OR ABOVE:   8    0.10 INCH OR MORE:   8
MIN 32 OR BELOW:   0    0.50 INCH OR MORE:   4
MIN  0 OR BELOW:   0    1.00 INCH OR MORE:   2

[HDD (BASE 65) ]
TOTAL THIS MO.     2    CLEAR  (SCALE 0-3)  17
DPTR FM NORMAL   -11    PTCLDY (SCALE 4-7)  12
TOTAL FM JUL 1  5182    CLOUDY (SCALE 8-10)  1
DPTR FM NORMAL  -226

[CDD (BASE 65) ]
TOTAL THIS MO.   309
DPTR FM NORMAL    44    [PRESSURE DATA]
TOTAL FM JAN 1   364    HIGHEST SLP 30.14 ON 16
DPTR FM NORMAL    10    LOWEST  SLP 29.57 ON 10

[REMARKS]
#FINAL-06-15#
