000
CXUS54 KMAF 221100
CF6CNM
PRELIMINARY LOCAL CLIMATOLOGICAL DATA (WS FORM: F-6)

                                          STATION:   Carlsbad
                                          MONTH:     FEBRUARY
                                          YEAR:      2017
                                          LATITUDE:   32 20 N
                                          LONGITUDE: 104 15 W

  TEMPERATURE IN F:       :PCPN:    SNOW:  WIND      :SUNSHINE: SKY     :PK WND
================================================================================
1   2   3   4   5  6A  6B    7    8   9   10  11  12  13   14  15   16   17  18
                                     12Z  AVG MX 2MIN
DY MAX MIN AVG DEP HDD CDD  WTR  SNW DPTH SPD SPD DIR MIN PSBL S-S WX    SPD DR
================================================================================

 1  77  38  58  13   7   0 0.00  0.0    0  6.3 24 260   M    M   0        29 260
 2  51  29  40  -6  25   0 0.00  0.0    0  6.3 17 160   M    M   0        21 150
 3  52  30  41  -5  24   0 0.00  0.0    0  8.5 16  90   M    M   0        26 130
 4  63  27  45  -1  20   0 0.00  0.0    0  6.2 12 180   M    M   0        13 160
 5  78  30  54   8  11   0 0.00  0.0    0  7.2 25 250   M    M   0        30 250
 6  76  43  60  14   5   0 0.00  0.0    0 12.8 35 260   M    M   0        41 240
 7  76  56  66  20   0   1 0.00  0.0    0 23.8 35 260   M    M   0        42 270
 8  78  46  62  15   3   0 0.00  0.0    0  7.7 25 260   M    M   0        31 260
 9  72  35  54   7  11   0 0.00  0.0    0  6.9 15 150   M    M   0        19 150
10  88  35  62  15   3   0 0.00  0.0    0  8.1 23 260   M    M   0        30 250
11  88  44  66  19   0   1 0.00  0.0    0  9.8 25 260   M    M   0        32 260
12  61  48  55   8  10   0    T    M    0 13.9 26  20   M    M   4 3      35  20
13  49  37  43  -5  22   0 0.12    M    0  9.1 23  20   M    M  10 13     27  20
14  48  29  39  -9  26   0    T    M    0 14.6 29 330   M    M   8        34 330
15  57  28  43  -5  22   0    T    M    0  6.0 12 250   M    M   0        15 340
16  66  28  47  -1  18   0 0.00  0.0    0  6.1 15 260   M    M   0        19 260
17  73  36  55   7  10   0 0.00  0.0    0 17.8 37 260   M    M   0        46 260
18  75  44  60  11   5   0 0.00  0.0    0  8.4 23 250   M    M   0        28 250
19  65  48  57   8   8   0 0.00  0.0    0 12.6 33 260   M    M   1        40 270
20  72  45  59  10   6   0 0.00  0.0    0 14.3 28 260   M    M   0        35 260
21  84  35  60  11   5   0 0.00  0.0    0  7.3 25 250   M    M   0        30 250
================================================================================
SM 1449  791       241   2  0.12     0.0 213.7          M       23
================================================================================
AV 69.0 37.7                              10.2 FASTST   M    M   1    MAX(MPH)
                                 MISC ---->  # 37 260               # 46  260
================================================================================
NOTES:
# LAST OF SEVERAL OCCURRENCES

COLUMN 17 PEAK WIND IN M.P.H.

PRELIMINARY LOCAL CLIMATOLOGICAL DATA (WS FORM: F-6) , PAGE 2

                                          STATION:  Carlsbad
                                          MONTH:    FEBRUARY
                                          YEAR:     2017
                                          LATITUDE:   32 20 N
                                          LONGITUDE: 104 15 W

[TEMPERATURE DATA]      [PRECIPITATION DATA]       SYMBOLS USED IN COLUMN 16

AVERAGE MONTHLY: 53.3   TOTAL FOR MONTH:   0.12    1 = FOG OR MIST
DPTR FM NORMAL:   6.1   DPTR FM NORMAL:   -0.27    2 = FOG REDUCING VISIBILITY
HIGHEST:    88 ON 11,10 GRTST 24HR  0.12 ON 13-13      TO 1/4 MILE OR LESS
LOWEST:     27 ON  4                               3 = THUNDER
                        SNOW, ICE PELLETS, HAIL    4 = ICE PELLETS
                        TOTAL MONTH:   0.0 INCH    5 = HAIL
                        GRTST 24HR     0.0         6 = FREEZING RAIN OR DRIZZLE
                        GRTST DEPTH:   0           7 = DUSTSTORM OR SANDSTORM:
                                                       VSBY 1/2 MILE OR LESS
                                                   8 = SMOKE OR HAZE
[NO. OF DAYS WITH]      [WEATHER - DAYS WITH]      9 = BLOWING SNOW
                                                   X = TORNADO
MAX 32 OR BELOW:   0    0.01 INCH OR MORE:   1
MAX 90 OR ABOVE:   0    0.10 INCH OR MORE:   1
MIN 32 OR BELOW:   7    0.50 INCH OR MORE:   0
MIN  0 OR BELOW:   0    1.00 INCH OR MORE:   0

[HDD (BASE 65) ]
TOTAL THIS MO.   241    CLEAR  (SCALE 0-3)  18
DPTR FM NORMAL  -132    PTCLDY (SCALE 4-7)   2
TOTAL FM JUL 1  1750    CLOUDY (SCALE 8-10)  1
DPTR FM NORMAL  -505

[CDD (BASE 65) ]
TOTAL THIS MO.     2
DPTR FM NORMAL     2    [PRESSURE DATA]
TOTAL FM JAN 1     2    HIGHEST SLP M ON M
DPTR FM NORMAL     2    LOWEST  SLP 29.56 ON 19

[REMARKS]
