000
CXUS53 KICT 300800
CF6CNU
PRELIMINARY LOCAL CLIMATOLOGICAL DATA (WS FORM: F-6)

                                          STATION:   CHANUTE KS
                                          MONTH:     JUNE
                                          YEAR:      2015
                                          LATITUDE:   37 40 N
                                          LONGITUDE:  95 29 W

  TEMPERATURE IN F:       :PCPN:    SNOW:  WIND      :SUNSHINE: SKY     :PK WND
================================================================================
1   2   3   4   5  6A  6B    7    8   9   10  11  12  13   14  15   16   17  18
                                     12Z  AVG MX 2MIN
DY MAX MIN AVG DEP HDD CDD  WTR  SNW DPTH SPD SPD DIR MIN PSBL S-S WX    SPD DR
================================================================================

 1  71  58  65  -5   0   0 0.00    M    M  6.5 12  90   M    M   6        20  90
 2  82  57  70  -1   0   5 0.00    M    M  8.7 15 170   M    M   4        22 180
 3  86  68  77   6   0  12 0.00    M    M 11.7 23 160   M    M   1        29 160
 4  87  69  78   7   0  13 0.00    M    M 10.2 24 160   M    M   0        28 160
 5  88  65  77   5   0  12 0.13    M    M  7.8 38 340   M    M   3 13     50 340
 6  89  70  80   8   0  15 0.00    M    M  7.5 15 180   M    M   1        25 160
 7  92  73  83  11   0  18 0.00    M    M 13.9 22 210   M    M   0 18     30 240
 8  88  67  78   6   0  13    T    M    M  6.6 18 280   M    M   0        22 290
 9  94  64  79   6   0  14 0.00    M    M  5.1 13 210   M    M   1        21 120
10  95  70  83  10   0  18 0.00    M    M 10.3 17 190   M    M   1        26 200
11  92  72  82   9   0  17 0.00    M    M 14.0 26 200   M    M   1        34 190
12  85  68  77   3   0  12 0.27    M    M  7.3 17 330   M    M   5 13     23 310
13  82  67  75   1   0  10 0.37    M    M  7.6 15 160   M    M   5 1      25 170
14  84  69  77   3   0  12 0.70    M    M  9.0 32 160   M    M   7 13     41 160
15  85  68  77   2   0  12 0.54    M    M  9.4 21 180   M    M   5 13     25 190
16  83  68  76   1   0  11 0.11    M    M  4.6  8 260   M    M   8 1      13 240
17  80  72  76   1   0  11    T    M    M  7.3 15 200   M    M   6 1      23 210
18  80  71  76   1   0  11 0.09    M    M  7.1 14  60   M    M   2 1      20  70
19  87  67  77   1   0  12 0.00    M    M  6.8 15 350   M    M   1        20  20
20  92  69  81   5   0  16 0.00    M    M 12.3 24 210   M    M   0        32 190
21  89  73  81   5   0  16 0.00    M    M 13.2 22 190   M    M   1        28 190
22  91  73  82   6   0  17 0.00    M    M 16.4 30 210   M    M   1        39 210
23  93  75  84   7   0  19 0.00    M    M  8.4 21  70   M    M   3        28 100
24  93  71  82   5   0  17 0.00    M    M 11.5 22 230   M    M   0        31 200
25  95  74  85   8   0  20 0.00    M    M 12.8 21 240   M    M   0        28 210
26  84  67  76  -1   0  11 0.08    M    M  8.3 20 210   M    M   6 13     28 210
27  85  62  74  -4   0   9 0.00    M    M  6.0 14  30   M    M   1        19  30
28  92  64  78   0   0  13 0.08    M    M  9.9 22 210   M    M   1 3      31 280
29  89  63  76  -2   0  11 0.00    M    M  5.1 13 320   M    M   1        19  30
================================================================================
SM 2533 1974         0 377  2.37    M    265.3          M       71
================================================================================
AV 87.3 68.1                               9.1 FASTST   M    M   2    MAX(MPH)
                                 MISC ---->  # 38 340               # 50  340
================================================================================
NOTES:
# LAST OF SEVERAL OCCURRENCES

COLUMN 17 PEAK WIND IN M.P.H.

PRELIMINARY LOCAL CLIMATOLOGICAL DATA (WS FORM: F-6) , PAGE 2

                                          STATION:  CHANUTE KS
                                          MONTH:    JUNE
                                          YEAR:     2015
                                          LATITUDE:   37 40 N
                                          LONGITUDE:  95 29 W

[TEMPERATURE DATA]      [PRECIPITATION DATA]       SYMBOLS USED IN COLUMN 16

AVERAGE MONTHLY: 77.7   TOTAL FOR MONTH:   2.37    1 = FOG OR MIST
DPTR FM NORMAL:   3.3   DPTR FM NORMAL:   -3.50    2 = FOG REDUCING VISIBILITY
HIGHEST:    95 ON 25,10 GRTST 24HR  0.70 ON 14-14      TO 1/4 MILE OR LESS
LOWEST:     57 ON  2                               3 = THUNDER
                        SNOW, ICE PELLETS, HAIL    4 = ICE PELLETS
                        TOTAL MONTH:    M          5 = HAIL
                        GRTST 24HR    M  ON   M    6 = FREEZING RAIN OR DRIZZLE
                        GRTST DEPTH:  M  ON   M    7 = DUSTSTORM OR SANDSTORM:
                                                       VSBY 1/2 MILE OR LESS
                                                   8 = SMOKE OR HAZE
[NO. OF DAYS WITH]      [WEATHER - DAYS WITH]      9 = BLOWING SNOW
                                                   X = TORNADO
MAX 32 OR BELOW:   0    0.01 INCH OR MORE:   9
MAX 90 OR ABOVE:  10    0.10 INCH OR MORE:   6
MIN 32 OR BELOW:   0    0.50 INCH OR MORE:   2
MIN  0 OR BELOW:   0    1.00 INCH OR MORE:   0

[HDD (BASE 65) ]
TOTAL THIS MO.     0    CLEAR  (SCALE 0-3)  20
DPTR FM NORMAL    -4    PTCLDY (SCALE 4-7)   9
TOTAL FM JUL 1  4455    CLOUDY (SCALE 8-10)  0
DPTR FM NORMAL   -26

[CDD (BASE 65) ]
TOTAL THIS MO.   377
DPTR FM NORMAL    97    [PRESSURE DATA]
TOTAL FM JAN 1   486    HIGHEST SLP M ON M
DPTR FM NORMAL    73    LOWEST  SLP 29.59 ON 11

[REMARKS]
