000
CXUS54 KCRP 211300
CF6COT
PRELIMINARY LOCAL CLIMATOLOGICAL DATA (WS FORM: F-6)

                                          STATION:   COTULLA
                                          MONTH:     JANUARY
                                          YEAR:      2017
                                          LATITUDE:   28 27 N
                                          LONGITUDE:  99 13 W

  TEMPERATURE IN F:       :PCPN:    SNOW:  WIND      :SUNSHINE: SKY     :PK WND
================================================================================
1   2   3   4   5  6A  6B    7    8   9   10  11  12  13   14  15   16   17  18
                                     12Z  AVG MX 2MIN
DY MAX MIN AVG DEP HDD CDD  WTR  SNW DPTH SPD SPD DIR MIN PSBL S-S WX    SPD DR
================================================================================

 1  83  58  71  17   0   6 0.01  0.0    0  6.0 12 120   M    M   1 8      16 220
 2  84  54  69  15   0   4 0.00  0.0    0  7.8 22 350   M    M   1 18     26 320
 3  84  44  64  10   1   0 0.00  0.0    0  5.1 15  70   M    M   0        19  70
 4  61  45  53  -1  12   0 0.00  0.0    0  7.8 14  50   M    M   5        21  50
 5  75  48  62   8   3   0 0.00  0.0    0  6.2 25  50   M    M   8        34  50
 6  48  29  39 -15  26   0    T    M    0 12.1 20 350   M    M   8        25  20
 7  48  24  36 -18  29   0 0.00  0.0    0  7.3 15  10   M    M   0        19  10
 8  57  24  41 -14  24   0 0.00  0.0    0  6.0 14 180   M    M   3        18 150
 9  77  40  59   4   6   0 0.00  0.0    0  5.2 16 170   M    M   1        21 160
10  86  51  69  14   0   4 0.00  0.0    0  6.7 15 190   M    M   0        21 210
11  88  58  73  18   0   8 0.00  0.0    0 11.4 20 150   M    M   0        28 180
12  87  62  75  20   0  10 0.00  0.0    0 12.3 21 150   M    M   3 1      27 140
13  85  69  77  22   0  12 0.00  0.0    0 12.4 24 140   M    M   8 18     28 140
14  83  70  77  22   0  12    T  0.0    0 13.7 24 140   M    M   9        31 140
15  86  66  76  21   0  11 0.01  0.0    0 14.8 30 150   M    M   6 1      40 150
16  77  65  71  16   0   6 0.00  0.0    0  6.9 15  40   M    M   8        19  50
17  67  56  62   7   3   0    T  0.0    0 11.0 22  60   M    M   9 18     28  60
18  71  54  63   8   2   0 0.02  0.0    0  6.1 13 330   M    M   5 1      15 330
19  80  53  67  12   0   2 0.27  0.0    0  3.9 10 110   M    M   4 18     14 290
20  79  54  67  12   0   2 0.00  0.0    0  5.7 17 130   M    M   3 128    22 120
================================================================================
SM 1506 1024       106  77  0.31     0.0 168.4          M       82
================================================================================
AV 75.3 51.2                               8.4 FASTST   M    M   4    MAX(MPH)
                                 MISC ---->  # 30 150               # 40  150
================================================================================
NOTES:
# LAST OF SEVERAL OCCURRENCES

COLUMN 17 PEAK WIND IN M.P.H.

PRELIMINARY LOCAL CLIMATOLOGICAL DATA (WS FORM: F-6) , PAGE 2

                                          STATION:  COTULLA
                                          MONTH:    JANUARY
                                          YEAR:     2017
                                          LATITUDE:   28 27 N
                                          LONGITUDE:  99 13 W

[TEMPERATURE DATA]      [PRECIPITATION DATA]       SYMBOLS USED IN COLUMN 16

AVERAGE MONTHLY: 63.2   TOTAL FOR MONTH:   0.31    1 = FOG OR MIST
DPTR FM NORMAL:   8.6   DPTR FM NORMAL:   -0.40    2 = FOG REDUCING VISIBILITY
HIGHEST:    88 ON 11    GRTST 24HR  0.27 ON 19-19      TO 1/4 MILE OR LESS
LOWEST:     24 ON  8, 7                            3 = THUNDER
                        SNOW, ICE PELLETS, HAIL    4 = ICE PELLETS
                        TOTAL MONTH:   0.0 INCH    5 = HAIL
                        GRTST 24HR     0.0         6 = FREEZING RAIN OR DRIZZLE
                        GRTST DEPTH:   0           7 = DUSTSTORM OR SANDSTORM:
                                                       VSBY 1/2 MILE OR LESS
                                                   8 = SMOKE OR HAZE
[NO. OF DAYS WITH]      [WEATHER - DAYS WITH]      9 = BLOWING SNOW
                                                   X = TORNADO
MAX 32 OR BELOW:   0    0.01 INCH OR MORE:   4
MAX 90 OR ABOVE:   0    0.10 INCH OR MORE:   1
MIN 32 OR BELOW:   3    0.50 INCH OR MORE:   0
MIN  0 OR BELOW:   0    1.00 INCH OR MORE:   0

[HDD (BASE 65) ]
TOTAL THIS MO.   106    CLEAR  (SCALE 0-3)   8
DPTR FM NORMAL  -107    PTCLDY (SCALE 4-7)   9
TOTAL FM JUL 1   328    CLOUDY (SCALE 8-10)  3
DPTR FM NORMAL  -339

[CDD (BASE 65) ]
TOTAL THIS MO.    77
DPTR FM NORMAL    67    [PRESSURE DATA]
TOTAL FM JAN 1    77    HIGHEST SLP M ON M
DPTR FM NORMAL    67    LOWEST  SLP 29.62 ON 20

[REMARKS]
