000
CXUS55 KRIW 010945
CF6CPR
PRELIMINARY LOCAL CLIMATOLOGICAL DATA (WS FORM: F-6)

                                          STATION:   CASPER WY
                                          MONTH:     SEPTEMBER
                                          YEAR:      2016
                                          LATITUDE:   42 55 N
                                          LONGITUDE: 106 28 W

  TEMPERATURE IN F:       :PCPN:    SNOW:  WIND      :SUNSHINE: SKY     :PK WND
================================================================================
1   2   3   4   5  6A  6B    7    8   9   10  11  12  13   14  15   16   17  18
                                     12Z  AVG MX 2MIN
DY MAX MIN AVG DEP HDD CDD  WTR  SNW DPTH SPD SPD DIR MIN PSBL S-S WX    SPD DR
================================================================================

 1  93  47  70   5   0   5 0.00  0.0    0  7.0 22 200   M    M   0        29 210
 2  89  60  75  11   0  10    T  0.0    0 13.8 29 210   M    M   1        38 210
 3  85  53  69   5   0   4    T  0.0    0  9.6 32 300   M    M   2 3      45 240
 4  73  51  62  -1   3   0 0.45  0.0    0 10.6 31 330   M    M   4 13     38 330
 5  75  50  63   0   2   0    T  0.0    0 11.6 24 240   M    M   3 1      30 240
 6  77  50  64   2   1   0    T  0.0    0  7.3 20 110   M    M   5        29 110
 7  78  45  62   0   3   0 0.00  0.0    0 12.2 24 240   M    M   0        34 230
 8  81  42  62   0   3   0 0.00  0.0    0 14.7 29 250   M    M   0        38 240
 9  61  33  47 -14  18   0 0.11  0.0    0  7.7 22  20   M    M   4 1      26  20
10  80  30  55  -6  10   0 0.00  0.0    0  9.5 24 210   M    M   0        29 200
11  86  48  67   7   0   2 0.00  0.0    0 18.0 35  10   M    M   0        43 240
12  52  36  44 -16  21   0 0.07  0.0    0 14.0 26  20   M    M   7 1      32  10
13  60  36  48 -11  17   0 0.06  0.0    0  9.5 22  30   M    M   7 1      26  30
14  72  36  54  -5  11   0 0.05  0.0    0 11.5 37 240   M    M   2 123    46 240
15  62  41  52  -6  13   0 0.17  0.0    0  7.7 21 220   M    M   4 13     25 230
16  68  39  54  -4  11   0 0.00  0.0    0  5.1 14 240   M    M   1        16 230
17  75  39  57   0   8   0 0.00  0.0    0 12.3 24 240   M    M   0        33 230
18  83  53  68  11   0   3 0.00  0.0    0 19.2 35 270   M    M   1        42 270
19  85  40  63   7   2   0 0.00  0.0    0 11.6 29 250   M    M   1        40 240
20  88  51  70  14   0   5 0.00  0.0    0 11.5 25 200   M    M   0        31 220
21  78  47  63   8   2   0 0.10  0.0    0 11.8 23  30   M    M   4 1      27  30
22  66  52  59   4   6   0 0.17  0.0    0  6.9 17  10   M    M   8 13     21  10
23  66  46  56   2   9   0 0.10  0.0    0 11.4 31 210   M    M   8 18     38 220
24  48  41  45  -9  20   0 0.27  0.0    0 13.6 22 270   M    M   8 1      27 260
25  64  36  50  -3  15   0 0.00  0.0    0  8.4 17 290   M    M   1        22 260
26  72  33  53   0  12   0 0.00  0.0    0  7.0 15 270   M    M   0        19 290
27  79  43  61   9   4   0 0.00  0.0    0 10.1 18 210   M    M   0        26 280
28  77  37  57   5   8   0 0.00  0.0    0  6.6 15  90   M    M   0        26  50
29  78  39  59   8   6   0    T  0.0    0 10.8 28 240   M    M   2        34 240
30  77  46  62  11   3   0 0.00  0.0    0 11.7 24 230   M    M   1        29 220
================================================================================
SM 2228 1300       208  29  1.55     0.0 322.7          M       74
================================================================================
AV 74.3 43.3                              10.8 FASTST   M    M   2    MAX(MPH)
                                 MISC ---->  # 37 240               # 46  240
================================================================================
NOTES:
# LAST OF SEVERAL OCCURRENCES

COLUMN 17 PEAK WIND IN M.P.H.

PRELIMINARY LOCAL CLIMATOLOGICAL DATA (WS FORM: F-6) , PAGE 2

                                          STATION:  CASPER WY
                                          MONTH:    SEPTEMBER
                                          YEAR:     2016
                                          LATITUDE:   42 55 N
                                          LONGITUDE: 106 28 W

[TEMPERATURE DATA]      [PRECIPITATION DATA]       SYMBOLS USED IN COLUMN 16

AVERAGE MONTHLY: 58.8   TOTAL FOR MONTH:   1.55    1 = FOG OR MIST
DPTR FM NORMAL:   0.9   DPTR FM NORMAL:    0.47    2 = FOG REDUCING VISIBILITY
HIGHEST:    93 ON  1    GRTST 24HR  0.45 ON  4- 4      TO 1/4 MILE OR LESS
LOWEST:     30 ON 10                               3 = THUNDER
                        SNOW, ICE PELLETS, HAIL    4 = ICE PELLETS
                        TOTAL MONTH:   0.0 INCH    5 = HAIL
                        GRTST 24HR     0.0         6 = FREEZING RAIN OR DRIZZLE
                        GRTST DEPTH:   0           7 = DUSTSTORM OR SANDSTORM:
                                                       VSBY 1/2 MILE OR LESS
                                                   8 = SMOKE OR HAZE
[NO. OF DAYS WITH]      [WEATHER - DAYS WITH]      9 = BLOWING SNOW
                                                   X = TORNADO
MAX 32 OR BELOW:   0    0.01 INCH OR MORE:  10
MAX 90 OR ABOVE:   1    0.10 INCH OR MORE:   7
MIN 32 OR BELOW:   1    0.50 INCH OR MORE:   0
MIN  0 OR BELOW:   0    1.00 INCH OR MORE:   0

[HDD (BASE 65) ]
TOTAL THIS MO.   208    CLEAR  (SCALE 0-3)  20
DPTR FM NORMAL   -31    PTCLDY (SCALE 4-7)   9
TOTAL FM JUL 1   268    CLOUDY (SCALE 8-10)  1
DPTR FM NORMAL   -17

[CDD (BASE 65) ]
TOTAL THIS MO.    29
DPTR FM NORMAL     4    [PRESSURE DATA]
TOTAL FM JAN 1   451    HIGHEST SLP 30.44 ON 25
DPTR FM NORMAL    29    LOWEST  SLP 29.62 ON 23

[REMARKS]
#FINAL-09-16#
