000
CXUS52 KILM 291000
CF6CRE
PRELIMINARY LOCAL CLIMATOLOGICAL DATA (WS FORM: F-6)

                                          STATION:   NORTH MYRTLE BEACH SC
                                          MONTH:     DECEMBER
                                          YEAR:      2014
                                          LATITUDE:   33 49 N
                                          LONGITUDE:  78 43 W

  TEMPERATURE IN F:       :PCPN:    SNOW:  WIND      :SUNSHINE: SKY     :PK WND
================================================================================
1   2   3   4   5  6A  6B    7    8   9   10  11  12  13   14  15   16   17  18
                                     12Z  AVG MX 2MIN
DY MAX MIN AVG DEP HDD CDD  WTR  SNW DPTH SPD SPD DIR MIN PSBL S-S WX    SPD DR
================================================================================

 1  72  45  59   7   6   0 0.00    M    M  4.6 12 260   M    M   0 12     17 260
 2  66  49  58   6   7   0 0.01    M    M  5.1 12  30   M    M   8 1      18 120
 3  66  52  59   7   6   0 0.00    M    M  2.6  8 160   M    M   5 12     10 160
 4  61  50  56   5   9   0 0.00    M    M  5.4 14  30   M    M   8 18     18  20
 5  64  44  54   3  11   0 0.00    M    M  6.4 12  30   M    M   3        15  20
 6  68  51  60   9   5   0 0.09    M    M  4.2  8 240   M    M   5 128    12 250
 7  62  43  53   2  12   0    T    M    M 14.4 24  30   M    M   9 1      33 360
 8  55  40  48  -2  17   0 0.07    M    M  8.8 16  30   M    M   8 1      22  30
 9  51  41  46  -4  19   0 0.01    M    M  7.1 15 320   M    M   9 1      22 320
10  56  36  46  -4  19   0    T    M    M  5.0 17 280   M    M   3        26 270
11  53  29  41  -9  24   0 0.00    M    M  3.9 12 290   M    M   0 1      15 290
12  60  31  46  -3  19   0 0.00    M    M  4.5 12 290   M    M   0        17 290
13  61  30  46  -3  19   0 0.00    M    M  3.2 10 190   M    M   0        12 200
14  61  33  47  -2  18   0 0.00    M    M  3.4 13 360   M    M   0 1      16 360
15  59  31  45  -4  20   0 0.00    M    M  2.2  7 110   M    M   0 12     10 160
16  63  35  49   1  16   0 0.00    M    M  8.7 25 200   M    M   3 12     33 210
17  63  41  52   4  13   0 0.00    M    M  4.8 13 210   M    M   0 1      14 210
18  58  35  47  -1  18   0 0.00    M    M  3.1 17  50   M    M   0 1      21  50
19  58  35  47  -1  18   0 0.00    M    M  3.4 12  40   M    M   0 1      15  50
20  48  42  45  -3  20   0 0.15    M    M  7.5 13  40   M    M   8 1      16  40
21  52  40  46  -2  19   0 0.02    M    M  9.4 14  40   M    M  10 1      19  40
22  47  44  46  -1  19   0 0.09    M    M  7.5 15  80   M    M  10 1      19  10
23  61  45  53   6  12   0 0.42    M    M  4.7 10 110   M    M  10 123    15 120
24  73  60  67  20   0   2 2.24    M    M 12.0 32 230   M    M   8 13     40 220
25  64  40  52   5  13   0    T    M    M  6.0 20 290   M    M   4 1      28 250
26  62  35  49   2  16   0 0.00    M    M  1.8  8  70   M    M   0 1      10  60
27  60  35  48   1  17   0 0.00    M    M  1.5  9 150   M    M   0 1      11 150
28  67  49  58  12   7   0    T    M    M  3.8 16 220   M    M   4 18     19 220
================================================================================
SM 1691 1141       399   2  3.10    M    155.0          M      115
================================================================================
AV 60.4 40.8                               5.5 FASTST   M    M   4    MAX(MPH)
                                 MISC ---->  # 32 230               # 40  220
================================================================================
NOTES:
# LAST OF SEVERAL OCCURRENCES

COLUMN 17 PEAK WIND IN M.P.H.

PRELIMINARY LOCAL CLIMATOLOGICAL DATA (WS FORM: F-6) , PAGE 2

                                          STATION:  NORTH MYRTLE BEACH SC
                                          MONTH:    DECEMBER
                                          YEAR:     2014
                                          LATITUDE:   33 49 N
                                          LONGITUDE:  78 43 W

[TEMPERATURE DATA]      [PRECIPITATION DATA]       SYMBOLS USED IN COLUMN 16

AVERAGE MONTHLY: 50.6   TOTAL FOR MONTH:   3.10    1 = FOG OR MIST
DPTR FM NORMAL:   1.6   DPTR FM NORMAL:   -0.10    2 = FOG REDUCING VISIBILITY
HIGHEST:    73 ON 24    GRTST 24HR  2.54 ON 23-24      TO 1/4 MILE OR LESS
LOWEST:     29 ON 11                               3 = THUNDER
                        SNOW, ICE PELLETS, HAIL    4 = ICE PELLETS
                        TOTAL MONTH:    M          5 = HAIL
                        GRTST 24HR    M  ON   M    6 = FREEZING RAIN OR DRIZZLE
                        GRTST DEPTH:  M  ON   M    7 = DUSTSTORM OR SANDSTORM:
                                                       VSBY 1/2 MILE OR LESS
                                                   8 = SMOKE OR HAZE
[NO. OF DAYS WITH]      [WEATHER - DAYS WITH]      9 = BLOWING SNOW
                                                   X = TORNADO
MAX 32 OR BELOW:   0    0.01 INCH OR MORE:   9
MAX 90 OR ABOVE:   0    0.10 INCH OR MORE:   3
MIN 32 OR BELOW:   4    0.50 INCH OR MORE:   1
MIN  0 OR BELOW:   0    1.00 INCH OR MORE:   1

[HDD (BASE 65) ]
TOTAL THIS MO.   399    CLEAR  (SCALE 0-3)  14
DPTR FM NORMAL   -52    PTCLDY (SCALE 4-7)   7
TOTAL FM JUL 1   849    CLOUDY (SCALE 8-10)  7
DPTR FM NORMAL    37

[CDD (BASE 65) ]
TOTAL THIS MO.     2
DPTR FM NORMAL     2    [PRESSURE DATA]
TOTAL FM JAN 1  2031    HIGHEST SLP M ON M
DPTR FM NORMAL   132    LOWEST  SLP 29.73 ON 24

[REMARKS]
