000
CXUS52 KILM 291000
CF6CRE
PRELIMINARY LOCAL CLIMATOLOGICAL DATA (WS FORM: F-6)

                                          STATION:   NORTH MYRTLE BEACH SC
                                          MONTH:     APRIL
                                          YEAR:      2016
                                          LATITUDE:   33 49 N
                                          LONGITUDE:  78 43 W

  TEMPERATURE IN F:       :PCPN:    SNOW:  WIND      :SUNSHINE: SKY     :PK WND
================================================================================
1   2   3   4   5  6A  6B    7    8   9   10  11  12  13   14  15   16   17  18
                                     12Z  AVG MX 2MIN
DY MAX MIN AVG DEP HDD CDD  WTR  SNW DPTH SPD SPD DIR MIN PSBL S-S WX    SPD DR
================================================================================

 1  72  65  69  11   0   4 0.36    M    M 12.3 22 220   M    M   7 13     26 200
 2  77  60  69  11   0   4    T    M    M 12.1 23 270   M    M   6 18     36 250
 3  67  46  57  -1   8   0 0.00    M    M  5.6 17 350   M    M   0        25 360
 4  71  44  58  -1   7   0 0.00    M    M 10.4 22 210   M    M   0 8      29 220
 5  62  41  52  -7  13   0 0.00    M    M 11.8 23  40   M    M   0        32  50
 6  63  37  50  -9  15   0 0.00    M    M  7.2 13 130   M    M   3        17 120
 7  73  58  66   7   0   1 0.43    M    M 14.1 26 210   M    M   3 13     35 290
 8  70  51  61   1   4   0    T    M    M  6.6 18 270   M    M   4        26 290
 9  67  43  55  -5  10   0 0.00    M    M  8.6 23 240   M    M   0        34 290
10  56  36  46 -14  19   0 0.00    M    M  7.0 15  50   M    M   0        19  50
11  70  44  57  -3   8   0 0.00    M    M  7.5 15 160   M    M   1        20 160
12  67  62  65   4   0   0 0.02    M    M  3.4 12 210   M    M   7 1      14 190
13  69  54  62   1   3   0 0.00    M    M 10.7 21  40   M    M   4 1      26  30
14  69  47  58  -3   7   0 0.00    M    M 12.2 18  30   M    M   0        25  30
15  68  49  59  -2   6   0 0.00    M    M 12.9 20  40   M    M   2        25  30
16  68  46  57  -5   8   0 0.00    M    M  9.9 17 120   M    M   0        24 110
17  74  41  58  -4   7   0 0.00    M    M  8.2 22  30   M    M   0        30  50
18  78  41  60  -2   5   0 0.00    M    M  5.0 14  40   M    M   0        17  50
19  88  54  71   9   0   6 0.00    M    M  7.4 16 210   M    M   0        20 270
20  75  57  66   3   0   1 0.00    M    M  8.8 17  90   M    M   2        23  90
21  75  58  67   4   0   2 0.00    M    M  8.2 14 130   M    M   2        18 180
22  77  65  71   8   0   6 0.09    M    M 10.3 20 190   M    M   3 13     25 190
23  80  59  70   6   0   5    T    M    M  5.2 13  20   M    M   6 1      19 360
24  74  56  65   1   0   0 0.00    M    M  5.3 15  30   M    M   1 1      20  30
25  73  51  62  -2   3   0 0.00    M    M  6.6 14 200   M    M   0 1      18 190
26  76  60  68   4   0   3 0.00    M    M 13.0 21 210   M    M   0        28 200
27  79  67  73   8   0   8 0.00    M    M 13.8 24 210   M    M   1        31 220
28  78  69  74   9   0   9 0.09    M    M 11.5 20 210   M    M   2 1      27 270
================================================================================
SM 2016 1461       123  49  0.99    M    255.6          M       54
================================================================================
AV 72.0 52.2                               9.1 FASTST   M    M   2    MAX(MPH)
                                 MISC ---->  # 26 210               # 36  250
================================================================================
NOTES:
# LAST OF SEVERAL OCCURRENCES

COLUMN 17 PEAK WIND IN M.P.H.

PRELIMINARY LOCAL CLIMATOLOGICAL DATA (WS FORM: F-6) , PAGE 2

                                          STATION:  NORTH MYRTLE BEACH SC
                                          MONTH:    APRIL
                                          YEAR:     2016
                                          LATITUDE:   33 49 N
                                          LONGITUDE:  78 43 W

[TEMPERATURE DATA]      [PRECIPITATION DATA]       SYMBOLS USED IN COLUMN 16

AVERAGE MONTHLY: 62.1   TOTAL FOR MONTH:   0.99    1 = FOG OR MIST
DPTR FM NORMAL:   0.8   DPTR FM NORMAL:   -1.79    2 = FOG REDUCING VISIBILITY
HIGHEST:    88 ON 19    GRTST 24HR  0.43 ON  7- 7      TO 1/4 MILE OR LESS
LOWEST:     36 ON 10                               3 = THUNDER
                        SNOW, ICE PELLETS, HAIL    4 = ICE PELLETS
                        TOTAL MONTH:    M          5 = HAIL
                        GRTST 24HR    M  ON   M    6 = FREEZING RAIN OR DRIZZLE
                        GRTST DEPTH:  M  ON   M    7 = DUSTSTORM OR SANDSTORM:
                                                       VSBY 1/2 MILE OR LESS
                                                   8 = SMOKE OR HAZE
[NO. OF DAYS WITH]      [WEATHER - DAYS WITH]      9 = BLOWING SNOW
                                                   X = TORNADO
MAX 32 OR BELOW:   0    0.01 INCH OR MORE:   5
MAX 90 OR ABOVE:   0    0.10 INCH OR MORE:   2
MIN 32 OR BELOW:   0    0.50 INCH OR MORE:   0
MIN  0 OR BELOW:   0    1.00 INCH OR MORE:   0

[HDD (BASE 65) ]
TOTAL THIS MO.   123    CLEAR  (SCALE 0-3)  20
DPTR FM NORMAL   -13    PTCLDY (SCALE 4-7)   8
TOTAL FM JUL 1  1769    CLOUDY (SCALE 8-10)  0
DPTR FM NORMAL  -649

[CDD (BASE 65) ]
TOTAL THIS MO.    49
DPTR FM NORMAL    16    [PRESSURE DATA]
TOTAL FM JAN 1    85    HIGHEST SLP M ON M
DPTR FM NORMAL    49    LOWEST  SLP 29.54 ON  2

[REMARKS]
