000
CXUS52 KILM 251000
CF6CRE
PRELIMINARY LOCAL CLIMATOLOGICAL DATA (WS FORM: F-6)

                                          STATION:   N.MYRTLE BEACH SOUTH CAROLINA
                                          MONTH:     MARCH
                                          YEAR:      2017
                                          LATITUDE:   33 49 N
                                          LONGITUDE:  78 43 W

  TEMPERATURE IN F:       :PCPN:    SNOW:  WIND      :SUNSHINE: SKY     :PK WND
================================================================================
1   2   3   4   5  6A  6B    7    8   9   10  11  12  13   14  15   16   17  18
                                     12Z  AVG MX 2MIN
DY MAX MIN AVG DEP HDD CDD  WTR  SNW DPTH SPD SPD DIR MIN PSBL S-S WX    SPD DR
================================================================================

 1  72  63  68  17   0   3 0.00    M    M 18.7 28 220   M    M   5 1      35 210
 2  69  41  55   4  10   0 0.11    M    M  8.4 25 220   M    M   4 1      31 220
 3  64  35  50  -1  15   0 0.00    M    M  6.6 16 290   M    M   0        24 290
 4  53  33  43  -8  22   0 0.00    M    M  5.9 16  50   M    M   0 1      22  20
 5  57  31  44  -8  21   0 0.00    M    M  6.0 16 110   M    M   0        20 130
 6  63  36  50  -2  15   0 0.00    M    M  5.0 14 110   M    M   2 1      19 100
 7  70  59  65  13   0   0    T    M    M 10.5 17 210   M    M   4        25 210
 8  73  44  59   7   6   0 0.00    M    M  7.8 23 200   M    M   3 8      29 210
 9  69  38  54   1  11   0 0.00    M    M  4.8 12 190   M    M   0        15 180
10  76  49  63  10   2   0    T    M    M 11.4 21 320   M    M   1        31 310
11  55  35  45  -8  20   0 0.00    M    M  4.8 14 180   M    M   2        18  30
12  49  34  42 -11  23   0 0.29    M    M 10.4 20  40   M    M   9 1      25  30
13  57  33  45  -9  20   0 1.11    M    M  9.6 18  40   M    M   7 1      23  30
14  57  39  48  -6  17   0 0.09    M    M  9.7 20 350   M    M   7 1      28 340
15  44  30  37 -17  28   0 0.00    M    M  8.9 21 320   M    M   1        32 280
16  51  27  39 -15  26   0 0.00    M    M  5.6 16 350   M    M   0        24 360
17  56  27  42 -12  23   0 0.00    M    M  8.3 18 210   M    M   0        25 220
18  65  52  59   4   6   0    T    M    M 12.6 25 220   M    M   7        32 220
19  62  38  50  -5  15   0 0.00    M    M 10.6 22 350   M    M   1        30 360
20  58  32  45 -10  20   0 0.00    M    M  7.1 16 210   M    M   0 1      20 190
21  69  51  60   5   5   0 0.00    M    M 11.4 20 220   M    M   2        26 270
22  70  47  59   3   6   0 0.09    M    M 10.7 22  10   M    M   5 13     33 360
23  56  37  47  -9  18   0 0.00    M    M 10.9 17  90   M    M   0        24  60
24  68  40  54  -2  11   0 0.00    M    M  6.4 10 140   M    M   0        13 160
================================================================================
SM 1483  951       340   3  1.69    M    212.1          M       60
================================================================================
AV 61.8 39.6                               8.8 FASTST   M    M   3    MAX(MPH)
                                 MISC ---->  # 28 220               # 35  210
================================================================================
NOTES:
# LAST OF SEVERAL OCCURRENCES

COLUMN 17 PEAK WIND IN M.P.H.

PRELIMINARY LOCAL CLIMATOLOGICAL DATA (WS FORM: F-6) , PAGE 2

                                          STATION:  N.MYRTLE BEACH SOUTH CAROLINA
                                          MONTH:    MARCH
                                          YEAR:     2017
                                          LATITUDE:   33 49 N
                                          LONGITUDE:  78 43 W

[TEMPERATURE DATA]      [PRECIPITATION DATA]       SYMBOLS USED IN COLUMN 16

AVERAGE MONTHLY: 50.7   TOTAL FOR MONTH:   1.69    1 = FOG OR MIST
DPTR FM NORMAL:  -2.7   DPTR FM NORMAL:   -1.31    2 = FOG REDUCING VISIBILITY
HIGHEST:    76 ON 10    GRTST 24HR  1.11 ON 13-13      TO 1/4 MILE OR LESS
LOWEST:     27 ON 17,16                            3 = THUNDER
                        SNOW, ICE PELLETS, HAIL    4 = ICE PELLETS
                        TOTAL MONTH:    M          5 = HAIL
                        GRTST 24HR    M  ON   M    6 = FREEZING RAIN OR DRIZZLE
                        GRTST DEPTH:  M  ON   M    7 = DUSTSTORM OR SANDSTORM:
                                                       VSBY 1/2 MILE OR LESS
                                                   8 = SMOKE OR HAZE
[NO. OF DAYS WITH]      [WEATHER - DAYS WITH]      9 = BLOWING SNOW
                                                   X = TORNADO
MAX 32 OR BELOW:   0    0.01 INCH OR MORE:   5
MAX 90 OR ABOVE:   0    0.10 INCH OR MORE:   3
MIN 32 OR BELOW:   5    0.50 INCH OR MORE:   1
MIN  0 OR BELOW:   0    1.00 INCH OR MORE:   1

[HDD (BASE 65) ]
TOTAL THIS MO.   340    CLEAR  (SCALE 0-3)  15
DPTR FM NORMAL    60    PTCLDY (SCALE 4-7)   8
TOTAL FM JUL 1  1744    CLOUDY (SCALE 8-10)  1
DPTR FM NORMAL  -480

[CDD (BASE 65) ]
TOTAL THIS MO.     3
DPTR FM NORMAL     3    [PRESSURE DATA]
TOTAL FM JAN 1     4    HIGHEST SLP  0.00 ON  7
DPTR FM NORMAL     4    LOWEST  SLP 29.56 ON 14

[REMARKS]
