000
CXUS51 KRLX 311139
CF6CRW
PRELIMINARY LOCAL CLIMATOLOGICAL DATA (WS FORM: F-6)

                                          STATION:   CHARLESTON WV
                                          MONTH:     MAY
                                          YEAR:      2016
                                          LATITUDE:   38 22 N
                                          LONGITUDE:  81 36 W

  TEMPERATURE IN F:       :PCPN:    SNOW:  WIND      :SUNSHINE: SKY     :PK WND
================================================================================
1   2   3   4   5  6A  6B    7    8   9   10  11  12  13   14  15   16   17  18
                                     12Z  AVG MX 2MIN
DY MAX MIN AVG DEP HDD CDD  WTR  SNW DPTH SPD SPD DIR MIN PSBL S-S WX    SPD DR
================================================================================

 1  80  59  70  10   0   5 1.32  0.0    0  4.3 17 190   M    M   7 13     22 320
 2  78  57  68   8   0   3 0.26  0.0    0  6.1 21 260   M    M   7 123    24 260
 3  63  55  59  -2   6   0 0.08  0.0    0  4.2 13 320   M    M   9 18     18 310
 4  66  49  58  -3   7   0 0.42  0.0    0  5.9 20 270   M    M   9 1      29 280
 5  51  44  48 -13  17   0 0.15  0.0    0  5.7 12 290   M    M  10 1      19 300
 6  68  48  58  -3   7   0    T  0.0    0  7.2 26 310   M    M   7        34 320
 7  72  44  58  -4   7   0 0.00  0.0    0  6.1 17 220   M    M   5 1      21 270
 8  67  54  61  -1   4   0 0.06  0.0    0  5.7 18 240   M    M   8        24 250
 9  67  52  60  -2   5   0    T  0.0    0  3.3  8  50   M    M   9 1      10 110
10  81  57  69   7   0   4 0.22  0.0    0  5.2 23 320   M    M   7 138    36 320
11  82  59  71   9   0   6 0.13  0.0    0  4.3 12 270   M    M   6 1      18 280
12  83  62  73  10   0   8 0.45  0.0    0  5.3 23 270   M    M   6 13     40 280
13  72  53  63   0   2   0 0.03  0.0    0  7.4 18 310   M    M   6 1      27 320
14  61  45  53 -10  12   0 0.40  0.0    0  7.3 24 310   M    M   7 12     36 300
15  59  43  51 -12  14   0 0.00  0.0    0  7.4 21 300   M    M   8        29 270
16  64  36  50 -14  15   0    T  0.0    0  2.4 14 320   M    M   5        19 300
17  54  49  52 -12  13   0 0.15  0.0    0  4.0  9  60   M    M  10 1      13  60
18  56  47  52 -12  13   0 0.36  0.0    0  2.3 10  60   M    M   9 12     13  40
19  71  46  59  -5   6   0 0.00  0.0    0  2.9 13  70   M    M   6 12     17  30
20  74  45  60  -5   5   0 0.63  0.0    0  5.7 20 120   M    M   7 1      28 110
21  70  57  64  -1   1   0 0.20  0.0    0  5.7 18 230   M    M   9 13     22 240
22  73  52  63  -2   2   0 0.23  0.0    0  5.3 17  60   M    M   7 13     24  10
23  75  51  63  -2   2   0 0.00  0.0    0  1.8  9 290   M    M   7 128    14 330
24  81  50  66   0   0   1 0.00  0.0    0  1.8 12 270   M    M   2 1      16 320
25  85  51  68   2   0   3 0.00  0.0    0  1.9 12 250   M    M   4 1      16 170
26  80  63  72   6   0   7    T  0.0    0  5.2 18 220   M    M   6 1      25 230
27  89  59  74   8   0   9    T  0.0    0  2.7 25 160   M    M   4 1      34 150
28  88  63  76   9   0  11 0.00  0.0    0  1.4  9 220   M    M   4 1      13 280
29  82  63  73   6   0   8 0.00  0.0    0  1.4  9 270   M    M   7 2      15 290
30  87  62  75   8   0  10 0.00  0.0    0  2.1 13 350   M    M   4 12     17  10
================================================================================
SM 2179 1575       138  75  5.09     0.0 132.0          M      202
================================================================================
AV 72.6 52.5                               4.4 FASTST   M    M   7    MAX(MPH)
                                 MISC ---->  # 26 310               # 40  280
================================================================================
NOTES:
# LAST OF SEVERAL OCCURRENCES

COLUMN 17 PEAK WIND IN M.P.H.

PRELIMINARY LOCAL CLIMATOLOGICAL DATA (WS FORM: F-6) , PAGE 2

                                          STATION:  CHARLESTON WV
                                          MONTH:    MAY
                                          YEAR:     2016
                                          LATITUDE:   38 22 N
                                          LONGITUDE:  81 36 W

[TEMPERATURE DATA]      [PRECIPITATION DATA]       SYMBOLS USED IN COLUMN 16

AVERAGE MONTHLY: 62.6   TOTAL FOR MONTH:   5.09    1 = FOG OR MIST
DPTR FM NORMAL:  -1.0   DPTR FM NORMAL:    0.46    2 = FOG REDUCING VISIBILITY
HIGHEST:    89 ON 27    GRTST 24HR  1.42 ON 30- 1      TO 1/4 MILE OR LESS
LOWEST:     36 ON 16                               3 = THUNDER
                        SNOW, ICE PELLETS, HAIL    4 = ICE PELLETS
                        TOTAL MONTH:   0.0 INCH    5 = HAIL
                        GRTST 24HR     0.0         6 = FREEZING RAIN OR DRIZZLE
                        GRTST DEPTH:   0           7 = DUSTSTORM OR SANDSTORM:
                                                       VSBY 1/2 MILE OR LESS
                                                   8 = SMOKE OR HAZE
[NO. OF DAYS WITH]      [WEATHER - DAYS WITH]      9 = BLOWING SNOW
                                                   X = TORNADO
MAX 32 OR BELOW:   0    0.01 INCH OR MORE:  16
MAX 90 OR ABOVE:   0    0.10 INCH OR MORE:  13
MIN 32 OR BELOW:   0    0.50 INCH OR MORE:   2
MIN  0 OR BELOW:   0    1.00 INCH OR MORE:   1

[HDD (BASE 65) ]
TOTAL THIS MO.   138    CLEAR  (SCALE 0-3)   1
DPTR FM NORMAL    23    PTCLDY (SCALE 4-7)  22
TOTAL FM JUL 1  3716    CLOUDY (SCALE 8-10)  7
DPTR FM NORMAL  -747

[CDD (BASE 65) ]
TOTAL THIS MO.    75
DPTR FM NORMAL     3    [PRESSURE DATA]
TOTAL FM JAN 1   121    HIGHEST SLP M ON M
DPTR FM NORMAL    17    LOWEST  SLP 29.61 ON  4

[REMARKS]
