000
CXUS51 KRLX 011139
CF6CRW
PRELIMINARY LOCAL CLIMATOLOGICAL DATA (WS FORM: F-6)

                                          STATION:   CHARLESTON WV
                                          MONTH:     JUNE
                                          YEAR:      2015
                                          LATITUDE:   38 22 N
                                          LONGITUDE:  81 36 W

  TEMPERATURE IN F:       :PCPN:    SNOW:  WIND      :SUNSHINE: SKY     :PK WND
================================================================================
1   2   3   4   5  6A  6B    7    8   9   10  11  12  13   14  15   16   17  18
                                     12Z  AVG MX 2MIN
DY MAX MIN AVG DEP HDD CDD  WTR  SNW DPTH SPD SPD DIR MIN PSBL S-S WX    SPD DR
================================================================================

 1  72  56  64  -4   1   0 0.08  0.0    0  4.3 10 360   M    M  10 1      14 340
 2  60  55  58 -10   7   0 0.01  0.0    0  2.8  9 330   M    M  10 18     13 340
 3  75  59  67  -2   0   2 0.00  0.0    0  3.5 13 140   M    M   9 1      16 120
 4  83  58  71   2   0   6 0.00  0.0    0  2.0  7 320   M    M   6        12 260
 5  87  62  75   6   0  10 0.00  0.0    0  3.5 14 310   M    M   5        19 320
 6  81  62  72   2   0   7    T  0.0    0  3.1 15  20   M    M   4 1      22  30
 7  89  59  74   4   0   9 0.00  0.0    0  5.9 17 240   M    M   4 128    22 230
 8  86  65  76   6   0  11 0.64  0.0    0  9.2 28 310   M    M   6 13     39 330
 9  81  61  71   1   0   6 0.00  0.0    0  5.8 18 280   M    M   5 1      25 280
10  87  58  73   2   0   8 0.00  0.0    0  2.2  9 190   M    M   2 128    12 190
11  92  60  76   5   0  11 0.00  0.0    0  2.1 12 200   M    M   1 18     14 210
12  91  66  79   8   0  14 0.00  0.0    0  7.0 18 220   M    M   3 1      23 220
13  84  68  76   4   0  11 0.61  0.0    0  4.9 16 310   M    M   5 1238   23 310
14  90  66  78   6   0  13    T  0.0    0  3.4 14 220   M    M   5 13     17 220
15  90  69  80   8   0  15 0.24  0.0    0  3.5 21 290   M    M   4 13     28 280
16  86  70  78   6   0  13 0.13  0.0    0  5.6 13 270   M    M   7 13     22 270
17  87  70  79   7   0  14 0.96  0.0    0  3.9 22 220   M    M   6 13     29 210
18  90  68  79   6   0  14    T  0.0    0  6.1 16 240   M    M   7 123    20 250
19  85  69  77   4   0  12 0.01  0.0    0  2.8  9 150   M    M   7 1      12 260
20  87  70  79   6   0  14 0.90  0.0    0  9.2 28 240   M    M   9 12     37 230
21  89  71  80   6   0  15 0.00  0.0    0  8.7 18 240   M    M   6        23 220
22  88  68  78   4   0  13 0.00  0.0    0  4.9 13 220   M    M   4        16 240
23  89  71  80   6   0  15 0.36  0.0    0  7.4 26 350   M    M   5 138    36 360
24  84  64  74   0   0   9 0.00  0.0    0  1.5  7 140   M    M   6 12     10  10
25  87  64  76   2   0  11    T  0.0    0  1.9 13 320   M    M   5 1      16 260
26  85  69  77   3   0  12 1.35  0.0    0  4.2 14 230   M    M   8 13     19 250
27  80  65  73  -1   0   8 0.40  0.0    0  8.7 21 280   M    M   8 13     31 280
28  77  60  69  -6   0   4 0.00  0.0    0  8.5 21 260   M    M   8        28 290
29  82  55  69  -6   0   4 0.20  0.0    0  4.3 16 200   M    M   6 123    22 200
30  81  61  71  -4   0   6 0.09  0.0    0  6.7 36 330   M    M   7 13     53 340
================================================================================
SM 2525 1919         8 287  5.98     0.0 147.6          M      178
================================================================================
AV 84.2 64.0                               4.9 FASTST   M    M   6    MAX(MPH)
                                 MISC ---->  # 36 330               # 53  340
================================================================================
NOTES:
# LAST OF SEVERAL OCCURRENCES

COLUMN 17 PEAK WIND IN M.P.H.

PRELIMINARY LOCAL CLIMATOLOGICAL DATA (WS FORM: F-6) , PAGE 2

                                          STATION:  CHARLESTON WV
                                          MONTH:    JUNE
                                          YEAR:     2015
                                          LATITUDE:   38 22 N
                                          LONGITUDE:  81 36 W

[TEMPERATURE DATA]      [PRECIPITATION DATA]       SYMBOLS USED IN COLUMN 16

AVERAGE MONTHLY: 74.1   TOTAL FOR MONTH:   5.98    1 = FOG OR MIST
DPTR FM NORMAL:   2.2   DPTR FM NORMAL:    1.69    2 = FOG REDUCING VISIBILITY
HIGHEST:    92 ON 11    GRTST 24HR  1.62 ON 26-27      TO 1/4 MILE OR LESS
LOWEST:     55 ON 29, 2                            3 = THUNDER
                        SNOW, ICE PELLETS, HAIL    4 = ICE PELLETS
                        TOTAL MONTH:   0.0 INCH    5 = HAIL
                        GRTST 24HR     0.0         6 = FREEZING RAIN OR DRIZZLE
                        GRTST DEPTH:   0           7 = DUSTSTORM OR SANDSTORM:
                                                       VSBY 1/2 MILE OR LESS
                                                   8 = SMOKE OR HAZE
[NO. OF DAYS WITH]      [WEATHER - DAYS WITH]      9 = BLOWING SNOW
                                                   X = TORNADO
MAX 32 OR BELOW:   0    0.01 INCH OR MORE:  14
MAX 90 OR ABOVE:   5    0.10 INCH OR MORE:  10
MIN 32 OR BELOW:   0    0.50 INCH OR MORE:   5
MIN  0 OR BELOW:   0    1.00 INCH OR MORE:   1

[HDD (BASE 65) ]
TOTAL THIS MO.     8    CLEAR  (SCALE 0-3)   2
DPTR FM NORMAL    -5    PTCLDY (SCALE 4-7)  24
TOTAL FM JUL 1  4843    CLOUDY (SCALE 8-10)  4
DPTR FM NORMAL   365

[CDD (BASE 65) ]
TOTAL THIS MO.   287
DPTR FM NORMAL    67    [PRESSURE DATA]
TOTAL FM JAN 1   476    HIGHEST SLP 30.14 ON 24
DPTR FM NORMAL   146    LOWEST  SLP 29.68 ON 20

[REMARKS]
#FINAL-06-15#
