000
CXUS54 KOUN 270800
CF6CSM
PRELIMINARY LOCAL CLIMATOLOGICAL DATA (WS FORM: F-6)

                                          STATION:   CLINTON
                                          MONTH:     MAY
                                          YEAR:      2015
                                          LATITUDE:   35 20 N
                                          LONGITUDE:  99 12 W

  TEMPERATURE IN F:       :PCPN:    SNOW:  WIND      :SUNSHINE: SKY     :PK WND
================================================================================
1   2   3   4   5  6A  6B    7    8   9   10  11  12  13   14  15   16   17  18
                                     12Z  AVG MX 2MIN
DY MAX MIN AVG DEP HDD CDD  WTR  SNW DPTH SPD SPD DIR MIN PSBL S-S WX    SPD DR
================================================================================

 1  77  50  64   0   1   0 0.00  0.0    0  8.3 16 160   M    M   0        21 160
 2  81  56  69   5   0   4 0.00  0.0    0 13.5 22 200   M    M   0        29 190
 3  82  59  71   7   0   6 0.00  0.0    0 17.2 25 180   M    M   0        35 160
 4  82  56  69   4   0   4 0.00  0.0    0 14.5 26 150   M    M   0        32 140
 5  68  56  62  -3   3   0 0.75  0.0    0 16.3 33 130   M    M   9 13     40 140
 6  83  57  70   5   0   5 0.04  0.0    0 18.0 30 180   M    M   5 13     41 190
 7  68  54  61  -5   4   0 0.69  0.0    0 13.2 26 180   M    M   5 13     34 180
 8  68  54  61  -5   4   0 0.83  0.0    0  8.8 33  60   M    M   7 123    40  80
 9  74  59  67   1   0   2 0.12  0.0    0 12.9 36 110   M    M   8 123    42 100
10  74  51  63  -4   2   0 0.00  0.0    0  8.7 20 340   M    M   4 13     27 150
11  68  44  56 -11   9   0 0.00  0.0    0 11.3 23 360   M    M   0        30 350
12  71  46  59  -8   6   0 0.00  0.0    0  6.7 16 110   M    M   0        22 120
13  63  57  60  -8   5   0 1.15  0.0    0 13.7 23 160   M    M  10 13     30 170
14  85  59  72   4   0   7    T  0.0    0 13.7 24 190   M    M   3 138    30 210
15  83  63  73   5   0   8 0.28  0.0    0 16.9 26 160   M    M   2 13     36 240
16  75  60  68  -1   0   3 0.77  0.0    0 15.3 38 200   M    M   7 13     50 200
17  81  56  69   0   0   4 0.00  0.0    0  8.9 18 200   M    M   0        26 170
18  84  55  70   1   0   5 0.00  0.0    0 11.3 22  60   M    M   0        29  50
19  65  57  61  -9   4   0 1.76  0.0    0 15.2 26  60   M    M   9 123    32  60
20  59  50  55 -15  10   0 0.02  0.0    0 17.5 23 360   M    M  10 1      32 350
21  66  50  58 -12   7   0 0.00  0.0    0  9.6 18  20   M    M   9        22  20
22  62  53  58 -13   7   0 0.52  0.0    0 11.3 20 110   M    M   9 1      25 100
23  70  56  63  -8   2   0 4.62  0.0    0 15.8 32 150   M    M  10 123    40 140
24  76  59  68  -3   0   3    T  0.0    0 10.7 20 110   M    M   5 1      24 110
25  72  54  63  -9   2   0 0.16  0.0    0 11.9 30 200   M    M   5 13     41 200
26  86  53  70  -2   0   5    T  0.0    0  9.0 23 160   M    M   2 1      33 160
================================================================================
SM 1923 1424        66  56 11.71     0.0 330.2          M      119
================================================================================
AV 74.0 54.8                              12.7 FASTST   M    M   5    MAX(MPH)
                                 MISC ---->  # 38 200               # 50  200
================================================================================
NOTES:
# LAST OF SEVERAL OCCURRENCES

COLUMN 17 PEAK WIND IN M.P.H.

PRELIMINARY LOCAL CLIMATOLOGICAL DATA (WS FORM: F-6) , PAGE 2

                                          STATION:  CLINTON
                                          MONTH:    MAY
                                          YEAR:     2015
                                          LATITUDE:   35 20 N
                                          LONGITUDE:  99 12 W

[TEMPERATURE DATA]      [PRECIPITATION DATA]       SYMBOLS USED IN COLUMN 16

AVERAGE MONTHLY: 64.4   TOTAL FOR MONTH:  11.71    1 = FOG OR MIST
DPTR FM NORMAL:  -3.5   DPTR FM NORMAL:    8.42    2 = FOG REDUCING VISIBILITY
HIGHEST:    86 ON 26    GRTST 24HR  4.62 ON 23-23      TO 1/4 MILE OR LESS
LOWEST:     44 ON 11                               3 = THUNDER
                        SNOW, ICE PELLETS, HAIL    4 = ICE PELLETS
                        TOTAL MONTH:   0.0 INCH    5 = HAIL
                        GRTST 24HR     0.0         6 = FREEZING RAIN OR DRIZZLE
                        GRTST DEPTH:   0           7 = DUSTSTORM OR SANDSTORM:
                                                       VSBY 1/2 MILE OR LESS
                                                   8 = SMOKE OR HAZE
[NO. OF DAYS WITH]      [WEATHER - DAYS WITH]      9 = BLOWING SNOW
                                                   X = TORNADO
MAX 32 OR BELOW:   0    0.01 INCH OR MORE:  13
MAX 90 OR ABOVE:   0    0.10 INCH OR MORE:  11
MIN 32 OR BELOW:   0    0.50 INCH OR MORE:   8
MIN  0 OR BELOW:   0    1.00 INCH OR MORE:   3

[HDD (BASE 65) ]
TOTAL THIS MO.    66    CLEAR  (SCALE 0-3)  11
DPTR FM NORMAL    18    PTCLDY (SCALE 4-7)   8
TOTAL FM JUL 1  3530    CLOUDY (SCALE 8-10)  7
DPTR FM NORMAL  -107

[CDD (BASE 65) ]
TOTAL THIS MO.    56
DPTR FM NORMAL   -65    [PRESSURE DATA]
TOTAL FM JAN 1   103    HIGHEST SLP M ON M
DPTR FM NORMAL   -58    LOWEST  SLP 29.63 ON 25

[REMARKS]
