000
CXUS55 KOHX 231010
CF6CSV
PRELIMINARY LOCAL CLIMATOLOGICAL DATA (WS FORM: F-6)

                                          STATION:   CROSSVILLE
                                          MONTH:     NOVEMBER
                                          YEAR:      2017
                                          LATITUDE:   35 57 N
                                          LONGITUDE:  85  5 W

  TEMPERATURE IN F:       :PCPN:    SNOW:  WIND      :SUNSHINE: SKY     :PK WND
================================================================================
1   2   3   4   5  6A  6B    7    8   9   10  11  12  13   14  15   16   17  18
                                     12Z  AVG MX 2MIN
DY MAX MIN AVG DEP HDD CDD  WTR  SNW DPTH SPD SPD DIR MIN PSBL S-S WX    SPD DR
================================================================================

 1  60  48  54   2  11   0 0.00    M    M  6.0 12 190   M    M   9        20 200
 2  66  58  62  10   3   0 0.01    M    M  7.4 13 170   M    M   9        21 170
 3  68  59  64  12   1   0 0.29    M    M  3.8 10 290   M    M   8 13     18 170
 4  72  56  64  12   1   0 0.01  0.0    0  3.2  8 140   M    M   7 12     13 140
 5  74  61  68  17   0   3 0.06    M    M  6.3 16 200   M    M   6 1      26 180
 6  71  60  66  15   0   1 0.38    M    M  5.8 14 260   M    M   8 1      21 190
 7  65  46  56   5   9   0 2.85    M    M  5.9 15 320   M    M  10 13     20 330
 8  46  41  44  -6  21   0    T    M    M  7.0 13  20   M    M  10 1      17  30
 9  58  41  50   0  15   0 0.00    M    M  5.1 13 340   M    M   5 1      18 330
10  48  30  39 -11  26   0 0.00    M    M  7.5 14  20   M    M   1        18  20
11  54  28  41  -8  24   0 0.00    M    M  3.8 13 160   M    M   1        19 160
12  54  45  50   1  15   0 0.00    M    M  5.5 13 180   M    M  10 1      19 160
13  49  35  42  -6  23   0 0.00    M    M  8.4 14  60   M    M  10 1      19  20
14  57  33  45  -3  20   0 0.00    M    M  3.1  9 350   M    M   1 1      11 130
15  54  36  45  -3  20   0 0.02    M    M  5.6 16 280   M    M   5 1      20 280
16  57  35  46  -1  19   0 0.00  0.0    0  4.6 13 290   M    M   3 1      16 290
17  61  29  45  -2  20   0 0.00  0.0    0  5.2 17 180   M    M   2 12     29 160
18  61  37  49   2  16   0 0.41    M    0 12.4 28 300   M    M   9 18     45 310
19  42  26  34 -12  31   0 0.00  0.0    0  7.2 20 310   M    M   6 1      26 310
20  53  22  38  -8  27   0 0.00  0.0    0  2.9 13 180   M    M   0        19 190
21  60  42  51   5  14   0 0.00  0.0    0  7.1 15 220   M    M   3        23 210
22  48  29  39  -6  26   0 0.00  0.0    0  7.8 16 360   M    M   1 1      21 360
================================================================================
SM 1278  897       342   4  4.03     0.0 131.6          M      124
================================================================================
AV 58.1 40.8                               6.0 FASTST   M    M   6    MAX(MPH)
                                 MISC ---->  # 28 300               # 45  310
================================================================================
NOTES:
# LAST OF SEVERAL OCCURRENCES

COLUMN 17 PEAK WIND IN M.P.H.

PRELIMINARY LOCAL CLIMATOLOGICAL DATA (WS FORM: F-6) , PAGE 2

                                          STATION:  CROSSVILLE
                                          MONTH:    NOVEMBER
                                          YEAR:     2017
                                          LATITUDE:   35 57 N
                                          LONGITUDE:  85  5 W

[TEMPERATURE DATA]      [PRECIPITATION DATA]       SYMBOLS USED IN COLUMN 16

AVERAGE MONTHLY: 49.4   TOTAL FOR MONTH:   4.03    1 = FOG OR MIST
DPTR FM NORMAL:   0.5   DPTR FM NORMAL:    0.50    2 = FOG REDUCING VISIBILITY
HIGHEST:    74 ON  5    GRTST 24HR  2.85 ON  7- 7      TO 1/4 MILE OR LESS
LOWEST:     22 ON 20                               3 = THUNDER
                        SNOW, ICE PELLETS, HAIL    4 = ICE PELLETS
                        TOTAL MONTH:   0.0 INCH    5 = HAIL
                        GRTST 24HR     0.0         6 = FREEZING RAIN OR DRIZZLE
                        GRTST DEPTH:   0           7 = DUSTSTORM OR SANDSTORM:
                                                       VSBY 1/2 MILE OR LESS
                                                   8 = SMOKE OR HAZE
[NO. OF DAYS WITH]      [WEATHER - DAYS WITH]      9 = BLOWING SNOW
                                                   X = TORNADO
MAX 32 OR BELOW:   0    0.01 INCH OR MORE:   8
MAX 90 OR ABOVE:   0    0.10 INCH OR MORE:   4
MIN 32 OR BELOW:   6    0.50 INCH OR MORE:   1
MIN  0 OR BELOW:   0    1.00 INCH OR MORE:   1

[HDD (BASE 65) ]
TOTAL THIS MO.   342    CLEAR  (SCALE 0-3)   8
DPTR FM NORMAL   -13    PTCLDY (SCALE 4-7)   6
TOTAL FM JUL 1   651    CLOUDY (SCALE 8-10)  8
DPTR FM NORMAL   -25

[CDD (BASE 65) ]
TOTAL THIS MO.     4
DPTR FM NORMAL     4    [PRESSURE DATA]
TOTAL FM JAN 1   883    HIGHEST SLP M ON M
DPTR FM NORMAL  -105    LOWEST  SLP 29.45 ON 18

[REMARKS]
