000
CXUS56 KTFX 261205
CF6CTB
PRELIMINARY LOCAL CLIMATOLOGICAL DATA (WS FORM: F-6)

                                          STATION:   CUT BANK MT
                                          MONTH:     AUGUST
                                          YEAR:      2014
                                          LATITUDE:   48 37 N
                                          LONGITUDE: 112 23 W

  TEMPERATURE IN F:       :PCPN:    SNOW:  WIND      :SUNSHINE: SKY     :PK WND
================================================================================
1   2   3   4   5  6A  6B    7    8   9   10  11  12  13   14  15   16   17  18
                                     12Z  AVG MX 2MIN
DY MAX MIN AVG DEP HDD CDD  WTR  SNW DPTH SPD SPD DIR MIN PSBL S-S WX    SPD DR
================================================================================

 1  87  56  72   6   0   7 0.00    M    0  9.5 17  30   M    M   1        22  20
 2  83  60  72   6   0   7 0.02    M    0  7.8 23 190   M    M   2 3      29 190
 3  82  57  70   4   0   5 0.02    M    0  6.5 14 150   M    M   2        18 150
 4  85  52  69   3   0   4 0.14    M    0  8.5 30  20   M    M   2 13     36  30
 5  84  50  67   1   0   2 0.00    M    0  5.8 12  70   M    M   1        15 150
 6  91  52  72   6   0   7 0.00    M    0  5.8 16 240   M    M   1        21 240
 7  85  54  70   4   0   5 0.00    M    0 11.1 26 330   M    M   1        33 320
 8  90  50  70   4   0   5 0.02    M    0 11.5 24  20   M    M   2        30 240
 9  80  48  64  -2   1   0 0.00    M    0  7.5 20 340   M    M   1 12     24 330
10  87  47  67   2   0   2 0.00    M    0  6.6 17  40   M    M   0        22  50
11  90  49  70   5   0   5 0.00    M    0  5.4 14 180   M    M   0        19 200
12  90  57  74   9   0   9 0.00    M    0  7.3 22 110   M    M   1        27 130
13  91  61  76  11   0  11 0.00    M    0  9.1 25 250   M    M   1        32 270
14  81  60  71   7   0   6 0.05    M    0  9.8 18 320   M    M   5 1      22 330
15  80  56  68   4   0   3 0.56    M    0  8.7 24 240   M    M   2 13     31 260
16  78  56  67   3   0   2 0.00    M    0 18.3 30 250   M    M   2        36 240
17  77  56  67   3   0   2 0.01    M    0  9.8 22 330   M    M   7        26 340
18  85  50  68   4   0   3 0.00    M    0  6.9 20 250   M    M   1        29 250
19  85  53  69   6   0   4 0.02    M    0 10.7 36 260   M    M   2 3      44 260
20  76  51  64   1   1   0 0.68    M    0  9.4 25 360   M    M   5 13     32 360
21  57  51  54  -9  11   0 0.26    M    0 11.3 20  20   M    M  10 1      23  10
22  54  47  51 -11  14   0 0.07    M    0 14.8 25  20   M    M  10 1      31  30
23  50  45  48 -14  17   0 0.70    M    0 17.9 25 350   M    M  10 1      31 350
24  58  48  53  -9  12   0 0.00    M    0 11.7 21 340   M    M   8        25 360
25  70  42  56  -5   9   0 0.00    M    0  6.5 17 170   M    M   2        24 160
================================================================================
SM 1976 1308        65  89  2.55    M    238.2          M       79
================================================================================
AV 79.0 52.3                               9.5 FASTST   M    M   3    MAX(MPH)
                                 MISC ---->  # 36 260               # 44  260
================================================================================
NOTES:
# LAST OF SEVERAL OCCURRENCES

COLUMN 17 PEAK WIND IN M.P.H.

PRELIMINARY LOCAL CLIMATOLOGICAL DATA (WS FORM: F-6) , PAGE 2

                                          STATION:  CUT BANK MT
                                          MONTH:    AUGUST
                                          YEAR:     2014
                                          LATITUDE:   48 37 N
                                          LONGITUDE: 112 23 W

[TEMPERATURE DATA]      [PRECIPITATION DATA]       SYMBOLS USED IN COLUMN 16

AVERAGE MONTHLY: 65.7   TOTAL FOR MONTH:   2.55    1 = FOG OR MIST
DPTR FM NORMAL:   1.3   DPTR FM NORMAL:    1.60    2 = FOG REDUCING VISIBILITY
HIGHEST:    91 ON 13, 6 GRTST 24HR  0.94 ON 20-21      TO 1/4 MILE OR LESS
LOWEST:     42 ON 25                               3 = THUNDER
                        SNOW, ICE PELLETS, HAIL    4 = ICE PELLETS
                        TOTAL MONTH:    M          5 = HAIL
                        GRTST 24HR    M  ON   M    6 = FREEZING RAIN OR DRIZZLE
                        GRTST DEPTH:   0           7 = DUSTSTORM OR SANDSTORM:
                                                       VSBY 1/2 MILE OR LESS
                                                   8 = SMOKE OR HAZE
[NO. OF DAYS WITH]      [WEATHER - DAYS WITH]      9 = BLOWING SNOW
                                                   X = TORNADO
MAX 32 OR BELOW:   0    0.01 INCH OR MORE:  12
MAX 90 OR ABOVE:   5    0.10 INCH OR MORE:   5
MIN 32 OR BELOW:   0    0.50 INCH OR MORE:   3
MIN  0 OR BELOW:   0    1.00 INCH OR MORE:   0

[HDD (BASE 65) ]
TOTAL THIS MO.    65    CLEAR  (SCALE 0-3)  18
DPTR FM NORMAL    -9    PTCLDY (SCALE 4-7)   4
TOTAL FM JUL 1    82    CLOUDY (SCALE 8-10)  3
DPTR FM NORMAL   -78

[CDD (BASE 65) ]
TOTAL THIS MO.    89
DPTR FM NORMAL    30    [PRESSURE DATA]
TOTAL FM JAN 1   194    HIGHEST SLP M ON M
DPTR FM NORMAL    46    LOWEST  SLP 29.66 ON 19

[REMARKS]
