000
CXUS55 KCAE 261400
CF6CUB
PRELIMINARY LOCAL CLIMATOLOGICAL DATA (WS FORM: F-6)

                                          STATION:   HAMILTON - OWENS AIRPORT SC
                                          MONTH:     JULY
                                          YEAR:      2016
                                          LATITUDE:   33 58 N
                                          LONGITUDE:  80 59 W

  TEMPERATURE IN F:       :PCPN:    SNOW:  WIND      :SUNSHINE: SKY     :PK WND
================================================================================
1   2   3   4   5  6A  6B    7    8   9   10  11  12  13   14  15   16   17  18
                                     12Z  AVG MX 2MIN
DY MAX MIN AVG DEP HDD CDD  WTR  SNW DPTH SPD SPD DIR MIN PSBL S-S WX    SPD DR
================================================================================

 1  94  73  84   2   0  19 0.05    M    M  2.9 12 200   M    M   5        16 210
 2  98  75  87   5   0  22 0.00    M    M  3.8 13 200   M    M   1        18 200
 3 102  77  90   8   0  25 0.00    M    M  4.3 13 300   M    M   2        19 290
 4  99  78  89   7   0  24 0.00    M    M  5.8 14 200   M    M   2        20 200
 5 102  78  90   8   0  25 0.10    M    M  8.3 28 250   M    M   1 3      38 250
 6  97  76  87   5   0  22 0.04    M    M  7.9 22 270   M    M   1 38     31 280
 7  99  74  87   5   0  22 0.07    M    M  8.0 23 270   M    M   1 3      35 300
 8 102  77  90   8   0  25 0.00    M    M  7.1 22 300   M    M   2 3      35 300
 9 101  76  89   6   0  24 0.00    M    M  6.7 17 310   M    M   0        24 280
10  99  78  89   6   0  24    T    M    M  3.2 17 200   M    M   1 3      23 200
11 101  75  88   5   0  23 0.16    M    M  4.2 16 200   M    M   1 13     25 190
12  99  74  87   4   0  22 0.00    M    M  4.1 14 230   M    M   2        18 210
13 101  76  89   6   0  24    T    M    M  3.8 17 210   M    M   2 3      23 200
14  96  75  86   3   0  21 0.74    M    M  2.9 23 190   M    M   2 3      29 180
15  96  74  85   2   0  20 0.03    M    M  4.4 18 200   M    M   2 3      25 210
16  91  73  82  -1   0  17 0.33    M    M  3.2 13 170   M    M   3 13     19 310
17  92  72  82  -1   0  17 0.25    M    M  2.8 20 180   M    M   2 13     27 200
18  93  72  83   0   0  18 0.31    M    M  3.1 12 200   M    M   3 123    16 230
19  96  74  85   2   0  20 0.12    M    M  2.8 20 340   M    M   0 3      30 340
20  96   M   M   M   M   M 0.00    M    M   M   M   M   M    M   2         M  M
21  90  76  83   0   0  18 0.00    M    M  3.0 13 160   M    M   2 3      18 310
22  95  73  84   1   0  19 0.00    M    M  3.9 14 190   M    M   0        18 170
23  97  76  87   4   0  22 0.32    M    M  3.8 14 160   M    M   2 13     20 330
24  97  74  86   3   0  21 0.14    M    M  2.7 12 320   M    M   1        18 320
25  96  78  87   4   0  22 0.00    M    M  5.9 14 170   M    M   1        19 190
================================================================================
SM 2429 1804         0 516  2.66    M    108.6          M       41
================================================================================
AV 97.2 75.2                               4.5 FASTST   M    M   2    MAX(MPH)
                                 MISC ---->  # 28 250               # 38  250
================================================================================
NOTES:
# LAST OF SEVERAL OCCURRENCES

COLUMN 17 PEAK WIND IN M.P.H.

PRELIMINARY LOCAL CLIMATOLOGICAL DATA (WS FORM: F-6) , PAGE 2

                                          STATION:  HAMILTON - OWENS AIRPORT SC
                                          MONTH:    JULY
                                          YEAR:     2016
                                          LATITUDE:   33 58 N
                                          LONGITUDE:  80 59 W

[TEMPERATURE DATA]      [PRECIPITATION DATA]       SYMBOLS USED IN COLUMN 16

AVERAGE MONTHLY: 86.2   TOTAL FOR MONTH:   2.66    1 = FOG OR MIST
DPTR FM NORMAL:   3.5   DPTR FM NORMAL:   -1.65    2 = FOG REDUCING VISIBILITY
HIGHEST:   102 ON  8, 5 GRTST 24HR  0.74 ON 14-14      TO 1/4 MILE OR LESS
LOWEST:     72 ON 18,17                            3 = THUNDER
                        SNOW, ICE PELLETS, HAIL    4 = ICE PELLETS
                        TOTAL MONTH:    M          5 = HAIL
                        GRTST 24HR    M  ON   M    6 = FREEZING RAIN OR DRIZZLE
                        GRTST DEPTH:  M  ON   M    7 = DUSTSTORM OR SANDSTORM:
                                                       VSBY 1/2 MILE OR LESS
                                                   8 = SMOKE OR HAZE
[NO. OF DAYS WITH]      [WEATHER - DAYS WITH]      9 = BLOWING SNOW
                                                   X = TORNADO
MAX 32 OR BELOW:   0    0.01 INCH OR MORE:  13
MAX 90 OR ABOVE:  25    0.10 INCH OR MORE:   9
MIN 32 OR BELOW:   0    0.50 INCH OR MORE:   1
MIN  0 OR BELOW:   0    1.00 INCH OR MORE:   0

[HDD (BASE 65) ]
TOTAL THIS MO.     0    CLEAR  (SCALE 0-3)  24
DPTR FM NORMAL     0    PTCLDY (SCALE 4-7)   1
TOTAL FM JUL 1     0    CLOUDY (SCALE 8-10)  0
DPTR FM NORMAL     0

[CDD (BASE 65) ]
TOTAL THIS MO.   516
DPTR FM NORMAL    73    [PRESSURE DATA]
TOTAL FM JAN 1  1484    HIGHEST SLP M ON M
DPTR FM NORMAL   272    LOWEST  SLP 29.87 ON  8

[REMARKS]
