520
CXUS52 KCHS 290715
CF6CXM
PRELIMINARY LOCAL CLIMATOLOGICAL DATA (WS FORM: F-6)

                                          STATION:   DOWNTOWN CHARLESTON SC
                                          MONTH:     JULY
                                          YEAR:      2016
                                          LATITUDE:   32 46 N
                                          LONGITUDE:  79 56 W

  TEMPERATURE IN F:       :PCPN:    SNOW:  WIND      :SUNSHINE: SKY     :PK WND
================================================================================
1   2   3   4   5  6A  6B    7    8   9   10  11  12  13   14  15   16   17  18
                                     12Z  AVG MX 2MIN
DY MAX MIN AVG DEP HDD CDD  WTR  SNW DPTH SPD SPD DIR MIN PSBL S-S WX    SPD DR
================================================================================

 1  84  74  79  -3   0  14 1.17    M    M  6.1 14 170   M    M   M        18 170
 2  87  78  83   1   0  18 0.00    M    M  7.4 15 200   M    M   M        20 200
 3  89  81  85   3   0  20 0.00    M    M  8.5 16 200   M    M   M        22 200
 4  89  79  84   2   0  19 0.10    M    M  8.8 16 190   M    M   M        21 200
 5  92  82  87   5   0  22 0.00    M    M  7.1 17 190   M    M   M        22 200
 6  93  75  84   2   0  19 0.50    M    M  6.3 16 210   M    M   M        33 310
 7  90  76  83   1   0  18 0.00    M    M  7.7 17 210   M    M   M        22 210
 8  96  83  90   8   0  25 0.00    M    M  7.4 14 200   M    M   M        20 210
 9  91  78  85   3   0  20 0.31    M    M  6.0 17 230   M    M   M        26 240
10  90  79  85   3   0  20 0.00    M    M  7.0 14 200   M    M   M        18 200
11  92  82  87   5   0  22 0.00    M    M  7.2 14 180   M    M   M        19 200
12  94  81  88   6   0  23 0.00    M    M  5.8 13 180   M    M   M        17 180
13  91  81  86   4   0  21 0.00    M    M  6.0 14  50   M    M   M        25  50
14  92  82  87   5   0  22 0.00    M    M  7.1 22  20   M    M   M        26  20
15  89  79  84   2   0  19 0.00    M    M  7.9 20  10   M    M   M        23 360
16  88  79  84   1   0  19 0.00    M    M  7.2 16 180   M    M   M        18 200
17  86  75  81  -2   0  16 0.51    M    M  3.6 11 120   M    M   M        16 310
18  88  78  83   0   0  18 0.04    M    M  4.5 20 170   M    M   M        26 120
19  90  79  85   2   0  20 0.01    M    M  5.4 14 180   M    M   M        16 170
20  90  76  83   0   0  18 0.00    M    M  5.0 14  80   M    M   M        16  80
21  87  79  83   0   0  18 0.03    M    M  3.3 11  60   M    M   M        21  60
22  87  78  83   0   0  18 0.00    M    M  4.4  9 130   M    M   M        13 180
23  90  80  85   2   0  20 0.00    M    M  6.1 13 170   M    M   M        15 180
24  90  81  86   3   0  21 0.00    M    M  6.0 12 180   M    M   M        15 170
25  88  82  85   3   0  20 0.00    M    M  7.2 14 190   M    M   M        16 190
26  91  80  86   4   0  21 0.00    M    M  6.6 15 180   M    M   M        18 190
27  92  81  87   5   0  22 0.00    M    M  6.6 14 190   M    M   M        17 190
28  94  82  88   6   0  23 0.00    M    M  7.9 16 180   M    M   M        19 190
================================================================================
SM 2520 2220         0 556  2.67    M    180.1          M        M
================================================================================
AV 90.0 79.3                               6.4 FASTST   M    M   4    MAX(MPH)
                                 MISC ---->  # 22  20               # 33  310
================================================================================
NOTES:
# LAST OF SEVERAL OCCURRENCES

COLUMN 17 PEAK WIND IN M.P.H.

PRELIMINARY LOCAL CLIMATOLOGICAL DATA (WS FORM: F-6) , PAGE 2

                                          STATION:  DOWNTOWN CHARLESTON SC
                                          MONTH:    JULY
                                          YEAR:     2016
                                          LATITUDE:   32 46 N
                                          LONGITUDE:  79 56 W

[TEMPERATURE DATA]      [PRECIPITATION DATA]       SYMBOLS USED IN COLUMN 16

AVERAGE MONTHLY: 84.6   TOTAL FOR MONTH:   2.67    1 = FOG OR MIST
DPTR FM NORMAL:   2.3   DPTR FM NORMAL:   -2.14    2 = FOG REDUCING VISIBILITY
HIGHEST:    96 ON  8    GRTST 24HR  1.17 ON  1- 1      TO 1/4 MILE OR LESS
LOWEST:     74 ON  1                               3 = THUNDER
                        SNOW, ICE PELLETS, HAIL    4 = ICE PELLETS
                        TOTAL MONTH:    M          5 = HAIL
                        GRTST 24HR    M  ON   M    6 = FREEZING RAIN OR DRIZZLE
                        GRTST DEPTH:  M  ON   M    7 = DUSTSTORM OR SANDSTORM:
                                                       VSBY 1/2 MILE OR LESS
                                                   8 = SMOKE OR HAZE
[NO. OF DAYS WITH]      [WEATHER - DAYS WITH]      9 = BLOWING SNOW
                                                   X = TORNADO
MAX 32 OR BELOW:   0    0.01 INCH OR MORE:   8
MAX 90 OR ABOVE:  17    0.10 INCH OR MORE:   5
MIN 32 OR BELOW:   0    0.50 INCH OR MORE:   3
MIN  0 OR BELOW:   0    1.00 INCH OR MORE:   1

[HDD (BASE 65) ]
TOTAL THIS MO.     0    CLEAR  (SCALE 0-3)   0
DPTR FM NORMAL     0    PTCLDY (SCALE 4-7)   0
TOTAL FM JUL 1     0    CLOUDY (SCALE 8-10)  0
DPTR FM NORMAL     0

[CDD (BASE 65) ]
TOTAL THIS MO.   556
DPTR FM NORMAL    80    [PRESSURE DATA]
TOTAL FM JAN 1  1483    HIGHEST SLP M ON M
DPTR FM NORMAL   221    LOWEST  SLP 29.90 ON  8

[REMARKS]
