000
CXUS55 KCYS 012112 CCA
CF6CYS

PRELIMINARY LOCAL CLIMATOLOGICAL DATA (WS FORM: F-6)     ...CORRECTED...

                                          STATION:   CHEYENNE WYOMING AIRPORT
                                          MONTH:     FEBRUARY
                                          YEAR:      2015
                                          LATITUDE:   41  9 N
                                          LONGITUDE: 104 49 W

  TEMPERATURE IN F:       :PCPN:    SNOW:  WIND      :SUNSHINE: SKY     :PK WND
================================================================================
1   2   3   4   5  6A  6B    7    8   9   10  11  12  13   14  15   16   17  18
                                     12Z  AVG MX 2MIN
DY MAX MIN AVG DEP HDD CDD  WTR  SNW DPTH SPD SPD DIR MIN PSBL S-S WX    SPD DR
================================================================================

 1  25  13  19  -9  46   0    T    T    T 14.1 26 350   M    M   6 18     35 350
 2  49  18  34   6  31   0 0.00  0.0    0 17.1 36 280   M    M   1        45 280
 3  53  41  47  19  18   0 0.00  0.0    0 20.8 40 280   M    M   1        50 280
 4  44  16  30   2  35   0 0.31  3.9    T 14.1 28 280   M    M   7 128    35 360
 5  54  35  45  17  20   0 0.00  0.0    4 14.4 26 270   M    M   0        38 280
 6  64  45  55  27  10   0 0.00  0.0    T 16.1 35 260   M    M   0        40 260
 7  63  43  53  25  12   0 0.00  0.0    0 21.1 41 280   M    M   0        52 280
 8  55  33  44  16  21   0 0.00  0.0    0 18.3 37 280   M    M   0        45 280
 9  61  32  47  19  18   0 0.00  0.0    0 14.8 33 280   M    M   0        41 280
10  50  34  42  13  23   0    T    T    0 19.0 28 330   M    M   3 1      36 300
11  48  27  38   9  27   0    T    T    0  8.3 23 360   M    M   5        30 360
12  56  28  42  13  23   0 0.00  0.0    0 14.1 35 330   M    M   2        44 330
13  58  33  46  17  19   0 0.00  0.0    0 10.7 21 330   M    M   0        27 320
14  55  31  43  14  22   0 0.00  0.0    0  7.6 26  20   M    M   0        33  20
15  34  24  29   0  36   0 0.07  0.7    0 12.7 23 360   M    M   8 18     29  20
16  28  16  22  -7  43   0 0.01  0.1    T 11.5 26 360   M    M   9 18     35 350
17  29  16  23  -7  42   0 0.01  0.2    T 15.6 35 330   M    M   6 8      48 330
18  47  20  34   4  31   0 0.00  0.0    T 16.1 33 320   M    M   5        47 330
19  56  27  42  12  23   0 0.00  0.0    0 13.2 31 290   M    M   0        43 310
20  46  21  34   4  31   0 0.02  0.2    0 12.6 31 260   M    M   4 1      38 260
21  28  11  20 -10  45   0 0.14  2.0    T 10.4 26  20   M    M   9 128    35  20
22  11   2   7 -24  58   0 0.04  0.7    2  7.3 15  60   M    M  10 18     18  60
23  24   4  14 -17  51   0    T    T    2  8.7 18 310   M    M   4 18     24 310
24  43  20  32   1  33   0 0.00  0.0    1 11.9 22 340   M    M   0        28 340
25  38  11  25  -6  40   0 0.01  0.1    T 19.0 33 360   M    M   9 1      43 360
26  14   6  10 -22  55   0 0.08  1.5    T  8.7 18 160   M    M  10 18     23 150
27  13   2   8 -24  57   0 0.01  0.2    1 13.9 22 180   M    M  10 18     27 180
28  22  -2  10 -22  55   0    T    T    1  7.0 16 350   M    M   5 18     22 350
================================================================================
SM 1168  607       925   0  0.70     9.6 379.1          M      114
================================================================================
AV 41.7 21.7                              13.5 FASTST   M    M   4    MAX(MPH)
                                 MISC ---->    41 280                 52  280
================================================================================
NOTES:
# LAST OF SEVERAL OCCURRENCES

COLUMN 17 PEAK WIND IN M.P.H.

PRELIMINARY LOCAL CLIMATOLOGICAL DATA (WS FORM: F-6) , PAGE 2

                                          STATION:  CHEYENNE WYOMING AIRPORT
                                          MONTH:    FEBRUARY
                                          YEAR:     2015
                                          LATITUDE:   41  9 N
                                          LONGITUDE: 104 49 W

[TEMPERATURE DATA]      [PRECIPITATION DATA]       SYMBOLS USED IN COLUMN 16

AVERAGE MONTHLY: 31.7   TOTAL FOR MONTH:   0.70    1 = FOG OR MIST
DPTR FM NORMAL:   2.1   DPTR FM NORMAL:    0.23    2 = FOG REDUCING VISIBILITY
HIGHEST:    64 ON  6    GRTST 24HR  0.31 ON  4- 4      TO 1/4 MILE OR LESS
LOWEST:     -2 ON 28                               3 = THUNDER
                        SNOW, ICE PELLETS, HAIL    4 = ICE PELLETS
                        TOTAL MONTH:   9.6 INCHES  5 = HAIL
                        GRTST 24HR   3.9 ON  4- 4  6 = FREEZING RAIN OR DRIZZLE
                        GRTST DEPTH:   4 ON  5     7 = DUSTSTORM OR SANDSTORM:
                                                       VSBY 1/2 MILE OR LESS
                                                   8 = SMOKE OR HAZE
[NO. OF DAYS WITH]      [WEATHER - DAYS WITH]      9 = BLOWING SNOW
                                                   X = TORNADO
MAX 32 OR BELOW:   9    0.01 INCH OR MORE:  10
MAX 90 OR ABOVE:   0    0.10 INCH OR MORE:   2
MIN 32 OR BELOW:  21    0.50 INCH OR MORE:   0
MIN  0 OR BELOW:   1    1.00 INCH OR MORE:   0

[HDD (BASE 65) ]
TOTAL THIS MO.   925    CLEAR  (SCALE 0-3)  13
DPTR FM NORMAL   -67    PTCLDY (SCALE 4-7)   9
TOTAL FM JUL 1  4646    CLOUDY (SCALE 8-10)  6
DPTR FM NORMAL  -373

[CDD (BASE 65) ]
TOTAL THIS MO.     0
DPTR FM NORMAL     0    [PRESSURE DATA]
TOTAL FM JAN 1     0    HIGHEST SLP 30.66 ON 22
DPTR FM NORMAL     0    LOWEST  SLP 29.65 ON  7

[REMARKS]

NEW RECORD HIGH TEMPERATURE OF 64 DEGREES SET ON THE 6TH. THE OLD RECORD WAS 63
 DEGREES SET IN 1963.
NEW RECORD WARMEST LOW TEMPERATURE OF 45 DEGREES SET ON THE 6TH. THE OLD RECORD
 WAS 38 DEGREES SET IN 1898.
NEW RECORD WARMEST LOW TEMPERATURE OF 43 DEGREES SET ON THE 7TH. THE OLD RECORD
 WAS 42 DEGREES SET IN 1996.
TIED RECORD COLDEST HIGH TEMPERATURE OF 11 DEGREES ON THE 22ND, LAST SET IN
 1913.

#FINAL-02-15#
