000
CXUS55 KCYS 191000
CF6CYS
PRELIMINARY LOCAL CLIMATOLOGICAL DATA (WS FORM: F-6)

                                          STATION:   CHEYENNE WYOMING AIRPORT
                                          MONTH:     JANUARY
                                          YEAR:      2018
                                          LATITUDE:   41  9 N
                                          LONGITUDE: 104 49 W

  TEMPERATURE IN F:       :PCPN:    SNOW:  WIND      :SUNSHINE: SKY     :PK WND
================================================================================
1   2   3   4   5  6A  6B    7    8   9   10  11  12  13   14  15   16   17  18
                                     12Z  AVG MX 2MIN
DY MAX MIN AVG DEP HDD CDD  WTR  SNW DPTH SPD SPD DIR MIN PSBL S-S WX    SPD DR
================================================================================

 1  34   4  19  -9  46   0    T    T    T  4.6 15 340   M    M   1 1      20 350
 2  39   7  23  -5  42   0 0.00  0.0    0 14.3 33 330   M    M   0        42 330
 3  47  24  36   7  29   0 0.00  0.0    0  9.6 21 210   M    M   1        24 210
 4  49  22  36   7  29   0 0.00  0.0    0  8.1 15 340   M    M   1        22 330
 5  51  25  38   9  27   0 0.00  0.0    0  8.2 20 290   M    M   4        25 320
 6  51  29  40  11  25   0    T    T    0  9.7 20 260   M    M   2        24 270
 7  47  30  39  10  26   0 0.01  0.1    T 13.2 28 330   M    M   3 1      37 360
 8  56  27  42  13  23   0 0.00  0.0    0 11.9 28 270   M    M   1        32 270
 9  60  33  47  18  18   0 0.00  0.0    0 10.1 29 270   M    M   2        37 280
10  51  20  36   7  29   0    T  0.0    0 12.1 31  10   M    M   5 1      40  10
11  36  22  29   0  36   0    T    T    0 15.6 30 310   M    M   9        39 320
12  42  20  31   2  34   0    T  0.0    0 14.8 33 280   M    M   5 1      45 280
13  44  20  32   3  33   0 0.01  0.1    0 15.3 30 270   M    M   5 1      37 270
14  51  24  38   9  27   0    T    T    0 13.2 28 320   M    M   4 1      35 320
15  28  -4  12 -17  53   0 0.02  0.3    0 14.1 26  10   M    M   4 1      35  20
16  33  -4  15 -14  50   0 0.00  0.0    0  8.2 18 210   M    M   0        23 200
17  46  11  29   0  36   0 0.00  0.0    0  9.8 26 330   M    M   0        40 290
18  59  27  43  14  22   0 0.00  0.0    0 11.7 26 280   M    M   0        34 270
================================================================================
SM  824  337       585   0  0.04     0.5 204.5          M       47
================================================================================
AV 45.8 18.7                              11.4 FASTST   M    M   3    MAX(MPH)
                                 MISC ---->  # 33 330               # 45  280
================================================================================
NOTES:
# LAST OF SEVERAL OCCURRENCES

COLUMN 17 PEAK WIND IN M.P.H.

PRELIMINARY LOCAL CLIMATOLOGICAL DATA (WS FORM: F-6) , PAGE 2

                                          STATION:  CHEYENNE WYOMING AIRPORT
                                          MONTH:    JANUARY
                                          YEAR:     2018
                                          LATITUDE:   41  9 N
                                          LONGITUDE: 104 49 W

[TEMPERATURE DATA]      [PRECIPITATION DATA]       SYMBOLS USED IN COLUMN 16

AVERAGE MONTHLY: 32.3   TOTAL FOR MONTH:   0.04    1 = FOG OR MIST
DPTR FM NORMAL:   3.4   DPTR FM NORMAL:   -0.15    2 = FOG REDUCING VISIBILITY
HIGHEST:    60 ON  9    GRTST 24HR  0.02 ON 15-15      TO 1/4 MILE OR LESS
LOWEST:     -4 ON 16,15                            3 = THUNDER
                        SNOW, ICE PELLETS, HAIL    4 = ICE PELLETS
                        TOTAL MONTH:   0.5 INCH    5 = HAIL
                        GRTST 24HR   0.3 ON 15-15  6 = FREEZING RAIN OR DRIZZLE
                        GRTST DEPTH:   0           7 = DUSTSTORM OR SANDSTORM:
                                                       VSBY 1/2 MILE OR LESS
                                                   8 = SMOKE OR HAZE
[NO. OF DAYS WITH]      [WEATHER - DAYS WITH]      9 = BLOWING SNOW
                                                   X = TORNADO
MAX 32 OR BELOW:   1    0.01 INCH OR MORE:   3
MAX 90 OR ABOVE:   0    0.10 INCH OR MORE:   0
MIN 32 OR BELOW:  17    0.50 INCH OR MORE:   0
MIN  0 OR BELOW:   2    1.00 INCH OR MORE:   0

[HDD (BASE 65) ]
TOTAL THIS MO.   585    CLEAR  (SCALE 0-3)  11
DPTR FM NORMAL   -64    PTCLDY (SCALE 4-7)   6
TOTAL FM JUL 1  3184    CLOUDY (SCALE 8-10)  1
DPTR FM NORMAL  -368

[CDD (BASE 65) ]
TOTAL THIS MO.     0
DPTR FM NORMAL     0    [PRESSURE DATA]
TOTAL FM JAN 1     0    HIGHEST SLP M ON M
DPTR FM NORMAL     0    LOWEST  SLP 29.34 ON 10

[REMARKS]
