000
CXUS56 KSGX 191445
CF6CZZ
PRELIMINARY LOCAL CLIMATOLOGICAL DATA (WS FORM: F-6)

                                          STATION:   CAMPO ASOS CA
                                          MONTH:     AUGUST
                                          YEAR:      2017
                                          LATITUDE:   32 37 N
                                          LONGITUDE: 116 28 W

  TEMPERATURE IN F:       :PCPN:    SNOW:  WIND      :SUNSHINE: SKY     :PK WND
================================================================================
1   2   3   4   5  6A  6B    7    8   9   10  11  12  13   14  15   16   17  18
                                     12Z  AVG MX 2MIN
DY MAX MIN AVG DEP HDD CDD  WTR  SNW DPTH SPD SPD DIR MIN PSBL S-S WX    SPD DR
================================================================================

 1  99  69  84  10   0  19 0.00  0.0    0  7.2 21  60   M    M   0        25  50
 2  94  69  82   8   0  17 0.00  0.0    0  5.0 18  50   M    M   0        23  80
 3  95  66  81   7   0  16 0.00  0.0    0  5.7 22 120   M    M   0        27 100
 4  93  62  78   4   0  13 0.00  0.0    0  6.8 20 240   M    M   0        24 240
 5  91  58  75   1   0  10 0.00  0.0    0  7.9 23 220   M    M   0        26 220
 6  90  53  72  -2   0   7 0.00  0.0    0  8.2 20 230   M    M   0        24 210
 7  95  56  76   2   0  11 0.00  0.0    0  8.6 20 290   M    M   0        27 260
 8  96  57  77   3   0  12 0.00  0.0    0  8.6 21 290   M    M   0        26 280
 9  94  55  75   1   0  10 0.00  0.0    0  7.0 18 230   M    M   0        23 220
10  95  57  76   2   0  11 0.00  0.0    0  6.9 20 220   M    M   0        24 220
11  97  61  79   5   0  14 0.00  0.0    0  6.0 21 220   M    M   0        25 220
12  96  60  78   4   0  13 0.00  0.0    0  8.3 22 220   M    M   0        27 210
13  93  53  73  -1   0   8 0.00  0.0    0  7.8 22 210   M    M   0        25 230
14  87  46  67  -7   0   2 0.00  0.0    0  8.9 21 240   M    M   0        27 220
15  78  43  61 -13   4   0 0.00  0.0    0  8.9 23 230   M    M   0        28 230
16  83  47  65  -9   0   0 0.00  0.0    0  7.4 18 210   M    M   0        24 220
17  87  49  68  -6   0   3 0.00  0.0    0  7.0 20 210   M    M   0        24 210
18  88  50  69  -5   0   4 0.00  0.0    0  7.4 18 220   M    M   0        23 230
================================================================================
SM 1651 1011         4 170  0.00     0.0 133.6          M        0
================================================================================
AV 91.7 56.2                               7.4 FASTST   M    M   0    MAX(MPH)
                                 MISC ---->  # 23 220               # 28  230
================================================================================
NOTES:
# LAST OF SEVERAL OCCURRENCES

COLUMN 17 PEAK WIND IN M.P.H.

PRELIMINARY LOCAL CLIMATOLOGICAL DATA (WS FORM: F-6) , PAGE 2

                                          STATION:  CAMPO ASOS CA
                                          MONTH:    AUGUST
                                          YEAR:     2017
                                          LATITUDE:   32 37 N
                                          LONGITUDE: 116 28 W

[TEMPERATURE DATA]      [PRECIPITATION DATA]       SYMBOLS USED IN COLUMN 16

AVERAGE MONTHLY: 73.9   TOTAL FOR MONTH:   0.00    1 = FOG OR MIST
DPTR FM NORMAL:  -0.1   DPTR FM NORMAL:   -0.41    2 = FOG REDUCING VISIBILITY
HIGHEST:    99 ON  1    GRTST 24HR  0.00 ON 18-18      TO 1/4 MILE OR LESS
LOWEST:     43 ON 15                               3 = THUNDER
                        SNOW, ICE PELLETS, HAIL    4 = ICE PELLETS
                        TOTAL MONTH:   0.0 INCH    5 = HAIL
                        GRTST 24HR     0.0         6 = FREEZING RAIN OR DRIZZLE
                        GRTST DEPTH:   0           7 = DUSTSTORM OR SANDSTORM:
                                                       VSBY 1/2 MILE OR LESS
                                                   8 = SMOKE OR HAZE
[NO. OF DAYS WITH]      [WEATHER - DAYS WITH]      9 = BLOWING SNOW
                                                   X = TORNADO
MAX 32 OR BELOW:   0    0.01 INCH OR MORE:   0
MAX 90 OR ABOVE:  13    0.10 INCH OR MORE:   0
MIN 32 OR BELOW:   0    0.50 INCH OR MORE:   0
MIN  0 OR BELOW:   0    1.00 INCH OR MORE:   0

[HDD (BASE 65) ]
TOTAL THIS MO.     4    CLEAR  (SCALE 0-3)  18
DPTR FM NORMAL     4    PTCLDY (SCALE 4-7)   0
TOTAL FM JUL 1     4    CLOUDY (SCALE 8-10)  0
DPTR FM NORMAL    -3

[CDD (BASE 65) ]
TOTAL THIS MO.   170
DPTR FM NORMAL     8    [PRESSURE DATA]
TOTAL FM JAN 1   732    HIGHEST SLP M ON M
DPTR FM NORMAL   198    LOWEST  SLP 29.74 ON 11

[REMARKS]
