000
CXUS53 KUNR 300945
CF6D07
PRELIMINARY LOCAL CLIMATOLOGICAL DATA (WS FORM: F-6)

                                          STATION:   FAITH SD
                                          MONTH:     MARCH
                                          YEAR:      2017
                                          LATITUDE:   45  1 N
                                          LONGITUDE: 102  1 W

  TEMPERATURE IN F:       :PCPN:    SNOW:  WIND      :SUNSHINE: SKY     :PK WND
================================================================================
1   2   3   4   5  6A  6B    7    8   9   10  11  12  13   14  15   16   17  18
                                     12Z  AVG MX 2MIN
DY MAX MIN AVG DEP HDD CDD  WTR  SNW DPTH SPD SPD DIR MIN PSBL S-S WX    SPD DR
================================================================================

 1  35  17  26  -2  39   0 0.00    M    M 11.6 26 310   M    M   M        32 320
 2  37  20  29   1  36   0 0.00    M    M 12.3 20 340   M    M   M        24 340
 3  54  21  38  10  27   0 0.00    M    M 11.2 21 150   M    M   M        24 150
 4  67  28  48  20  17   0 0.00    M    M 12.9 23 200   M    M   M        28 160
 5  69  34  52  23  13   0 0.00    M    M 12.9 25 190   M    M   M        31 190
 6  52  28  40  11  25   0 0.00    M    M 27.4 48 300   M    M   M        57 300
 7  41  25  33   3  32   0 0.00    M    M 29.6 54 310   M    M   M        68 310
 8  34  17  26  -4  39   0 0.00    M    M 10.6 21 290   M    M   M        26 290
 9  26   7  17 -13  48   0 0.05    M    M 11.3 22  30   M    M   M        25  40
10  10   4   7 -23  58   0 0.07    M    M 14.7 24 110   M    M   M        30 120
11  17   9  13 -18  52   0 0.01    M    M  9.9 22 130   M    M   M        27 130
12  20   2  11 -20  54   0 0.10    M    M 14.9 29 130   M    M   M        35 130
13  14  -1   7 -25  58   0 0.03    M    M 12.8 22 140   M    M   M        26 150
14  28  12  20 -12  45   0 0.03    M    M 17.1 24 160   M    M   M        29 150
15  45  20  33   1  32   0 0.00    M    M 11.9 22 160   M    M   M        25 150
16  63  31  47  15  18   0 0.00    M    M 10.6 30 320   M    M   M        39 310
17  49  25  37   4  28   0 0.00    M    M 16.3 33 310   M    M   M        40 300
18  64  26  45  12  20   0 0.00    M    M 19.4 32 160   M    M   M        37 160
19  68  34  51  17  14   0 0.00    M    M 13.6 25  10   M    M   M        31  10
20  54  34  44  10  21   0 0.02    M    M 10.2 25  30   M    M   M        30  40
21  36  26  31  -3  34   0 0.07    M    M 15.1 24 140   M    M   M        31 150
22  64  25  45  10  20   0 0.00    M    M 21.2 38 160   M    M   M        46 150
23  57  36  47  12  18   0 0.00    M    M 12.3 30 350   M    M   M        35 360
24  60  35  48  12  17   0 0.00    M    M 10.4 21 140   M    M   M        27 130
25  62  31  47  11  18   0 0.00    M    M 18.8 24 150   M    M   M        30 150
26  50  36  43   7  22   0 0.00    M    M   M   M   M   M    M   M         M  M
27  58  31  45   8  20   0 0.00    M    M   M   M   M   M    M   M         M  M
28  52  39  46   9  19   0 0.12    M    M   M   M   M   M    M   M         M  M
29  57  37  47  10  18   0 0.00    M    M   M   M   M   M    M   M         M  M
================================================================================
SM 1343  689       862   0  0.50    M    369.0          M        M
================================================================================
AV 46.3 23.8                              14.8 FASTST   M    M   4    MAX(MPH)
                                 MISC ---->  # 54 310               # 68  310
================================================================================
NOTES:
# LAST OF SEVERAL OCCURRENCES

COLUMN 17 PEAK WIND IN M.P.H.

PRELIMINARY LOCAL CLIMATOLOGICAL DATA (WS FORM: F-6) , PAGE 2

                                          STATION:  FAITH SD
                                          MONTH:    MARCH
                                          YEAR:     2017
                                          LATITUDE:   45  1 N
                                          LONGITUDE: 102  1 W

[TEMPERATURE DATA]      [PRECIPITATION DATA]       SYMBOLS USED IN COLUMN 16

AVERAGE MONTHLY: 35.0   TOTAL FOR MONTH:   0.50    1 = FOG OR MIST
DPTR FM NORMAL:   2.7   DPTR FM NORMAL:   -0.39    2 = FOG REDUCING VISIBILITY
HIGHEST:    69 ON  5    GRTST 24HR  0.12 ON 28-28      TO 1/4 MILE OR LESS
LOWEST:     -1 ON 13                               3 = THUNDER
                        SNOW, ICE PELLETS, HAIL    4 = ICE PELLETS
                        TOTAL MONTH:    M          5 = HAIL
                        GRTST 24HR    M  ON   M    6 = FREEZING RAIN OR DRIZZLE
                        GRTST DEPTH:  M  ON   M    7 = DUSTSTORM OR SANDSTORM:
                                                       VSBY 1/2 MILE OR LESS
                                                   8 = SMOKE OR HAZE
[NO. OF DAYS WITH]      [WEATHER - DAYS WITH]      9 = BLOWING SNOW
                                                   X = TORNADO
MAX 32 OR BELOW:   6    0.01 INCH OR MORE:   9
MAX 90 OR ABOVE:   0    0.10 INCH OR MORE:   2
MIN 32 OR BELOW:  21    0.50 INCH OR MORE:   0
MIN  0 OR BELOW:   1    1.00 INCH OR MORE:   0

[HDD (BASE 65) ]
TOTAL THIS MO.   862    CLEAR  (SCALE 0-3)   0
DPTR FM NORMAL   -89    PTCLDY (SCALE 4-7)   0
TOTAL FM JUL 1  6213    CLOUDY (SCALE 8-10)  0
DPTR FM NORMAL  -426

[CDD (BASE 65) ]
TOTAL THIS MO.     0
DPTR FM NORMAL     0    [PRESSURE DATA]
TOTAL FM JAN 1     0    HIGHEST SLP M ON M
DPTR FM NORMAL     0    LOWEST  SLP 28.88 ON  6

[REMARKS]
