000
CXUS53 KUNR 280945
CF6D07
PRELIMINARY LOCAL CLIMATOLOGICAL DATA (WS FORM: F-6)

                                          STATION:   FAITH SD
                                          MONTH:     MAY
                                          YEAR:      2016
                                          LATITUDE:   45  1 N
                                          LONGITUDE: 102  1 W

  TEMPERATURE IN F:       :PCPN:    SNOW:  WIND      :SUNSHINE: SKY     :PK WND
================================================================================
1   2   3   4   5  6A  6B    7    8   9   10  11  12  13   14  15   16   17  18
                                     12Z  AVG MX 2MIN
DY MAX MIN AVG DEP HDD CDD  WTR  SNW DPTH SPD SPD DIR MIN PSBL S-S WX    SPD DR
================================================================================

 1  61  31  46  -5  19   0 0.00    M    M  8.7 21  30   M    M   M        26  20
 2  65  38  52   1  13   0 0.00    M    M 10.9 25  60   M    M   M        32  60
 3  76  41  59   8   6   0 0.00    M    M 10.4 22 360   M    M   M        26 360
 4  76  42  59   7   6   0 0.00    M    M  9.1 16 160   M    M   M        18 150
 5  82  47  65  13   0   0 0.00    M    M 10.1 21 170   M    M   M        24 170
 6  79  48  64  12   1   0 0.00    M    M 16.0 33  20   M    M   M        40  20
 7  66  43  55   2  10   0 0.00    M    M  6.1 14 160   M    M   M        19 180
 8  67  43  55   2  10   0 0.00    M    M 12.9 26 150   M    M   M        33 150
 9  61  48  55   2  10   0 0.20    M    M 11.6 25  80   M    M   M        29  80
10  58  38  48  -5  17   0 0.02    M    M 16.6 31 280   M    M   M        39 270
11  55  37  46  -8  19   0 0.00    M    M 22.9 38 290   M    M   M        46 300
12  66  35  51  -3  14   0 0.00    M    M 14.0 28  20   M    M   M        36  30
13  45  31  38 -16  27   0 0.13    M    M 19.4 35 330   M    M   M        43 320
14  57  28  43 -11  22   0 0.00    M    M  8.2 15 330   M    M   M        18 310
15  63  36  50  -5  15   0 0.00    M    M  7.2 15 210   M    M   M        18 190
16  68  38  53  -2  12   0 0.00    M    M  6.8 15  70   M    M   M        20  90
17  66  40  53  -2  12   0 0.00    M    M  8.7 15 150   M    M   M        18 160
18  71  38  55  -1  10   0 0.00    M    M 14.5 28 180   M    M   M        33 160
19  77  44  61   5   4   0 0.00    M    M 18.2 28 170   M    M   M        37 170
20  73  50  62   6   3   0 0.00    M    M 20.9 30 130   M    M   M        36 130
21  69  53  61   5   4   0 0.00    M    M 24.9 37 160   M    M   M        44 160
22  81  52  67  10   0   2 0.00    M    M 12.5 35 300   M    M   M        42 290
23  75  44  60   3   5   0 0.00    M    M  7.4 16  40   M    M   M        22 190
24  76  44  60   3   5   0 0.01    M    M  8.9 21 130   M    M   M        27 250
25  70  48  59   1   6   0 0.01    M    M 10.4 24 320   M    M   M        33 320
26  74  45  60   2   5   0 0.00    M    M  8.9 20 320   M    M   M        26 260
27  68  45  57  -1   8   0 0.00    M    M  7.5 18 340   M    M   M        21 340
================================================================================
SM 1845 1127       263   2  0.37    M    333.7          M        M
================================================================================
AV 68.3 41.7                              12.4 FASTST   M    M   3    MAX(MPH)
                                 MISC ---->  # 38 290               # 46  300
================================================================================
NOTES:
# LAST OF SEVERAL OCCURRENCES

COLUMN 17 PEAK WIND IN M.P.H.

PRELIMINARY LOCAL CLIMATOLOGICAL DATA (WS FORM: F-6) , PAGE 2

                                          STATION:  FAITH SD
                                          MONTH:    MAY
                                          YEAR:     2016
                                          LATITUDE:   45  1 N
                                          LONGITUDE: 102  1 W

[TEMPERATURE DATA]      [PRECIPITATION DATA]       SYMBOLS USED IN COLUMN 16

AVERAGE MONTHLY: 55.0   TOTAL FOR MONTH:   0.37    1 = FOG OR MIST
DPTR FM NORMAL:   0.6   DPTR FM NORMAL:   -2.27    2 = FOG REDUCING VISIBILITY
HIGHEST:    82 ON  5    GRTST 24HR  0.20 ON  9- 9      TO 1/4 MILE OR LESS
LOWEST:     28 ON 14                               3 = THUNDER
                        SNOW, ICE PELLETS, HAIL    4 = ICE PELLETS
                        TOTAL MONTH:    M          5 = HAIL
                        GRTST 24HR    M  ON   M    6 = FREEZING RAIN OR DRIZZLE
                        GRTST DEPTH:  M  ON   M    7 = DUSTSTORM OR SANDSTORM:
                                                       VSBY 1/2 MILE OR LESS
                                                   8 = SMOKE OR HAZE
[NO. OF DAYS WITH]      [WEATHER - DAYS WITH]      9 = BLOWING SNOW
                                                   X = TORNADO
MAX 32 OR BELOW:   0    0.01 INCH OR MORE:   5
MAX 90 OR ABOVE:   0    0.10 INCH OR MORE:   2
MIN 32 OR BELOW:   3    0.50 INCH OR MORE:   0
MIN  0 OR BELOW:   0    1.00 INCH OR MORE:   0

[HDD (BASE 65) ]
TOTAL THIS MO.   263    CLEAR  (SCALE 0-3)   0
DPTR FM NORMAL   -29    PTCLDY (SCALE 4-7)   0
TOTAL FM JUL 1  6546    CLOUDY (SCALE 8-10)  0
DPTR FM NORMAL -1045

[CDD (BASE 65) ]
TOTAL THIS MO.     2
DPTR FM NORMAL     1    [PRESSURE DATA]
TOTAL FM JAN 1     2    HIGHEST SLP M ON M
DPTR FM NORMAL     0    LOWEST  SLP 29.32 ON  9

[REMARKS]
