000
CXUS54 KFWD 300730
CF6DAL
PRELIMINARY LOCAL CLIMATOLOGICAL DATA (WS FORM: F-6)

                                          STATION:   DALLAS LOVE FIELD
                                          MONTH:     JUNE
                                          YEAR:      2015
                                          LATITUDE:   32 50 N
                                          LONGITUDE:  96 51 W

  TEMPERATURE IN F:       :PCPN:    SNOW:  WIND      :SUNSHINE: SKY     :PK WND
================================================================================
1   2   3   4   5  6A  6B    7    8   9   10  11  12  13   14  15   16   17  18
                                     12Z  AVG MX 2MIN
DY MAX MIN AVG DEP HDD CDD  WTR  SNW DPTH SPD SPD DIR MIN PSBL S-S WX    SPD DR
================================================================================

 1  86  61  74  -5   0   9 0.00  0.0    0  4.9 12  90   M    M   5        15 100
 2  89  68  79   0   0  14 0.00  0.0    0  9.2 16 130   M    M   5        21 160
 3  91  72  82   2   0  17 0.00  0.0    0 11.6 20 140   M    M   2        24 160
 4  92  73  83   3   0  18 0.00  0.0    0  9.8 16 130   M    M   2        21 160
 5  93  73  83   3   0  18 0.00  0.0    0  6.5 13 150   M    M   5        17 170
 6  93  76  85   5   0  20 0.00  0.0    0  6.9 14 140   M    M   4 8      17 140
 7  94  76  85   5   0  20 0.00  0.0    0  7.2 17 170   M    M   4        21 180
 8  96  77  87   6   0  22 0.00  0.0    0  5.6 14 270   M    M   5        16 260
 9  98  74  86   5   0  21 1.24  0.0    0  3.1 54  40   M    M   5 3      68  50
10  97  76  87   6   0  22 0.00  0.0    0  7.9 18 130   M    M   4        22 140
11  94  78  86   5   0  21 0.00  0.0    0 12.7 24 160   M    M   2        29 160
12  94  78  86   4   0  21 0.00  0.0    0 13.6 25 150   M    M   4        31 130
13  90  76  83   1   0  18 0.92  0.0    0  9.2 20 170   M    M   7 13     30 210
14  91  77  84   2   0  19 0.04  0.0    0 13.9 30 160   M    M   8        35 170
15  91  77  84   2   0  19 0.37  0.0    0 11.3 28 140   M    M   7 18     31 140
16  84  76  80  -2   0  15 0.31  0.0    0  8.9 18 130   M    M   9 138    22 100
17  80  75  78  -5   0  13 1.46  0.0    0 17.9 35 180   M    M   9 1      45 200
18  95  75  85   2   0  20    T  0.0    0  8.3 16 220   M    M   5        24 210
19  94  76  85   2   0  20 0.00  0.0    0  7.7 15 220   M    M   6        21 220
20  86  78  82  -1   0  17    T  0.0    0  9.2 23 170   M    M   8 38     30 170
21  90  75  83   0   0  18 0.03  0.0    0  9.3 23 190   M    M   9 8      29 170
22  94  75  85   1   0  20 0.00  0.0    0 10.7 21 180   M    M   5 8      27 170
23  94  78  86   2   0  21 0.00  0.0    0  6.9 14 140   M    M   2 8      19 170
24  95  80  88   4   0  23 0.00  0.0    0  7.3 17 180   M    M   2        20 170
25  95  79  87   3   0  22 0.00  0.0    0  9.1 18 150   M    M   1        22 170
26  96  71  84   0   0  19 0.69  0.0    0  7.9 29 360   M    M   5 13     40 350
27  92  75  84   0   0  19    T  0.0    0  8.2 18 360   M    M   6 3      24 340
28  93  71  82  -2   0  17 0.00  0.0    0  4.6 14 160   M    M   5        17 150
29  96  77  87   2   0  22 0.00  0.0    0  6.8 15 180   M    M   6        20 190
================================================================================
SM 2673 2173         0 545  5.06     0.0 256.2          M      147
================================================================================
AV 92.2 74.9                               8.8 FASTST   M    M   5    MAX(MPH)
                                 MISC ---->  # 54  40               # 68   50
================================================================================
NOTES:
# LAST OF SEVERAL OCCURRENCES

COLUMN 17 PEAK WIND IN M.P.H.

PRELIMINARY LOCAL CLIMATOLOGICAL DATA (WS FORM: F-6) , PAGE 2

                                          STATION:  DALLAS LOVE FIELD
                                          MONTH:    JUNE
                                          YEAR:     2015
                                          LATITUDE:   32 50 N
                                          LONGITUDE:  96 51 W

[TEMPERATURE DATA]      [PRECIPITATION DATA]       SYMBOLS USED IN COLUMN 16

AVERAGE MONTHLY: 83.6   TOTAL FOR MONTH:   5.06    1 = FOG OR MIST
DPTR FM NORMAL:   1.5   DPTR FM NORMAL:    1.05    2 = FOG REDUCING VISIBILITY
HIGHEST:    98 ON  9    GRTST 24HR  1.46 ON 17-17      TO 1/4 MILE OR LESS
LOWEST:     61 ON  1                               3 = THUNDER
                        SNOW, ICE PELLETS, HAIL    4 = ICE PELLETS
                        TOTAL MONTH:   0.0 INCH    5 = HAIL
                        GRTST 24HR     0.0         6 = FREEZING RAIN OR DRIZZLE
                        GRTST DEPTH:   0           7 = DUSTSTORM OR SANDSTORM:
                                                       VSBY 1/2 MILE OR LESS
                                                   8 = SMOKE OR HAZE
[NO. OF DAYS WITH]      [WEATHER - DAYS WITH]      9 = BLOWING SNOW
                                                   X = TORNADO
MAX 32 OR BELOW:   0    0.01 INCH OR MORE:   8
MAX 90 OR ABOVE:  24    0.10 INCH OR MORE:   6
MIN 32 OR BELOW:   0    0.50 INCH OR MORE:   4
MIN  0 OR BELOW:   0    1.00 INCH OR MORE:   2

[HDD (BASE 65) ]
TOTAL THIS MO.     0    CLEAR  (SCALE 0-3)   6
DPTR FM NORMAL     0    PTCLDY (SCALE 4-7)  19
TOTAL FM JUL 1  2193    CLOUDY (SCALE 8-10)  4
DPTR FM NORMAL    57

[CDD (BASE 65) ]
TOTAL THIS MO.   545
DPTR FM NORMAL    49    [PRESSURE DATA]
TOTAL FM JAN 1   995    HIGHEST SLP M ON M
DPTR FM NORMAL    22    LOWEST  SLP 29.59 ON 17

[REMARKS]
