000
CXUS51 KRNK 200619 RRA
CF6DAN

PRELIMINARY LOCAL CLIMATOLOGICAL DATA (WS FORM: F-6)

                                          STATION:   DANVILLE VA
                                          MONTH:     NOVEMBER
                                          YEAR:      2017
                                          LATITUDE:   36 34 N
                                          LONGITUDE:  79 20 W

  TEMPERATURE IN F:       :PCPN:    SNOW:  WIND      :SUNSHINE: SKY     :PK WND
================================================================================
1   2   3   4   5  6A  6B    7    8   9   10  11  12  13   14  15   16   17  18
                                     12Z  AVG MX 2MIN
DY MAX MIN AVG DEP HDD CDD  WTR  SNW DPTH SPD SPD DIR MIN PSBL S-S WX    SPD DR
================================================================================

 1  71  39  55   1  10   0    T  0.0    0  2.1  8 200   M    M   0        12 190
 2  76  50  63   9   2   0 0.00  0.0    0  2.2 12 220   M    M   4 1      18 220
 3  81  46  64  10   1   0 0.42  0.0    0  3.6 16 320   M    M   3 1      21 320
 4  66  48  57   4   8   0 0.07  0.0    0  8.8 16  60   M    M  10 1      24  70
 5  61  48  55   2  10   0 0.00  0.0    0  1.9  8 280   M    M  10 1      10 220
 6  72  55  64  11   1   0 0.00  0.0    0  5.7 16 220   M    M   5 1      21 220
 7  61  43  52   0  13   0 0.01  0.0    0  8.1 16  40   M    M   9 1      21  50
 8  45  42  44  -8  21   0 0.34  0.0    0  8.4 15  30   M    M  10 1      19  50
 9  51  43  47  -5  18   0 0.52  0.0    0  4.4 10  10   M    M   9 12     14  20
10  57  32  45  -6  20   0 0.00  0.0    0  7.9 17  50   M    M   2 1      22  40
11  43  25  34 -17  31   0 0.00  0.0    0  4.0 12  40   M    M   0        17  40
12  48  27  38 -13  27   0 0.42  0.0    0  0.9  6 140   M    M   7 1       8  90
13  61  40  51   1  14   0 0.15  0.0    0  2.7 13 340   M    M   9 12     17 340
14  51  34  43  -7  22   0 0.00  0.0    0  5.4 13  50   M    M   9        16  40
15  52  28  40 -10  25   0    T  0.0    0  2.8  9  40   M    M   0        13  30
16  66  32  49   0  16   0    T  0.0    0  6.3 16 290   M    M   2 1      21 310
17  57  30  44  -5  21   0 0.00  0.0    0  3.6 13 350   M    M   0        17 350
18  66  29  48   0  17   0 0.00  0.0    0  9.7 28 230   M    M   2        37 230
19  65  31  48   0  17   0 0.08  0.0    0 10.3 22 320   M    M   2 1      32 300
================================================================================
SM 1150  722       294   0  2.01     0.0  98.8          M       93
================================================================================
AV 60.5 38.0                               5.2 FASTST   M    M   5    MAX(MPH)
                                 MISC ---->  # 28 230               # 37  230
================================================================================
NOTES:
# LAST OF SEVERAL OCCURRENCES

COLUMN 17 PEAK WIND IN M.P.H.

PRELIMINARY LOCAL CLIMATOLOGICAL DATA (WS FORM: F-6) , PAGE 2

                                          STATION:  DANVILLE VA
                                          MONTH:    NOVEMBER
                                          YEAR:     2017
                                          LATITUDE:   36 34 N
                                          LONGITUDE:  79 20 W

[TEMPERATURE DATA]      [PRECIPITATION DATA]       SYMBOLS USED IN COLUMN 16

AVERAGE MONTHLY: 49.3   TOTAL FOR MONTH:   2.01    1 = FOG OR MIST
DPTR FM NORMAL:  -2.0   DPTR FM NORMAL:   -0.15    2 = FOG REDUCING VISIBILITY
HIGHEST:    81 ON  3    GRTST 24HR  0.52 ON  9- 9      TO 1/4 MILE OR LESS
LOWEST:     25 ON 11                               3 = THUNDER
                        SNOW, ICE PELLETS, HAIL    4 = ICE PELLETS
                        TOTAL MONTH:   0.0 INCH    5 = HAIL
                        GRTST 24HR     0.0         6 = FREEZING RAIN OR DRIZZLE
                        GRTST DEPTH:   0           7 = DUSTSTORM OR SANDSTORM:
                                                       VSBY 1/2 MILE OR LESS
                                                   8 = SMOKE OR HAZE
[NO. OF DAYS WITH]      [WEATHER - DAYS WITH]      9 = BLOWING SNOW
                                                   X = TORNADO
MAX 32 OR BELOW:   0    0.01 INCH OR MORE:   8
MAX 90 OR ABOVE:   0    0.10 INCH OR MORE:   5
MIN 32 OR BELOW:   8    0.50 INCH OR MORE:   1
MIN  0 OR BELOW:   0    1.00 INCH OR MORE:   0

[HDD (BASE 65) ]
TOTAL THIS MO.   294    CLEAR  (SCALE 0-3)   9
DPTR FM NORMAL    30    PTCLDY (SCALE 4-7)   3
TOTAL FM JUL 1   493    CLOUDY (SCALE 8-10)  7
DPTR FM NORMAL    -4

[CDD (BASE 65) ]
TOTAL THIS MO.     0
DPTR FM NORMAL     0    [PRESSURE DATA]
TOTAL FM JAN 1  1401    HIGHEST SLP M ON M
DPTR FM NORMAL   -35    LOWEST  SLP 29.44 ON 18


[REMARKS] DUE TO MISSING RAINFALL ON AUGUST 21-24...ALL
PRECIPITATION DATA WILL BE CALCULATED WITHOUT DATA FROM THESE DATES.
