000
CXUS51 KILN 170533
CF6DAY
PRELIMINARY LOCAL CLIMATOLOGICAL DATA (WS FORM: F-6)

                                          STATION:   DAYTON OH
                                          MONTH:     AUGUST
                                          YEAR:      2017
                                          LATITUDE:   39 54 N
                                          LONGITUDE:  84 12 W

  TEMPERATURE IN F:       :PCPN:    SNOW:  WIND      :SUNSHINE: SKY     :PK WND
================================================================================
1   2   3   4   5  6A  6B    7    8   9   10  11  12  13   14  15   16   17  18
                                     12Z  AVG MX 2MIN
DY MAX MIN AVG DEP HDD CDD  WTR  SNW DPTH SPD SPD DIR MIN PSBL S-S WX    SPD DR
================================================================================

 1  84  63  74   0   0   9 0.00  0.0    0  4.0 14 230   M    M   5        17 210
 2  83  66  75   1   0  10    T  0.0    0  6.1 20 190   M    M   7        25 200
 3  85  66  76   2   0  11 0.00  0.0    0  8.2 18 220   M    M   5 1      23 230
 4  75  59  67  -7   0   2 0.05  0.0    0 14.7 29 260   M    M   7 3      36 260
 5  77  52  65  -9   0   0 0.00  0.0    0  8.5 16 250   M    M   4        22 270
 6  72  62  67  -6   0   2    T  0.0    0  5.0 13 150   M    M  10        17 130
 7  76  62  69  -4   0   4 0.10  0.0    0  5.1 13  10   M    M   9 1      15  70
 8  78  57  68  -5   0   3 0.00  0.0    0  5.6 12  70   M    M   1        17  10
 9  81  55  68  -5   0   3 0.00  0.0    0  2.7 13 100   M    M   2        19 140
10  84  60  72  -1   0   7 0.00  0.0    0  3.9 10 280   M    M   4        15 240
11  83  63  73   0   0   8 0.40  0.0    0  9.2 18 220   M    M   6 13     25 240
12  78  61  70  -3   0   5 0.00  0.0    0  8.2 15 330   M    M   4 1      19 350
13  81  57  69  -4   0   4 0.00  0.0    0  4.8 10 130   M    M   4 1      14 130
14  82  63  73   0   0   8 0.00  0.0    0  5.6 13 130   M    M   8        16 130
15  87  65  76   3   0  11    T  0.0    0  4.9 13 300   M    M   5 1      29 330
16  89  66  78   5   0  13 0.00  0.0    0  4.8 13 180   M    M   5 18     16 180
================================================================================
SM 1295  977         0 100  0.55     0.0 101.3          M       86
================================================================================
AV 80.9 61.1                               6.3 FASTST   M    M   5    MAX(MPH)
                                 MISC ---->  # 29 260               # 36  260
================================================================================
NOTES:
# LAST OF SEVERAL OCCURRENCES

COLUMN 17 PEAK WIND IN M.P.H.

PRELIMINARY LOCAL CLIMATOLOGICAL DATA (WS FORM: F-6) , PAGE 2

                                          STATION:  DAYTON OH
                                          MONTH:    AUGUST
                                          YEAR:     2017
                                          LATITUDE:   39 54 N
                                          LONGITUDE:  84 12 W

[TEMPERATURE DATA]      [PRECIPITATION DATA]       SYMBOLS USED IN COLUMN 16

AVERAGE MONTHLY: 71.0   TOTAL FOR MONTH:   0.55    1 = FOG OR MIST
DPTR FM NORMAL:  -2.3   DPTR FM NORMAL:   -0.95    2 = FOG REDUCING VISIBILITY
HIGHEST:    89 ON 16    GRTST 24HR  0.40 ON 11-11      TO 1/4 MILE OR LESS
LOWEST:     52 ON  5                               3 = THUNDER
                        SNOW, ICE PELLETS, HAIL    4 = ICE PELLETS
                        TOTAL MONTH:   0.0 INCH    5 = HAIL
                        GRTST 24HR     0.0         6 = FREEZING RAIN OR DRIZZLE
                        GRTST DEPTH:   0           7 = DUSTSTORM OR SANDSTORM:
                                                       VSBY 1/2 MILE OR LESS
                                                   8 = SMOKE OR HAZE
[NO. OF DAYS WITH]      [WEATHER - DAYS WITH]      9 = BLOWING SNOW
                                                   X = TORNADO
MAX 32 OR BELOW:   0    0.01 INCH OR MORE:   3
MAX 90 OR ABOVE:   0    0.10 INCH OR MORE:   2
MIN 32 OR BELOW:   0    0.50 INCH OR MORE:   0
MIN  0 OR BELOW:   0    1.00 INCH OR MORE:   0

[HDD (BASE 65) ]
TOTAL THIS MO.     0    CLEAR  (SCALE 0-3)   2
DPTR FM NORMAL     0    PTCLDY (SCALE 4-7)  12
TOTAL FM JUL 1     0    CLOUDY (SCALE 8-10)  2
DPTR FM NORMAL     0

[CDD (BASE 65) ]
TOTAL THIS MO.   100
DPTR FM NORMAL   -34    [PRESSURE DATA]
TOTAL FM JAN 1   661    HIGHEST SLP 30.24 ON  9
DPTR FM NORMAL   -12    LOWEST  SLP 29.85 ON 14

[REMARKS]
