000
CXUS55 KDVN 201100
CF6DBQ
PRELIMINARY LOCAL CLIMATOLOGICAL DATA (WS FORM: F-6)

                                          STATION:   DUBUQUE IA
                                          MONTH:     OCTOBER
                                          YEAR:      2017
                                          LATITUDE:   42 24 N
                                          LONGITUDE:  90 42 W

  TEMPERATURE IN F:       :PCPN:    SNOW:  WIND      :SUNSHINE: SKY     :PK WND
================================================================================
1   2   3   4   5  6A  6B    7    8   9   10  11  12  13   14  15   16   17  18
                                     12Z  AVG MX 2MIN
DY MAX MIN AVG DEP HDD CDD  WTR  SNW DPTH SPD SPD DIR MIN PSBL S-S WX    SPD DR
================================================================================

 1  69  49  59   3   6   0    T  0.0    0 12.9 23 170   M    M   1        30 160
 2  81  57  69  14   0   4 0.00  0.0    0 14.4 20 170   M    M   1        27 180
 3  78  61  70  15   0   5 0.59  0.0    0 13.4 26 200   M    M   6 13     32 210
 4  70  48  59   5   6   0 0.41  0.0    0  6.9 15 360   M    M   4 13     19 360
 5  68  48  58   4   7   0    T  0.0    0  5.7 21  20   M    M   7        25  30
 6  68  56  62   8   3   0 1.33  0.0    0 10.2 26 200   M    M  10 13     30 180
 7  71  53  62   9   3   0 0.05  0.0    0 17.5 38 220   M    M   8 18     47 220
 8  76  48  62   9   3   0 0.00  0.0    0  8.4 21 200   M    M   0        25 200
 9  70  50  60   8   5   0 0.00  0.0    0 10.2 20  20   M    M   1        24  30
10  56  47  52   0  13   0 1.55  0.0    0 16.1 23  50   M    M  10 13     30  20
11  57  47  52   0  13   0 0.13  0.0    0 10.8 20 360   M    M  10 1      24  20
12  58  53  56   5   9   0 0.00  0.0    0  7.7 12 180   M    M  10 1      15 150
13  61  53  57   6   8   0 1.12  0.0    0  8.5 21 310   M    M  10 123    23 300
14  67  56  62  11   3   0 0.86  0.0    0 12.6 21 260   M    M  10 13     28 270
15  62  38  50   0  15   0 0.00  0.0    0 13.5 29 300   M    M   8        39 310
16  62  33  48  -2  17   0 0.00  0.0    0  8.1 18 260   M    M   0 8      22 250
17  70  45  58   8   7   0 0.00  0.0    0 13.0 22 230   M    M   0 8      28 250
18  71  45  58   9   7   0 0.00  0.0    0 12.6 25 190   M    M   0        32 200
19  70  42  56   7   9   0 0.00  0.0    0  7.5 13 160   M    M   0        16 170
================================================================================
SM 1285  929       134   9  6.04     0.0 210.0          M       96
================================================================================
AV 67.6 48.9                              11.1 FASTST   M    M   5    MAX(MPH)
                                 MISC ---->  # 38 220               # 47  220
================================================================================
NOTES:
# LAST OF SEVERAL OCCURRENCES

COLUMN 17 PEAK WIND IN M.P.H.

PRELIMINARY LOCAL CLIMATOLOGICAL DATA (WS FORM: F-6) , PAGE 2

                                          STATION:  DUBUQUE IA
                                          MONTH:    OCTOBER
                                          YEAR:     2017
                                          LATITUDE:   42 24 N
                                          LONGITUDE:  90 42 W

[TEMPERATURE DATA]      [PRECIPITATION DATA]       SYMBOLS USED IN COLUMN 16

AVERAGE MONTHLY: 58.3   TOTAL FOR MONTH:   6.04    1 = FOG OR MIST
DPTR FM NORMAL:   6.1   DPTR FM NORMAL:    4.41    2 = FOG REDUCING VISIBILITY
HIGHEST:    81 ON  2    GRTST 24HR  1.55 ON 10-10      TO 1/4 MILE OR LESS
LOWEST:     33 ON 16                               3 = THUNDER
                        SNOW, ICE PELLETS, HAIL    4 = ICE PELLETS
                        TOTAL MONTH:   0.0 INCH    5 = HAIL
                        GRTST 24HR     0.0         6 = FREEZING RAIN OR DRIZZLE
                        GRTST DEPTH:   0           7 = DUSTSTORM OR SANDSTORM:
                                                       VSBY 1/2 MILE OR LESS
                                                   8 = SMOKE OR HAZE
[NO. OF DAYS WITH]      [WEATHER - DAYS WITH]      9 = BLOWING SNOW
                                                   X = TORNADO
MAX 32 OR BELOW:   0    0.01 INCH OR MORE:   8
MAX 90 OR ABOVE:   0    0.10 INCH OR MORE:   7
MIN 32 OR BELOW:   0    0.50 INCH OR MORE:   5
MIN  0 OR BELOW:   0    1.00 INCH OR MORE:   3

[HDD (BASE 65) ]
TOTAL THIS MO.   134    CLEAR  (SCALE 0-3)   8
DPTR FM NORMAL  -116    PTCLDY (SCALE 4-7)   5
TOTAL FM JUL 1   249    CLOUDY (SCALE 8-10)  6
DPTR FM NORMAL  -179

[CDD (BASE 65) ]
TOTAL THIS MO.     9
DPTR FM NORMAL     5    [PRESSURE DATA]
TOTAL FM JAN 1   566    HIGHEST SLP M ON M
DPTR FM NORMAL   -75    LOWEST  SLP 29.43 ON  7

[REMARKS]
