000
CXUS54 KHUN 171741 CCA
CF6DCU

PRELIMINARY LOCAL CLIMATOLOGICAL DATA (WS FORM: F-6)...CORRECTION

                                          STATION:   DECATUR
                                          MONTH:     JANUARY
                                          YEAR:      2018
                                          LATITUDE:   34 39 N
                                          LONGITUDE:  86 56 W

  TEMPERATURE IN F:       :PCPN:    SNOW:  WIND      :SUNSHINE: SKY     :PK WND
================================================================================
1   2   3   4   5  6A  6B    7    8   9   10  11  12  13   14  15   16   17  18
                                     12Z  AVG MX 2MIN
DY MAX MIN AVG DEP HDD CDD  WTR  SNW DPTH SPD SPD DIR MIN PSBL S-S WX    SPD DR
================================================================================

 1  25  11  18 -23  47   0    T    T    0 12.8 22 360   M    M   2 8      27 360
 2  31   6  19 -22  46   0 0.00  0.0    0  6.8 14  10   M    M   0        18  10
 3  35  17  26 -15  39   0 0.00  0.0    0  5.7 14 320   M    M   3        17 320
 4  28  14  21 -20  44   0 0.00  0.0    0  9.1 18 320   M    M   0        24 320
 5  34   8  21 -19  44   0 0.00  0.0    0  3.2 10 320   M    M   1        13 330
 6  37  14  26 -14  39   0 0.00  0.0    0  5.5 10 360   M    M   0        18  10
 7  45  15  30 -10  35   0 0.00  0.0    0  9.9 21 140   M    M   2        26 140
 8  43  33  38  -2  27   0 0.90  0.0    0  6.9 17 130   M    M  10 1      22 140
 9  53  38  46   6  19   0 0.03  0.0    0  5.0  9  90   M    M   7 12     13  80
10  63  38  51  11  14   0    T  0.0    0  6.9 20 150   M    M   9 12     25 140
11  69  58  64  24   1   0 0.06  0.0    0 12.1 25 150   M    M   8 1      30 150
12  62  23  43   3  22   0 0.02    T    0 16.1 24 320   M    M   8 1      30 280
13  29  18  24 -16  41   0 0.00  0.0    0 13.0 22 360   M    M   7        28 340
14  36  16  26 -14  39   0 0.00  0.0    0  4.6 12  30   M    M   2        15  20
15  50  24  37  -3  28   0 0.00  0.0    0  4.9 15 220   M    M   2        22 230
16  33  10  22 -18  43   0 0.01  0.3    0 10.6 21 350   M    M   7 18     25 350
================================================================================
SM  673  343       528   0  1.02     0.3 133.1          M       68
================================================================================
AV 42.1 21.4                               8.3 FASTST   M    M   4    MAX(MPH)
                                 MISC ---->  # 25 150               # 30  150
================================================================================
NOTES:
# LAST OF SEVERAL OCCURRENCES

COLUMN 17 PEAK WIND IN M.P.H.

PRELIMINARY LOCAL CLIMATOLOGICAL DATA (WS FORM: F-6) , PAGE 2

                                          STATION:  DECATUR
                                          MONTH:    JANUARY
                                          YEAR:     2018
                                          LATITUDE:   34 39 N
                                          LONGITUDE:  86 56 W

[TEMPERATURE DATA]      [PRECIPITATION DATA]       SYMBOLS USED IN COLUMN 16

AVERAGE MONTHLY: 31.8   TOTAL FOR MONTH:   1.02    1 = FOG OR MIST
DPTR FM NORMAL:  -8.5   DPTR FM NORMAL:   -1.08    2 = FOG REDUCING VISIBILITY
HIGHEST:    69 ON 11    GRTST 24HR  0.90 ON  8- 8      TO 1/4 MILE OR LESS
LOWEST:      6 ON  2                               3 = THUNDER
                        SNOW, ICE PELLETS, HAIL    4 = ICE PELLETS
                        TOTAL MONTH:   0.3 INCH    5 = HAIL
                        GRTST 24HR   0.3 ON 16-16  6 = FREEZING RAIN OR DRIZZLE
                        GRTST DEPTH:   0           7 = DUSTSTORM OR SANDSTORM:
                                                       VSBY 1/2 MILE OR LESS
                                                   8 = SMOKE OR HAZE
[NO. OF DAYS WITH]      [WEATHER - DAYS WITH]      9 = BLOWING SNOW
                                                   X = TORNADO
MAX 32 OR BELOW:   4    0.01 INCH OR MORE:   5
MAX 90 OR ABOVE:   0    0.10 INCH OR MORE:   1
MIN 32 OR BELOW:  12    0.50 INCH OR MORE:   1
MIN  0 OR BELOW:   0    1.00 INCH OR MORE:   0

[HDD (BASE 65) ]
TOTAL THIS MO.   528    CLEAR  (SCALE 0-3)   8
DPTR FM NORMAL   132    PTCLDY (SCALE 4-7)   6
TOTAL FM JUL 1  1830    CLOUDY (SCALE 8-10)  2
DPTR FM NORMAL   154

[CDD (BASE 65) ]
TOTAL THIS MO.     0
DPTR FM NORMAL     0    [PRESSURE DATA]
TOTAL FM JAN 1     0    HIGHEST SLP M ON M
DPTR FM NORMAL     0    LOWEST  SLP 29.56 ON 12

[REMARKS] PRECIPITATION AND SNOWFALL DATA FOR THE 16TH WERE TAKEN
FROM THE BELLE MINA COOPERATIVE OBSERVER (GHCND:USC00010655,
BLMA1)...WHICH IS LOCATED APPROXIMATELY 4.1 MILES NORTHEAST OF THE
DECATUR ASOS (KDCU).
